{"id":4,"date":"2013-02-26T00:53:39","date_gmt":"2013-02-25T22:53:39","guid":{"rendered":"http:\/\/blogs.uni-bremen.de\/uncanny\/?page_id=4"},"modified":"2013-04-24T19:04:03","modified_gmt":"2013-04-24T17:04:03","slug":"programm","status":"publish","type":"page","link":"https:\/\/blogs.uni-bremen.de\/uncanny\/","title":{"rendered":"Programm"},"content":{"rendered":"<p><strong>Programm der Vortragsreihe<\/strong><\/p>\n<table width=\"468\" border=\"0\" cellspacing=\"0\" cellpadding=\"0\">\n<tbody>\n<tr>\n<td valign=\"top\" width=\"77\"><span style=\"font-size: small\">25.04.2013<\/span><\/td>\n<td valign=\"top\" width=\"391\">\n<p style=\"padding-left: 30px\"><span style=\"font-size: medium;color: #cc3333\"><strong>Anthropologie der Monster<\/strong> <\/span><\/p>\n<p style=\"padding-left: 30px\"><span style=\"font-size: small\">Auftaktveranstaltung der Reihe &#8222;Anthropology of the Uncanny&#8220; mit einer Einf\u00fchrung in den Gegenstand sowie einer Vorstellung des Lehrprojekts &#8222;Anthropologie der Monster&#8220; im Bachelorstudiengang Kulturwissenschaft.<\/span><\/p>\n<p style=\"padding-left: 30px\"><span style=\"font-size: x-small\">(Dr. Jan<\/span><span style=\"font-size: x-small\"> Oberg und Studierende,\u00a0<\/span><span style=\"font-size: x-small\">Institut f\u00fcr Ethnologie und Kulturwissenschaft, Universit\u00e4t Bremen)<\/span><\/p>\n<\/td>\n<\/tr>\n<tr>\n<td valign=\"top\" width=\"77\"><span style=\"font-size: small\">02.05.2013<\/span><\/td>\n<td valign=\"top\" width=\"391\">\n<p style=\"padding-left: 30px\"><span style=\"font-size: medium;color: #cc3333\"><strong><a title=\"Die Geisterj\u00e4ger kommen.\" href=\"http:\/\/blogs.uni-bremen.de\/uncanny\/2013\/04\/17\/die-geisterjager-kommen-phanomenologie-der-ghost-hunting-groups-in-den-usa-und-in-deutschland\/\" target=\"_blank\"><span style=\"color: #cc3333\">Die Geisterj\u00e4ger kommen.<\/span><\/a>\u00a0<\/strong>Ph\u00e4nomenologie der Ghost Hunting Groups in den USA und in Deutschland.<\/span><\/p>\n<p style=\"padding-left: 30px\"><span style=\"font-size: x-small\">(Dr. Gerhard Mayer, Institut f\u00fcr Grenzgebiete der Psychologie\u00a0<\/span><span style=\"font-size: x-small\">und Psychohygiene (IGPP) Freiburg)<\/span><\/p>\n<\/td>\n<\/tr>\n<tr>\n<td valign=\"top\" width=\"77\"><span style=\"font-size: small\">16.05.2013<\/span><\/td>\n<td valign=\"top\" width=\"391\">\n<p style=\"padding-left: 30px\"><span style=\"color: #cc3333;font-size: medium\"><strong>Der Pygm\u00e4e im aristotelischen Fernrohr.\u00a0<\/strong><strong>Auf der Spur eines Un-Dings.<\/strong><\/span><\/p>\n<p style=\"padding-left: 30px\"><span style=\"font-size: x-small\">(Dr. Michael Toggweiler, Institut f\u00fcr Sozialanthropologie, Bern)<\/span><\/p>\n<\/td>\n<\/tr>\n<tr>\n<td valign=\"top\" width=\"77\"><span style=\"font-size: small\">23.05.2013<\/span><\/td>\n<td valign=\"top\" width=\"391\">\n<p style=\"padding-left: 30px\"><span style=\"font-size: medium;color: #cc3333\"><strong>Therapiebed\u00fcrftige Geister.\u00a0<\/strong><\/span><\/p>\n<p style=\"padding-left: 30px\"><span style=\"font-size: medium;color: #cc3333\"><strong><\/strong>Terror und Trauma\u00a0im aktuellen asiatischen Horrorfilm.<\/span><\/p>\n<p style=\"padding-left: 30px\"><span style=\"font-size: x-small\">(Prof. Dr. Peter J. Br\u00e4unlein, Ethnologe und Religionswissenschaftler, \u00a0Kompetenznetzwerk Dynamiken von Religion\u00a0in S\u00fcdostasien (DORISEA), Universit\u00e4t G\u00f6ttingen)<\/span><\/p>\n<\/td>\n<\/tr>\n<tr>\n<td valign=\"top\" width=\"77\"><span style=\"font-size: small\">30.05.2013<\/span><\/td>\n<td valign=\"top\" width=\"391\">\n<p style=\"padding-left: 30px\"><span style=\"color: #cc3333;font-size: medium\"><strong>Orcs, Wargs, Nazg\u00fbl: Tolkiens Monster.<\/strong><\/span><\/p>\n<p style=\"padding-left: 30px\"><span style=\"font-size: x-small\">(Dr. Cora Bender, Zentrum f\u00fcr vergleichende Medien- und Sozialforschung, Universit\u00e4ten Siegen und M\u00fcnchen)<\/span><\/p>\n<\/td>\n<\/tr>\n<tr>\n<td valign=\"top\" width=\"77\"><span style=\"font-size: small\">06.06.2013<\/span><\/td>\n<td valign=\"top\" width=\"391\">\n<p style=\"padding-left: 30px\"><span style=\"font-size: medium;color: #cc3333\"><strong><a title=\"Hex and the City.  Die neuheidnischen Hexenreligion und Orte ihrer Praxis in Berlin\" href=\"http:\/\/blogs.uni-bremen.de\/uncanny\/2013\/04\/24\/hex-and-the-city-die-neuheidnischen-hexenreligion-und-orte-ihrer-praxis-in-berlin-abstract\/\"><span style=\"color: #cc3333\">Hex in the City<\/span><\/a><\/strong><\/span><span style=\"font-size: medium;color: #cc3333\"><strong>.<\/strong>\u00a0<\/span><\/p>\n<p style=\"padding-left: 30px\"><span style=\"font-size: medium;color: #cc3333\">Die neuheidnische Hexenreligion im urbanen Kontext.<\/span><\/p>\n<p style=\"padding-left: 30px\"><span style=\"font-size: small\">(<span style=\"font-size: x-small\">Dr. Victoria Hegner, Institut f\u00fcr Kulturanthropologie\/Europ\u00e4ische Ethnologie, G\u00f6ttingen)<\/span><\/span><\/p>\n<\/td>\n<\/tr>\n<tr>\n<td valign=\"top\" width=\"77\"><span style=\"font-size: small\">13.06.2013<\/span><\/td>\n<td valign=\"top\" width=\"391\">\n<p style=\"padding-left: 30px\"><span style=\"color: #ca4634\"><span style=\"color: #cc3333\"><span style=\"font-size: medium\"><strong><a title=\"Der Maschine w\u00e4chst kein Bart. Unheimliche Geschlechternormalit\u00e4ten (Abstract)\" href=\"http:\/\/blogs.uni-bremen.de\/uncanny\/2013\/04\/11\/der-maschine-wachst-kein-bart-unheimliche-geschlechternormalitaten\/\"><span style=\"color: #cc3333\">Der Maschine w\u00e4chst kein Bart<\/span><\/a><\/strong><\/span><span style=\"font-size: medium\"><strong>.<\/strong><\/span><span style=\"font-size: medium\"><strong>\u00a0<\/strong><\/span><\/span><span style=\"font-size: small\"><span style=\"font-size: medium;color: #cc3333\">Unheimliche<strong>\u00a0<\/strong>Geschlechternormalit\u00e4ten im mechanistischen Diskurs.<\/span>\u00a0<\/span><\/span><\/p>\n<p style=\"padding-left: 30px\"><span style=\"font-size: x-small\">(Dr. Birgit Stammberger, Institut f\u00fcr Philosophie und Kunstwissenschaft, Universit\u00e4t L\u00fcneburg)<\/span><\/p>\n<\/td>\n<\/tr>\n<tr>\n<td valign=\"top\" width=\"77\"><span style=\"font-size: small\">20.06.2013<\/span><\/td>\n<td valign=\"top\" width=\"391\">\n<p style=\"padding-left: 30px\"><span style=\"color: #cc3333;font-size: medium\"><strong>To boldly go where no one has gone before:\u00a0<\/strong><strong>Feldforschung bei Aliens.<\/strong><\/span><\/p>\n<p style=\"padding-left: 30px\"><span style=\"font-size: x-small\">(Prof. Dr. Dorle Drackl\u00e9, Institut f\u00fcr Ethnologie und Kulturwissenschaft, Universit\u00e4t Bremen)<\/span><\/p>\n<\/td>\n<\/tr>\n<tr>\n<td valign=\"top\" width=\"77\"><span style=\"font-size: small\">27.06.2013<\/span><\/td>\n<td valign=\"top\" width=\"391\">\n<p style=\"padding-left: 30px\"><span style=\"font-size: medium;color: #cc3333\"><strong>Begegnungen mit Totengeistern\u00a0und Gottheiten in der afrokubanischen Santer\u00eda<\/strong><\/span><\/p>\n<p style=\"padding-left: 30px\"><span style=\"font-size: x-small\">(Dr. Lioba Rossbach de Olmos, Kultur- und Sozialanthropologie, Universit\u00e4t Marburg)<\/span><\/p>\n<\/td>\n<\/tr>\n<\/tbody>\n<\/table>\n<p style=\"text-align: left\"><span style=\"font-size: small\">\u00a0<\/span><span><span style=\"font-size: xx-small\">Kontakt: <a href=\"&#x6d;&#97;&#x69;&#x6c;t&#x6f;&#58;j&#x63;&#111;b&#x65;&#114;&#x67;&#x40;u&#x6e;&#105;-&#x62;&#114;e&#x6d;&#101;&#x6e;&#x2e;&#100;&#x65;\">j&#99;&#x6f;&#x62;&#x65;r&#103;&#64;&#x75;&#x6e;i&#45;&#98;&#x72;&#x65;me&#110;&#x2e;&#x64;&#x65;\u00a0<\/a>\u00a0<\/span><\/span><\/p>\n<p style=\"text-align: right\"><span><span style=\"font-size: xx-small\">\u00a0<span style=\"color: #ff0000\"><a href=\"http:\/\/blogs.uni-bremen.de\/uncanny\/files\/2013\/02\/Transmonster-schwarz001.jpg\" data-rel=\"lightbox-image-0\" data-rl_title=\"\" data-rl_caption=\"\" title=\"\"><span style=\"color: #ff0000\"><img loading=\"lazy\" decoding=\"async\" class=\"wp-image-7 alignright\" alt=\"Transmonster-schwarz001.jpg\" src=\"http:\/\/blogs.uni-bremen.de\/uncanny\/files\/2013\/02\/Transmonster-schwarz001.jpg\" width=\"160\" height=\"225\" \/><\/span><\/a><\/span><\/span><\/span><\/p>\n","protected":false},"excerpt":{"rendered":"<p>Programm der Vortragsreihe 25.04.2013 Anthropologie der Monster Auftaktveranstaltung der Reihe &#8222;Anthropology of the Uncanny&#8220; mit einer Einf\u00fchrung in den Gegenstand sowie einer Vorstellung des Lehrprojekts &#8222;Anthropologie der Monster&#8220; im Bachelorstudiengang Kulturwissenschaft. (Dr. Jan Oberg und Studierende,\u00a0Institut f\u00fcr Ethnologie und Kulturwissenschaft, Universit\u00e4t Bremen) 02.05.2013 Die Geisterj\u00e4ger kommen.\u00a0Ph\u00e4nomenologie der Ghost Hunting Groups in den USA und in [&hellip;]<\/p>\n","protected":false},"author":1015,"featured_media":0,"parent":0,"menu_order":0,"comment_status":"open","ping_status":"open","template":"","meta":{"_bbp_topic_count":0,"_bbp_reply_count":0,"_bbp_total_topic_count":0,"_bbp_total_reply_count":0,"_bbp_voice_count":0,"_bbp_anonymous_reply_count":0,"_bbp_topic_count_hidden":0,"_bbp_reply_count_hidden":0,"_bbp_forum_subforum_count":0,"footnotes":""},"class_list":["post-4","page","type-page","status-publish","hentry"],"_links":{"self":[{"href":"https:\/\/blogs.uni-bremen.de\/uncanny\/wp-json\/wp\/v2\/pages\/4","targetHints":{"allow":["GET"]}}],"collection":[{"href":"https:\/\/blogs.uni-bremen.de\/uncanny\/wp-json\/wp\/v2\/pages"}],"about":[{"href":"https:\/\/blogs.uni-bremen.de\/uncanny\/wp-json\/wp\/v2\/types\/page"}],"author":[{"embeddable":true,"href":"https:\/\/blogs.uni-bremen.de\/uncanny\/wp-json\/wp\/v2\/users\/1015"}],"replies":[{"embeddable":true,"href":"https:\/\/blogs.uni-bremen.de\/uncanny\/wp-json\/wp\/v2\/comments?post=4"}],"version-history":[{"count":1,"href":"https:\/\/blogs.uni-bremen.de\/uncanny\/wp-json\/wp\/v2\/pages\/4\/revisions"}],"predecessor-version":[{"id":10,"href":"https:\/\/blogs.uni-bremen.de\/uncanny\/wp-json\/wp\/v2\/pages\/4\/revisions\/10"}],"wp:attachment":[{"href":"https:\/\/blogs.uni-bremen.de\/uncanny\/wp-json\/wp\/v2\/media?parent=4"}],"curies":[{"name":"wp","href":"https:\/\/api.w.org\/{rel}","templated":true}]}}