{"id":57,"date":"2016-10-25T16:57:42","date_gmt":"2016-10-25T14:57:42","guid":{"rendered":"https:\/\/blogs.uni-bremen.de\/seetzeninistanbul\/?page_id=57"},"modified":"2016-11-14T15:10:33","modified_gmt":"2016-11-14T14:10:33","slug":"literature","status":"publish","type":"page","link":"https:\/\/blogs.uni-bremen.de\/seetzeninistanbul\/literature\/","title":{"rendered":"Literature"},"content":{"rendered":"<p>Primary Sources<\/p>\n<p>Melling,\u00a0Antoine-Ignace (1819): Voyage pittoresque de Constantinople et de rives du Bosphore. Treuttel et W\u00fcrtz (Hg.), Paris.<br \/>\nSeetzen,\u00a0Ulrich Jasper (2012): Tagebuch des Aufenthalts in Konstantinopel und der Reise nach Aleppo 1802 \u2013 1803.<br \/>\nbearb. von Volkmar Enderlein, Documenta Arabica, Teil 1: Reiseliteratur, Hildesheim, Z\u00fcrich, New York: Georg<br \/>\nOlms.<\/p>\n<p>&nbsp;<\/p>\n<p>Secondary Sources<\/p>\n<p>Debold-Kritter, Astrid (2012): Mellings Darstellung des multi-ethnischen Lebens in Konstantinopel um 1800. Voyage pittoresque de Constantinopel et des Rives du Bosphore. EOTHEN Sonderdruck, M\u00fcnchner Beitr\u00e4ge zur Geschichte der Islamsichen Kunst und Kultur. Band V, M\u00fcnchen: Scaneg Verlag.<\/p>\n<p>Epple, Angelika\u00a0 \/\u00a0 Erhart, Walter (2015): Die Welt beobachten &#8211; Praktiken des Vergleichens, Frankfurt a. M.: Campus.<br \/>\nBhatti, Anil \/ Kimmich,\u00a0Dorothee (2015): Kulturen der \u00c4hnlichkeit, Konstanz: Konstanz University Press.<\/p>\n<p>Said,\u00a0Edward W. (2003): Orientalism, New York: Vintage Books.<\/p>\n<p>Schienerl,\u00a0Jutta (2000): Der Weg in den Orient. Der Forscher Ulrich Jasper Seetzen, Von Jever in den Jemen (1802\u20131811), Schriftenreihe, Heft 16, Oldenburg: Landesmuseum f\u00fcr Natur und Mensch Oldenburg.<\/p>\n<p>Ulrich Jasper Seetzen (1767 &#8211; 1811) (2014), Jeveraner, aufgekl\u00e4rter Unternehmer, wissenschaftlicher<br \/>\nOrientreisender, Detlef Haberland (Hg.), Oldenburg: Issensee.<\/p>\n","protected":false},"excerpt":{"rendered":"<p>Primary Sources Melling,\u00a0Antoine-Ignace (1819): Voyage pittoresque de Constantinople et de rives du Bosphore. Treuttel et W\u00fcrtz (Hg.), Paris. Seetzen,\u00a0Ulrich Jasper (2012): Tagebuch des Aufenthalts in Konstantinopel und der Reise nach Aleppo 1802 \u2013 1803. bearb. von Volkmar Enderlein, Documenta Arabica, Teil 1: Reiseliteratur, Hildesheim, Z\u00fcrich, New York: Georg Olms. &nbsp; Secondary Sources Debold-Kritter, Astrid (2012): [&hellip;]<\/p>\n","protected":false},"author":2793,"featured_media":0,"parent":0,"menu_order":0,"comment_status":"closed","ping_status":"closed","template":"","meta":{"_bbp_topic_count":0,"_bbp_reply_count":0,"_bbp_total_topic_count":0,"_bbp_total_reply_count":0,"_bbp_voice_count":0,"_bbp_anonymous_reply_count":0,"_bbp_topic_count_hidden":0,"_bbp_reply_count_hidden":0,"_bbp_forum_subforum_count":0,"footnotes":""},"class_list":["post-57","page","type-page","status-publish","hentry"],"_links":{"self":[{"href":"https:\/\/blogs.uni-bremen.de\/seetzeninistanbul\/wp-json\/wp\/v2\/pages\/57","targetHints":{"allow":["GET"]}}],"collection":[{"href":"https:\/\/blogs.uni-bremen.de\/seetzeninistanbul\/wp-json\/wp\/v2\/pages"}],"about":[{"href":"https:\/\/blogs.uni-bremen.de\/seetzeninistanbul\/wp-json\/wp\/v2\/types\/page"}],"author":[{"embeddable":true,"href":"https:\/\/blogs.uni-bremen.de\/seetzeninistanbul\/wp-json\/wp\/v2\/users\/2793"}],"replies":[{"embeddable":true,"href":"https:\/\/blogs.uni-bremen.de\/seetzeninistanbul\/wp-json\/wp\/v2\/comments?post=57"}],"version-history":[{"count":6,"href":"https:\/\/blogs.uni-bremen.de\/seetzeninistanbul\/wp-json\/wp\/v2\/pages\/57\/revisions"}],"predecessor-version":[{"id":157,"href":"https:\/\/blogs.uni-bremen.de\/seetzeninistanbul\/wp-json\/wp\/v2\/pages\/57\/revisions\/157"}],"wp:attachment":[{"href":"https:\/\/blogs.uni-bremen.de\/seetzeninistanbul\/wp-json\/wp\/v2\/media?parent=57"}],"curies":[{"name":"wp","href":"https:\/\/api.w.org\/{rel}","templated":true}]}}