{"id":66,"date":"2018-01-25T09:37:36","date_gmt":"2018-01-25T08:37:36","guid":{"rendered":"https:\/\/blogs.uni-bremen.de\/scienceblog\/?page_id=66"},"modified":"2022-05-22T10:32:45","modified_gmt":"2022-05-22T08:32:45","slug":"ueber-uns","status":"publish","type":"page","link":"https:\/\/blogs.uni-bremen.de\/scienceblog\/ueber-uns\/","title":{"rendered":"\u00dcber uns"},"content":{"rendered":"<h2><strong>Das Science Blog-Team<\/strong><\/h2>\n<p style=\"text-align: justify\">Wir sind der Science Blog \u00a0&#8211; eine studentische Initiative an der Universit\u00e4t Bremen. Uns interessiert, was im MINT-Bereich der Uni los ist. Wir wollen hinter verschlossene Labor- und Institutst\u00fcren blicken sowie mehr \u00fcber studentische Projekte und spannende Aktivit\u00e4ten im MINT-Bereich erfahren.<\/p>\n<p style=\"text-align: justify\">Was ist MINT? MINT\u00a0ist ein weit gefasster Begriff, der die akademischen Disziplinen <em><strong>M<\/strong>athematik<\/em>, <em><strong>I<\/strong>nformatik<\/em>, <em><strong>N<\/strong>aturwissenschaft<\/em> und <em><strong>T<\/strong>echnik<\/em> zusammenfasst.<\/p>\n<p style=\"text-align: justify\">Unser Redaktionsteam trifft sich einmal im Monat. Unsere Redaktionstreffen beinhalten organisatorische Fragen, Sichtung von Texten, Social Media Arbeit sowie die Entwicklung neuer Ideen.<\/p>\n<p style=\"text-align: justify\">Wenn du f\u00fcr den Science Blog einen Artikel verfasst, \u00fcbernehmen wir au\u00dferdem das letzte Gegenlesen, schauen, ob der Text den popul\u00e4rwissenschaftlichen und formellen Anspr\u00fcchen des blogs entspricht und besprechen mit dir Verbesserungsvorschl\u00e4ge oder Fragen.<\/p>\n<p style=\"text-align: justify\">Hast du Lust, <a href=\"https:\/\/blogs.uni-bremen.de\/scienceblog\/mitmachen\/\">mitzumachen<\/a>? Wir freuen uns immer \u00fcber neue Redaktionsmitglieder! Schreib uns eine Mail unter <a href=\"&#x6d;a&#x69;l&#x74;&#111;&#x3a;&#115;c&#x69;b&#x6c;&#111;&#x67;&#64;&#x75;&#110;i&#x2d;b&#x72;&#101;&#x6d;&#101;&#x6e;&#x2e;d&#x65;\">&#115;&#x63;&#x69;&#98;&#x6c;&#x6f;&#103;&#x40;&#x75;&#110;&#x69;&#x2d;&#98;&#x72;&#x65;&#109;&#x65;&#x6e;&#46;&#x64;&#x65;<\/a>\u00a0 oder per Direktnachricht auf Instagram (<a href=\"https:\/\/www.instagram.com\/scienceblog_unibremen\/\"><span class=\"\">@scienceblog_uni<\/span>bremen<\/a>).<\/p>\n<p>Wir danken dem MAPEX Center for Materials and Processes f\u00fcr die Unterst\u00fctzung zu jeder Zeit.<\/p>\n<p>&nbsp;<\/p>\n<p><strong>WER WIR SIND:<\/strong><\/p>\n<p>&nbsp;<\/p>\n<p>RONJA GRONEMEYER<\/p>\n<p>Ronja Gronemeyer studiert Physik-Vollfach <img loading=\"lazy\" decoding=\"async\" class=\"alignright wp-image-1253\" src=\"https:\/\/blogs.uni-bremen.de\/scienceblog\/files\/Ronja.png\" alt=\"\" width=\"203\" height=\"319\" srcset=\"https:\/\/blogs.uni-bremen.de\/scienceblog\/files\/Ronja.png 1976w, https:\/\/blogs.uni-bremen.de\/scienceblog\/files\/Ronja-190x300.png 190w, https:\/\/blogs.uni-bremen.de\/scienceblog\/files\/Ronja-650x1024.png 650w, https:\/\/blogs.uni-bremen.de\/scienceblog\/files\/Ronja-768x1210.png 768w, https:\/\/blogs.uni-bremen.de\/scienceblog\/files\/Ronja-975x1536.png 975w, https:\/\/blogs.uni-bremen.de\/scienceblog\/files\/Ronja-1300x2048.png 1300w, https:\/\/blogs.uni-bremen.de\/scienceblog\/files\/Ronja-676x1065.png 676w\" sizes=\"auto, (max-width: 203px) 100vw, 203px\" \/>im Master, mit einem Fokus auf theoretischer Physik. Aktuelle Klimathemen liegen ihr besonders am Herzen, weswegen sie Umweltphysik als zweites Wahlfach belegt hat. Aktuell kann sie diese beiden Interessen am ZMT in der Arbeitsgruppen Komplexit\u00e4t und Klima vereinbaren. Au\u00dferdem schreibt sie f\u00fcr das MAPEX (Center for Materials and Processes ) \u00fcber aktuelle Themen der Materialwissenschaften. In ihrer Freizeit klettert sie gerne und arbeitet als Klettertrainerin im DAV-Kletterzentrum Bremen.<\/p>\n<p>&nbsp;<\/p>\n<p>HANNA KNAHL<\/p>\n<p>Hanna Knahl studiert Physik im Master <img loading=\"lazy\" decoding=\"async\" class=\"size-medium wp-image-1464 alignright\" src=\"https:\/\/blogs.uni-bremen.de\/scienceblog\/files\/blog_Hanna-1-225x300.jpg\" alt=\"\" width=\"225\" height=\"300\" srcset=\"https:\/\/blogs.uni-bremen.de\/scienceblog\/files\/blog_Hanna-1-225x300.jpg 225w, https:\/\/blogs.uni-bremen.de\/scienceblog\/files\/blog_Hanna-1-767x1024.jpg 767w, https:\/\/blogs.uni-bremen.de\/scienceblog\/files\/blog_Hanna-1-768x1025.jpg 768w, https:\/\/blogs.uni-bremen.de\/scienceblog\/files\/blog_Hanna-1-676x902.jpg 676w, https:\/\/blogs.uni-bremen.de\/scienceblog\/files\/blog_Hanna-1.jpg 846w\" sizes=\"auto, (max-width: 225px) 100vw, 225px\" \/>an der Uni Bremen. Vor allem die Physik des Planeten Erde hat\u00a0es ihr angetan und Schnee und Eis mag sie besonders gerne. Sie interessiert sich f\u00fcr die Vergangenheit und besch\u00e4ftigt sich mit der Modellierung von Eisschilden in der Antarktis von vor 34 Millionen Jahren. Sie interessiert sich aber auch f\u00fcr die Gegenwart und versucht, einen Beitrag zu einem klimagerechten Weg zu leisten, um mit gespannter Vorfreude der Zukunft entgegen sehen zu k\u00f6nnen.<\/p>\n<p>&nbsp;<\/p>\n<p>&nbsp;<\/p>\n<p>KATHARINA KOCH<\/p>\n<p>Katharina Koch studiert Biologie im Bachelor <img loading=\"lazy\" decoding=\"async\" class=\"size-medium wp-image-1465 alignright\" src=\"https:\/\/blogs.uni-bremen.de\/scienceblog\/files\/KatharinaKoch-1-300x262.jpeg\" alt=\"\" width=\"300\" height=\"262\" srcset=\"https:\/\/blogs.uni-bremen.de\/scienceblog\/files\/KatharinaKoch-1-300x262.jpeg 300w, https:\/\/blogs.uni-bremen.de\/scienceblog\/files\/KatharinaKoch-1-768x672.jpeg 768w, https:\/\/blogs.uni-bremen.de\/scienceblog\/files\/KatharinaKoch-1-676x591.jpeg 676w, https:\/\/blogs.uni-bremen.de\/scienceblog\/files\/KatharinaKoch-1.jpeg 805w\" sizes=\"auto, (max-width: 300px) 100vw, 300px\" \/>mit dem Schwerpunkt Meeresbiologie. Sie unterst\u00fctzt den Science Blog als studentische Hilfskraft. Neben meeresbiologischen Themen interessiert sie sich vor allem f\u00fcr Naturschutz und Umweltbildung.<\/p>\n<p>&nbsp;<\/p>\n<p>RONJA KUHNLEIN<\/p>\n<p><img loading=\"lazy\" decoding=\"async\" class=\"size-medium wp-image-2943 alignright\" src=\"https:\/\/blogs.uni-bremen.de\/scienceblog\/files\/Ronja_K-200x300.jpeg\" alt=\"\" width=\"200\" height=\"300\" srcset=\"https:\/\/blogs.uni-bremen.de\/scienceblog\/files\/Ronja_K-200x300.jpeg 200w, https:\/\/blogs.uni-bremen.de\/scienceblog\/files\/Ronja_K-683x1024.jpeg 683w, https:\/\/blogs.uni-bremen.de\/scienceblog\/files\/Ronja_K-768x1152.jpeg 768w, https:\/\/blogs.uni-bremen.de\/scienceblog\/files\/Ronja_K-1024x1536.jpeg 1024w, https:\/\/blogs.uni-bremen.de\/scienceblog\/files\/Ronja_K-676x1014.jpeg 676w, https:\/\/blogs.uni-bremen.de\/scienceblog\/files\/Ronja_K.jpeg 1365w\" sizes=\"auto, (max-width: 200px) 100vw, 200px\" \/>Ronja Kuhnlein studiert im Bachelor Marine Geosciences an der Uni Bremen und ist seit Anfang des Jahres als studentische Hilfskraft beim Science Blog dabei. Sie interessiert sich vor allem f\u00fcr Meeresforschung, weil wir zurzeit noch immer mehr \u00fcber das All, als \u00fcber das Meer auf unserem Planeten wissen. Besonders durch die letzten Pandemiejahre ist ihr bewusst geworden, wie wichtig gute Wissenschaftskommunikation ist. Deshalb freut sie sich darauf \u00fcber faszinierende Erkenntnisse aus der Meeresforschung zu berichten!<\/p>\n<p>&nbsp;<\/p>\n<p>CHRISTOPH KULMANN<\/p>\n<p>Christoph Kulmann hat in Bremen Biologie <img loading=\"lazy\" decoding=\"async\" class=\"alignright size-medium wp-image-304\" src=\"https:\/\/blogs.uni-bremen.de\/scienceblog\/files\/2018\/07\/IMG_0608-300x200.jpg\" alt=\"\" width=\"300\" height=\"200\" srcset=\"https:\/\/blogs.uni-bremen.de\/scienceblog\/files\/2018\/07\/IMG_0608-300x200.jpg 300w, https:\/\/blogs.uni-bremen.de\/scienceblog\/files\/2018\/07\/IMG_0608-768x512.jpg 768w, https:\/\/blogs.uni-bremen.de\/scienceblog\/files\/2018\/07\/IMG_0608-1024x682.jpg 1024w, https:\/\/blogs.uni-bremen.de\/scienceblog\/files\/2018\/07\/IMG_0608-676x450.jpg 676w\" sizes=\"auto, (max-width: 300px) 100vw, 300px\" \/>mit dem Schwerpunkt Zell- und Molekularbiologie studiert. Nach einigen Abstechern in der Forschung befindet er sich jetzt im Lehramtsstudium f\u00fcr Biologie und Chemie. Seine weiteren Interessen sind Astrobiologie, Erdgeschichte, Sprachen und Island. Beim FORAREX-Projekt ist er in die biologischen und chemischen Arbeiten eingebunden.<\/p>\n<p>&nbsp;<\/p>\n<p>&nbsp;<\/p>\n<p>GRETA SONDEJ<\/p>\n<p><a href=\"https:\/\/blogs.uni-bremen.de\/scienceblog\/files\/2018\/07\/IMG_0598.jpg\" data-rel=\"lightbox-image-0\" data-rl_title=\"\" data-rl_caption=\"\" title=\"\"><img loading=\"lazy\" decoding=\"async\" class=\"size-medium wp-image-225 alignright\" src=\"https:\/\/blogs.uni-bremen.de\/scienceblog\/files\/2018\/07\/IMG_0598-300x200.jpg\" alt=\"\" width=\"300\" height=\"200\" srcset=\"https:\/\/blogs.uni-bremen.de\/scienceblog\/files\/2018\/07\/IMG_0598-300x200.jpg 300w, https:\/\/blogs.uni-bremen.de\/scienceblog\/files\/2018\/07\/IMG_0598-768x512.jpg 768w, https:\/\/blogs.uni-bremen.de\/scienceblog\/files\/2018\/07\/IMG_0598-1024x683.jpg 1024w, https:\/\/blogs.uni-bremen.de\/scienceblog\/files\/2018\/07\/IMG_0598-676x451.jpg 676w\" sizes=\"auto, (max-width: 300px) 100vw, 300px\" \/><\/a>Greta Sondej ist Bachelorstudentin im Studiengang Biologie mit dem Schwerpunkt Meeresbiologie. Zus\u00e4tzlich zum Studium entwickelt sie mit ihrem fach\u00fcbergreifenden Studierenden-Team das Weltraumexperiment FORAREX, bei dem sie f\u00fcr die Teamleitung und das Labormanagement zust\u00e4ndig ist.<\/p>\n<p>&nbsp;<\/p>\n<p>&nbsp;<\/p>\n<p>NIKO STEINER<\/p>\n<p><img loading=\"lazy\" decoding=\"async\" class=\"size-medium wp-image-2939 alignright\" src=\"https:\/\/blogs.uni-bremen.de\/scienceblog\/files\/Niko-300x300.jpg\" alt=\"\" width=\"300\" height=\"300\" srcset=\"https:\/\/blogs.uni-bremen.de\/scienceblog\/files\/Niko-300x300.jpg 300w, https:\/\/blogs.uni-bremen.de\/scienceblog\/files\/Niko-1024x1024.jpg 1024w, https:\/\/blogs.uni-bremen.de\/scienceblog\/files\/Niko-150x150.jpg 150w, https:\/\/blogs.uni-bremen.de\/scienceblog\/files\/Niko-768x768.jpg 768w, https:\/\/blogs.uni-bremen.de\/scienceblog\/files\/Niko-1536x1536.jpg 1536w, https:\/\/blogs.uni-bremen.de\/scienceblog\/files\/Niko-2048x2048.jpg 2048w, https:\/\/blogs.uni-bremen.de\/scienceblog\/files\/Niko-676x676.jpg 676w\" sizes=\"auto, (max-width: 300px) 100vw, 300px\" \/><\/p>\n<p>Niko Steiner studiert Meeresbiologie im Master an der Uni Bremen und unterst\u00fctzt den Science Blog als studentische Hilfskraft. Er interessiert sich vor allem f\u00fcr Molekularbiologie und Genetik im Bereich der Meeresbiologie. Um neben der Biologie noch andere interessante Forschungsthemen zu entdecken und im Austausch mit Nicht-Wissenschaftler*innen zu sein liegt ihm die Wissenschaftskommunikation sehr am Herzen.<\/p>\n<p>&nbsp;<\/p>\n<p>SVEA VOLLSTEDT<\/p>\n<p>Svea Vollstedt hat Biologie mit dem Schwerpunkt <img loading=\"lazy\" decoding=\"async\" class=\"size-medium wp-image-1466 alignright\" src=\"https:\/\/blogs.uni-bremen.de\/scienceblog\/files\/SveaVollstedt-1-225x300.jpg\" alt=\"\" width=\"225\" height=\"300\" srcset=\"https:\/\/blogs.uni-bremen.de\/scienceblog\/files\/SveaVollstedt-1-225x300.jpg 225w, https:\/\/blogs.uni-bremen.de\/scienceblog\/files\/SveaVollstedt-1-768x1024.jpg 768w, https:\/\/blogs.uni-bremen.de\/scienceblog\/files\/SveaVollstedt-1-1152x1536.jpg 1152w, https:\/\/blogs.uni-bremen.de\/scienceblog\/files\/SveaVollstedt-1-1536x2048.jpg 1536w, https:\/\/blogs.uni-bremen.de\/scienceblog\/files\/SveaVollstedt-1-676x901.jpg 676w, https:\/\/blogs.uni-bremen.de\/scienceblog\/files\/SveaVollstedt-1-scaled.jpg 1920w\" sizes=\"auto, (max-width: 225px) 100vw, 225px\" \/>Meeresbiologie an der Uni Bremen studiert. Jetzt studiert sie Marine Umweltwissenschaften im Master an der Uni Oldenburg und arbeitet am Science Blog mit, um die vielen wissenschafltichen Erkenntnisse auch mit nicht Wissenschaflter*innen zu teilen. Am liebsten verbringt sie ihre freie Zeit in der Natur (am besten direkt am Meer).<\/p>\n<p>&nbsp;<\/p>\n<p>&nbsp;<\/p>\n<p>&nbsp;<\/p>\n<p>&nbsp;<\/p>\n<p>&nbsp;<\/p>\n<p><strong>EHEMALIGE REDAKTIONSMITGLIEDER:<\/strong><\/p>\n<p>ELISA BRAU\u00dfE<\/p>\n<p><img loading=\"lazy\" decoding=\"async\" class=\" wp-image-577 alignright\" src=\"https:\/\/blogs.uni-bremen.de\/scienceblog\/files\/2019\/04\/BildElisa-238x300.png\" alt=\"\" width=\"192\" height=\"242\" srcset=\"https:\/\/blogs.uni-bremen.de\/scienceblog\/files\/2019\/04\/BildElisa-238x300.png 238w, https:\/\/blogs.uni-bremen.de\/scienceblog\/files\/2019\/04\/BildElisa-768x967.png 768w, https:\/\/blogs.uni-bremen.de\/scienceblog\/files\/2019\/04\/BildElisa-813x1024.png 813w, https:\/\/blogs.uni-bremen.de\/scienceblog\/files\/2019\/04\/BildElisa-676x851.png 676w, https:\/\/blogs.uni-bremen.de\/scienceblog\/files\/2019\/04\/BildElisa.png 1525w\" sizes=\"auto, (max-width: 192px) 100vw, 192px\" \/><\/p>\n<p>Elisa Brau\u00dfe ist Masterstudentin im Studiengang Neuroscience. Am spannendsten findet sie momentan Neurotechnologie, also zum Beispiel Brain-Computer-Interfaces und Neuroprothetik. Neben dem Studium hat sie viel Spa\u00df am Sprachenlernen und Reisen (wenn Fliegen nicht so umweltsch\u00e4dlich w\u00e4re).<\/p>\n<p>&nbsp;<\/p>\n<p>TANJA DIECKMANN<\/p>\n<p><a href=\"https:\/\/blogs.uni-bremen.de\/scienceblog\/files\/2018\/07\/IMG_3033.jpg\" data-rel=\"lightbox-image-1\" data-rl_title=\"\" data-rl_caption=\"\" title=\"\"><img loading=\"lazy\" decoding=\"async\" class=\"size-medium wp-image-238 alignright\" src=\"https:\/\/blogs.uni-bremen.de\/scienceblog\/files\/2018\/07\/IMG_3033-300x225.jpg\" alt=\"\" width=\"300\" height=\"225\" srcset=\"https:\/\/blogs.uni-bremen.de\/scienceblog\/files\/2018\/07\/IMG_3033-300x225.jpg 300w, https:\/\/blogs.uni-bremen.de\/scienceblog\/files\/2018\/07\/IMG_3033-768x576.jpg 768w, https:\/\/blogs.uni-bremen.de\/scienceblog\/files\/2018\/07\/IMG_3033-1024x768.jpg 1024w, https:\/\/blogs.uni-bremen.de\/scienceblog\/files\/2018\/07\/IMG_3033-676x507.jpg 676w\" sizes=\"auto, (max-width: 300px) 100vw, 300px\" \/><\/a>Tanja Dieckmann ist Studentin im Masterstudiengang Praktische Informatik an der FernUni Hagen und studentische Hilfskraft der Schreibwerkstatt f\u00fcr MINT-Studierende. Sie hat an der Uni Bremen ihren Bachelor-Abschluss in Mathematik gemacht und danach einige Jahre als Mathematik-Redakteurin in einem Schulbuchverlag gearbeitet.<\/p>\n<p>&nbsp;<\/p>\n<p>KAROLINE HUNEKE<\/p>\n<p><a href=\"https:\/\/blogs.uni-bremen.de\/scienceblog\/files\/2018\/07\/IMG_0589.jpg\" data-rel=\"lightbox-image-2\" data-rl_title=\"\" data-rl_caption=\"\" title=\"\"><img loading=\"lazy\" decoding=\"async\" class=\"size-medium wp-image-223 alignright\" src=\"https:\/\/blogs.uni-bremen.de\/scienceblog\/files\/2018\/07\/IMG_0589-300x200.jpg\" alt=\"\" width=\"300\" height=\"200\" srcset=\"https:\/\/blogs.uni-bremen.de\/scienceblog\/files\/2018\/07\/IMG_0589-300x200.jpg 300w, https:\/\/blogs.uni-bremen.de\/scienceblog\/files\/2018\/07\/IMG_0589-768x512.jpg 768w, https:\/\/blogs.uni-bremen.de\/scienceblog\/files\/2018\/07\/IMG_0589-1024x683.jpg 1024w, https:\/\/blogs.uni-bremen.de\/scienceblog\/files\/2018\/07\/IMG_0589-676x451.jpg 676w\" sizes=\"auto, (max-width: 300px) 100vw, 300px\" \/><\/a>Karoline Huneke ist Bachelorstudentin im Studiengang Soziologie und ehemalige studentische Hilfskraft in der <a href=\"https:\/\/www.uni-bremen.de\/schreibwerkstatt-mint\/page-2\">Schreibwerkstatt MINT<\/a>. Als Nicht-MINTlerin findet sie besonders solche Themen spannend, von denen man als Laie und Laiin zwar schon einmal geh\u00f6rt hat, aber doch nie verstanden hat, was dahinter steckt.<\/p>\n<p>&nbsp;<\/p>\n<p>INGA-MALENA MEYENBORG<\/p>\n<p><a href=\"https:\/\/blogs.uni-bremen.de\/scienceblog\/files\/2018\/07\/Inga_DSC_0092.jpg\" data-rel=\"lightbox-image-3\" data-rl_title=\"\" data-rl_caption=\"\" title=\"\"><img loading=\"lazy\" decoding=\"async\" class=\"size-medium wp-image-224 alignright\" src=\"https:\/\/blogs.uni-bremen.de\/scienceblog\/files\/2018\/07\/Inga_DSC_0092-300x200.jpg\" alt=\"\" width=\"300\" height=\"200\" srcset=\"https:\/\/blogs.uni-bremen.de\/scienceblog\/files\/2018\/07\/Inga_DSC_0092-300x200.jpg 300w, https:\/\/blogs.uni-bremen.de\/scienceblog\/files\/2018\/07\/Inga_DSC_0092-768x512.jpg 768w, https:\/\/blogs.uni-bremen.de\/scienceblog\/files\/2018\/07\/Inga_DSC_0092-1024x683.jpg 1024w, https:\/\/blogs.uni-bremen.de\/scienceblog\/files\/2018\/07\/Inga_DSC_0092-676x451.jpg 676w\" sizes=\"auto, (max-width: 300px) 100vw, 300px\" \/><\/a><span class=\"docData;DOCY;v5;2737;BQiAAgAAEYQCAAAGiAIAAAPhCAAABe8IAAAAAAAAAAAAAAAAAAAAAAAAAAAAAAAAAAAAAAAAAAAAAAAAAAAAAAAAAAAAAAAAAAAAAAAAAAAAAAAAAAAAAAAAAAAAAAAAAAAAAAAAAAAAAAAAAAAAAAAAAAAAAAAAAAAAAAAAAAAAAAAAAAAAAAAAAAAAAAAAAAAAAAAAAAAAAAAAAAAAAAAAAAAAAAAAAAAAAAAAAAAAAAAAAAAAAAAAAAAAAAAAAAAAAAAAAAAAAAAAAAAAAAAAAAAAAAAAAAAAAAAAAAAAAAAAAAAAAAAAAAAAAAAAAAAAAAAAAAAAAAAAAAAAAAAAAAAAAAAAAAAAAAAAAAAAAAAAAAAAAAAAAAAAAAAAAAAAAAAAAAAAAAAAAAAAAAAAAAAAAAAAAAAAAAAAAAAAAAAAAAAAAAAAAAAAAAAAAAAAAAAAAAAAAAAAAAAAAAAAAAAAAAAAAAAAAAAAAAAAAAAAAAAAAAAAAAAAAAAAAAAAAAAAAAAAAAAAAAAAAAAAAAAAAAAAAAAAAAAAAAAAAAAAAAAAAAAAAAAAAAAAAAAAAAAAAAAAAAAAAAAAAAAAAAAAAAAAAAAAAAAAAAAAAAAAAAAAAAAAAAAAAAAAAAAAAAAAAAAAAAAAAAAAAAAAAAAAAAAAAAAAAAAAAAAAAAAAAAAAAAAAAAAAAAAAAAAAAAAAAAAAAAAAAAAAAAAAAAAAAAAAAAAAAAAAAAAAAAAAAAAAAAAAAAAAAAAAAAAAAAAAAAAAAAAAAAAAAAAAAAAAAAAAAAAAAAAAAAAAAAAAAAAAAAAAAAAAAAAAAAAAAAAAAAAAAAAAAAAAAAAAAAAAAAAAVQYAAABQBgAAAbEAAAABBgAAAAAJBgAAAAAaBpkAAAAEBhoAAABDAGEAbABpAGIAcgBpACAATABpAGcAaAB0AAUGGgAAAEMAYQBsAGkAYgByAGkAIABMAGkAZwBoAHQABwYaAAAAQwBhAGwAaQBiAHIAaQAgAEwAaQBnAGgAdAAGBh4AAABUAGkAbQBlAHMAIABOAGUAdwAgAFIAbwBtAGEAbgAJAwAAABsGCgAAAGQAZQAtAEQARQAbBgAAAAAClQUAAAWyAAAAAZkAAAAEBhoAAABDAGEAbABpAGIAcgBpACAATABpAGcAaAB0AAUGGgAAAEMAYQBsAGkAYgByAGkAIABMAGkAZwBoAHQABwYaAAAAQwBhAGwAaQBiAHIAaQAgAEwAaQBnAGgAdAAGBh4AAABUAGkAbQBlAHMAIABOAGUAdwAgAFIAbwBtAGEAbgAJAwAAABsGCgAAAGQAZQAtAEQARQAIDwAAAAAKAAAASQBuAGcAYQAgAAW6AAAAAZkAAAAEBhoAAABDAGEAbABpAGIAcgBpACAATABpAGcAaAB0AAUGGgAAAEMAYQBsAGkAYgByAGkAIABMAGkAZwBoAHQABwYaAAAAQwBhAGwAaQBiAHIAaQAgAEwAaQBnAGgAdAAGBh4AAABUAGkAbQBlAHMAIABOAGUAdwAgAFIAbwBtAGEAbgAJAwAAABsGCgAAAGQAZQAtAEQARQAIFwAAAAASAAAATQBlAHkAZQBuAGIAbwByAGcABUABAAABmQAAAAQGGgAAAEMAYQBsAGkAYgByAGkAIABMAGkAZwBoAHQABQYaAAAAQwBhAGwAaQBiAHIAaQAgAEwAaQBnAGgAdAAHBhoAAABDAGEAbABpAGIAcgBpACAATABpAGcAaAB0AAYGHgAAAFQAaQBtAGUAcwAgAE4AZQB3ACAAUgBvAG0AYQBuAAkDAAAAGwYKAAAAZABlAC0ARABFAAidAAAAAJgAAAAgAGgAYQB0ACAAYQBuACAAZABlAHIAIABVAG4AaQAgAEIAcgBlAG0AZQBuACAAUAByAG8AZAB1AGsAdABpAG8AbgBzAHQAZQBjAGgAbgBpAGsAIABzAHQAdQBkAGkAZQByAHQAIAB1AG4AZAAgAGEAcgBiAGUAaQB0AGUAdAAgAGEAbABzACAAdwBpAHMAcwBlAG4AcwBjAAWoAgAAAZkAAAAEBhoAAABDAGEAbABpAGIAcgBpACAATABpAGcAaAB0AAUGGgAAAEMAYQBsAGkAYgByAGkAIABMAGkAZwBoAHQABwYaAAAAQwBhAGwAaQBiAHIAaQAgAEwAaQBnAGgAdAAGBh4AAABUAGkAbQBlAHMAIABOAGUAdwAgAFIAbwBtAGEAbgAJAwAAABsGCgAAAGQAZQAtAEQARQAIBQIAAAAAAgAAaABhAGYAdABsAGkAYwBoAGUAIABNAGkAdABhAHIAYgBlAGkAdABlAHIAaQBuACAAaQBtACAAQgBlAHIAZQBpAGMAaAAgAGQAZQByACAAYQBkAGQAaQB0AGkAdgBlAG4AIABGAGUAcgB0AGkAZwB1AG4AZwAuACAARAB1AHIAYwBoACAAZABpAGUAIABNAGkAdABhAHIAYgBlAGkAdAAgAGEAbQAgAFMAYwBpAGUAbgBjAGUAIABCAGwAbwBnACAAbQD2AGMAaAB0AGUAIABzAGkAZQAgAGkAaAByAGUAIABGAGEAcwB6AGkAbgBhAHQAaQBvAG4AIABmAPwAcgAgAGkAaAByAGUAbgAgAEYAbwByAHMAYwBoAHUAbgBnAHMAYgBlAHIAZQBpAGMAaAAgAHcAZQBpAHQAZQByAGcAZQBiAGUAbgAuACAARQBpAG4AIABBAG4AbABpAGUAZwBlAG4AIABpAHMAdAAgAGUAcwAgAGkAaAByACAAaQBuAHMAYgBlAHMAbwBuAGQAZQByAGUAIABGAHIAYQB1AGUAbgAgAHUAbgBkACAATQDkAGQAYwBoAGUAbgAgAGYA\/AByACAAZABlAG4AIABNAEkATgBUAC0AQgBlAHIAZQBpAGMAaAAgAHoAdQAgAGIAZQBnAGUAaQBzAHQAZQByAG4ALgAFCgAAAAEAAAAACAAAAAAFCgAAAAEAAAAACAAAAAAFCgAAAAgFAAAADQAAAAAKAAAAAAAAAAARAAAAAL4BAAAA4gAAAAABAAEGEgAAACQEAAAAACUEAAAAACYEAAAAAAUBAQYBAAcBAAgBAAkGGwAAACcE8AAAAAsBARwBACgEAAAAAB0BACkEAAAAAA4GDgAAAAABAQED\/\/\/\/AgYAAAAAGQEBGwZ9AAAAABQAAAAAAwAAAAUEAAAAAAYEBAAAAAMBAAEUAAAAAAMAAAAFBAAAAAAGBAQAAAADAQACFAAAAAADAAAABQQAAAAABgQEAAAAAwEAAxQAAAAAAwAAAAUEAAAAAAYEBAAAAAMBAAsUAAAAAAMAAAAFBAAAAAAGBAQAAAADAQABzQAAAAABAAEBAAIBAAMBAAQGDgAAAEMAYQBsAGkAYgByAGkABQYOAAAAQwBhAGwAaQBiAHIAaQAHBg4AAABDAGEAbABpAGIAcgBpAAYGDgAAAEMAYQBsAGkAYgByAGkAEwEBCAQYAAAACgEADAEAJgQAAAAADwEAEAEAEQEAJwQAAAAAFAEAFQEAFgQYAAAAFwEAGAEAGQYKAAAAZABlAC0ARABFABoGCgAAAGEAcgAtAFMAQQAbBgoAAABlAG4ALQBVAFMAHAYCAAAAAAAeAQACAAAAAA==\">Inga <\/span>Meyenborg hat an der Uni Bremen Produktionstechnik studiert und arbeitet als wissenschaftliche Mitarbeiterin im Bereich der additiven Fertigung. Durch die Mitarbeit am Science Blog m\u00f6chte sie ihre Faszination f\u00fcr ihren Forschungsbereich weitergeben. Ein Anliegen ist es ihr insbesondere Frauen und M\u00e4dchen f\u00fcr den MINT-Bereich zu begeistern.<\/p>\n<p>&nbsp;<\/p>\n<p>DR. ANNIKA RODENHAUSER<\/p>\n<p><a href=\"https:\/\/blogs.uni-bremen.de\/scienceblog\/files\/2018\/07\/IMG_0627.jpg\" data-rel=\"lightbox-image-4\" data-rl_title=\"\" data-rl_caption=\"\" title=\"\"><img loading=\"lazy\" decoding=\"async\" class=\"size-medium wp-image-226 alignright\" src=\"https:\/\/blogs.uni-bremen.de\/scienceblog\/files\/2018\/07\/IMG_0627-300x200.jpg\" alt=\"\" width=\"300\" height=\"200\" srcset=\"https:\/\/blogs.uni-bremen.de\/scienceblog\/files\/2018\/07\/IMG_0627-300x200.jpg 300w, https:\/\/blogs.uni-bremen.de\/scienceblog\/files\/2018\/07\/IMG_0627-768x512.jpg 768w, https:\/\/blogs.uni-bremen.de\/scienceblog\/files\/2018\/07\/IMG_0627-1024x683.jpg 1024w, https:\/\/blogs.uni-bremen.de\/scienceblog\/files\/2018\/07\/IMG_0627-676x451.jpg 676w\" sizes=\"auto, (max-width: 300px) 100vw, 300px\" \/><\/a>Dr. Annika Rodenhauser war Leiterin der neu gegr\u00fcndeten <a href=\"https:\/\/www.uni-bremen.de\/schreibwerkstatt-mint\/page-2\">Schreibwerkstatt MINT<\/a> f\u00fcr die Fachbereiche 1 bis 5 und somit auch Initiatorin des Science Blog. In ihrer bisherigen Forschung besch\u00e4ftigte sie sich mit forschendem Lernen in der Biologie. Der Schwerpunkt dabei lag auf bilingualem und sprachsensiblem Unterricht. Inzwischen lehrt sie an der Leuphana Universit\u00e4t L\u00fcneburg und hat dort ebenfalls einen <a href=\"https:\/\/sciencebloglg.wordpress.com\/\">Science Blog<\/a> ins Leben gerufen.<\/p>\n<p>&nbsp;<\/p>\n<p>LENA STEINMANN<\/p>\n<p><img loading=\"lazy\" decoding=\"async\" class=\"alignright wp-image-596 \" src=\"https:\/\/blogs.uni-bremen.de\/scienceblog\/files\/2019\/07\/IMG-20190619-WA0000-300x300.jpg\" alt=\"\" width=\"227\" height=\"227\" \/><\/p>\n<p>Lena Steinmann ist als Postdoc und Lehrende am Fachbereich Geowissenschaften t\u00e4tig. Im Rahmen ihrer Forschung ist sie h\u00e4ufig auf Schiffsexpeditionen und besch\u00e4ftigt sich zurzeit mit Vulkanen in Italien sowie Tiefseekorallen im S\u00fcdatlantik.<\/p>\n<p>&nbsp;<\/p>\n<p>&nbsp;<\/p>\n","protected":false},"excerpt":{"rendered":"<p>Das Science Blog-Team Wir sind der Science Blog \u00a0&#8211; eine studentische Initiative an der Universit\u00e4t Bremen. Uns interessiert, was im MINT-Bereich der Uni los ist. Wir wollen hinter verschlossene Labor- und Institutst\u00fcren blicken sowie mehr \u00fcber studentische Projekte und spannende Aktivit\u00e4ten im MINT-Bereich erfahren. Was ist MINT? MINT\u00a0ist ein weit gefasster Begriff, der die akademischen [&hellip;]<\/p>\n","protected":false},"author":9121,"featured_media":0,"parent":0,"menu_order":0,"comment_status":"closed","ping_status":"closed","template":"","meta":{"_bbp_topic_count":0,"_bbp_reply_count":0,"_bbp_total_topic_count":0,"_bbp_total_reply_count":0,"_bbp_voice_count":0,"_bbp_anonymous_reply_count":0,"_bbp_topic_count_hidden":0,"_bbp_reply_count_hidden":0,"_bbp_forum_subforum_count":0,"footnotes":""},"class_list":["post-66","page","type-page","status-publish","hentry","post-preview"],"_links":{"self":[{"href":"https:\/\/blogs.uni-bremen.de\/scienceblog\/wp-json\/wp\/v2\/pages\/66","targetHints":{"allow":["GET"]}}],"collection":[{"href":"https:\/\/blogs.uni-bremen.de\/scienceblog\/wp-json\/wp\/v2\/pages"}],"about":[{"href":"https:\/\/blogs.uni-bremen.de\/scienceblog\/wp-json\/wp\/v2\/types\/page"}],"author":[{"embeddable":true,"href":"https:\/\/blogs.uni-bremen.de\/scienceblog\/wp-json\/wp\/v2\/users\/9121"}],"replies":[{"embeddable":true,"href":"https:\/\/blogs.uni-bremen.de\/scienceblog\/wp-json\/wp\/v2\/comments?post=66"}],"version-history":[{"count":15,"href":"https:\/\/blogs.uni-bremen.de\/scienceblog\/wp-json\/wp\/v2\/pages\/66\/revisions"}],"predecessor-version":[{"id":3088,"href":"https:\/\/blogs.uni-bremen.de\/scienceblog\/wp-json\/wp\/v2\/pages\/66\/revisions\/3088"}],"wp:attachment":[{"href":"https:\/\/blogs.uni-bremen.de\/scienceblog\/wp-json\/wp\/v2\/media?parent=66"}],"curies":[{"name":"wp","href":"https:\/\/api.w.org\/{rel}","templated":true}]}}