{"id":1639,"date":"2021-03-16T08:15:57","date_gmt":"2021-03-16T07:15:57","guid":{"rendered":"https:\/\/blogs.uni-bremen.de\/scienceblog\/?page_id=1639"},"modified":"2023-03-13T18:13:35","modified_gmt":"2023-03-13T17:13:35","slug":"veranstaltungen-2","status":"publish","type":"page","link":"https:\/\/blogs.uni-bremen.de\/scienceblog\/veranstaltungen-2\/","title":{"rendered":"Veranstaltungen"},"content":{"rendered":"<p><strong><span style=\"font-family: arial, helvetica, sans-serif;font-size: 24pt\">The Nagoya what?? <\/span><\/strong><strong><span style=\"font-family: arial, helvetica, sans-serif;font-size: 24pt\">&#8211; <span id=\"page3R_mcid4\" class=\"markedContent\"><span dir=\"ltr\" role=\"presentation\">The Nagoya Protocol: <\/span><\/span><span id=\"page3R_mcid5\" class=\"markedContent\"><span dir=\"ltr\" role=\"presentation\">What does<\/span><\/span><span id=\"page3R_mcid6\" class=\"markedContent\"> <span dir=\"ltr\" role=\"presentation\">it<\/span><\/span><span id=\"page3R_mcid7\" class=\"markedContent\"> <span dir=\"ltr\" role=\"presentation\">mean in <\/span><\/span><span id=\"page3R_mcid8\" class=\"markedContent\"><span dir=\"ltr\" role=\"presentation\">practice?<\/span><\/span><\/span><\/strong><\/p>\n<p><img loading=\"lazy\" decoding=\"async\" class=\"aligncenter size-full wp-image-3514\" src=\"https:\/\/blogs.uni-bremen.de\/scienceblog\/files\/Nagoya2.png\" alt=\"\" width=\"1323\" height=\"774\" srcset=\"https:\/\/blogs.uni-bremen.de\/scienceblog\/files\/Nagoya2.png 1323w, https:\/\/blogs.uni-bremen.de\/scienceblog\/files\/Nagoya2-300x176.png 300w, https:\/\/blogs.uni-bremen.de\/scienceblog\/files\/Nagoya2-1024x599.png 1024w, https:\/\/blogs.uni-bremen.de\/scienceblog\/files\/Nagoya2-768x449.png 768w, https:\/\/blogs.uni-bremen.de\/scienceblog\/files\/Nagoya2-676x395.png 676w\" sizes=\"auto, (max-width: 1323px) 100vw, 1323px\" \/><\/p>\n<p style=\"text-align: justify\">In April, the Nagoya Protocol Compliance Officer and the &#8222;German Nagoya Protocol (GNP) HuB Project&#8220; invite you to the information session &#8222;The Nagoya Protocol \u2013 What does it mean in practice?&#8220;. Focus of this seminar are the legal requirements and implications of the Nagoya Protocol for researchers working with biological material from abroad. Melania Mu\u00f1oz from the GNP HuB is a biologist having worked for the National Focal Point (NFP) in Costa Rica for almost 10 years. She will share her expertise with you and provide you with relevant insights and necessary information to assess whether your research may have ABS obligations to consider. During the event, we will systematically go through what researchers need to do to comply with the Nagoya Protocol and the EU ABS regulation. You will learn about the user checks that are already in place in Germany, consequences of non-compliance such as fines, embargoes on material and publications, possible requirements of journals and funding agencies, as well as tools and tips to use and inform yourself.<\/p>\n<p style=\"text-align: justify\">The online session will take place on 20 April 2023 from 10:00 am to 12:00 noon. To participate please register <a href=\"https:\/\/www.uni-bremen.de\/research-alliance\/forschung\/anmeldung-nagoya-protocol-what-does-it-mean-in-practice-20042023-10-am-to-12-noon\">here<\/a>.<\/p>\n<p>&nbsp;<\/p>\n<p><span style=\"font-family: arial, helvetica, sans-serif;font-size: 24pt\"><strong>Die Online Climate School der Students for Future Bremen geht in die dritte Runde<\/strong><\/span><\/p>\n<div id=\"attachment_2080\" style=\"width: 670px\" class=\"wp-caption alignnone\"><img loading=\"lazy\" decoding=\"async\" aria-describedby=\"caption-attachment-2080\" class=\" wp-image-2080\" src=\"https:\/\/blogs.uni-bremen.de\/scienceblog\/files\/OCSLogo-Kopie-300x135.jpg\" alt=\"\" width=\"660\" height=\"297\" srcset=\"https:\/\/blogs.uni-bremen.de\/scienceblog\/files\/OCSLogo-Kopie-300x135.jpg 300w, https:\/\/blogs.uni-bremen.de\/scienceblog\/files\/OCSLogo-Kopie-1024x462.jpg 1024w, https:\/\/blogs.uni-bremen.de\/scienceblog\/files\/OCSLogo-Kopie-768x346.jpg 768w, https:\/\/blogs.uni-bremen.de\/scienceblog\/files\/OCSLogo-Kopie-1536x693.jpg 1536w, https:\/\/blogs.uni-bremen.de\/scienceblog\/files\/OCSLogo-Kopie-2048x924.jpg 2048w, https:\/\/blogs.uni-bremen.de\/scienceblog\/files\/OCSLogo-Kopie-676x305.jpg 676w\" sizes=\"auto, (max-width: 660px) 100vw, 660px\" \/><p id=\"caption-attachment-2080\" class=\"wp-caption-text\">Bild: Students for Future Bremen<\/p><\/div>\n<p style=\"text-align: justify\"><span style=\"font-family: arial, helvetica, sans-serif\">Die Online Climate School ist eine online Veranstaltungsreihe, in der es um verschiedenste Themen geht, die mit der Klimakrise zusammenh\u00e4ngen. Sie wird von den Students for Future Bremen organisiert, eingeladen sind Dozent*innen verschiedenster Fachbereiche und aktivistische Gruppen. W\u00e4hrend es in der ersten Auflage der Online Climate School vor allem um naturwissenschaftliche Grundlagen der Klimakrise ging, behandelte die zweite Veranstaltungsreihe gezielt auch gesellschaftliche Themen wie Anti-Rassismus und Feminismus und, warum auch diese Themen zentraler Bestandteil des Kampfs f\u00fcr Klimagerechtigkeit sein m\u00fcssen. Anl\u00e4sslich der hochschulpolitischen Forderungen der Students for Future geht es in diesem Semester um die Rolle der Uni in der Klimakrise und ihren Beitrag zur dringend notwendigen sozial-\u00f6kologischen Transformation gehen.<\/span><\/p>\n<p style=\"text-align: justify\"><span style=\"font-family: arial, helvetica, sans-serif\">Die n\u00e4chste Veranstaltung wird am Montag, den 10. Mai um 18 Uhr sein zum Thema \u201eDie Rolle der Virtuellen Akademie Nachhaltigkeit\u201c. Weitere Veranstaltungen werden folgen.<\/span><\/p>\n<p style=\"text-align: justify\"><span style=\"font-family: arial, helvetica, sans-serif\">Interesse geweckt? Anmelden k\u00f6nnt ihr euch unter s&#116;&#x75;&#x64;i&#115;&#46;&#x62;&#x72;e&#109;&#101;&#x6e;&#x40;f&#114;&#x69;&#x64;&#x61;y&#115;&#x66;&#x6f;r&#102;&#117;&#x74;&#x75;r&#101;&#46;&#x64;&#x65;<\/span><\/p>\n<p style=\"text-align: justify\"><span style=\"font-family: arial, helvetica, sans-serif\">Auf dem Laufenden bleibt ihr auf Instagram <a href=\"https:\/\/www.instagram.com\/studentsforfuturebremen\/\">@studentsforfuturebremen<\/a><\/span><\/p>\n<p style=\"text-align: justify\"><span style=\"font-family: arial, helvetica, sans-serif\">Videos von vergangenen Vortr\u00e4gen findet ihr <a href=\"https:\/\/www.youtube.com\/channel\/UCNwSVr9OvSxhzpEHYoLEfkA\">hier<\/a>.<br \/>\n<\/span><\/p>\n<p>&nbsp;<\/p>\n<p><span style=\"font-family: arial, helvetica, sans-serif;font-size: 24pt\"><strong>Vortragsreihe \u201eBald schon F\u00fcnf nach Zw\u00f6lf\u201c<\/strong><\/span><\/p>\n<p><span style=\"font-family: arial, helvetica, sans-serif\"><strong><img class=\"aligncenter\" \/><\/strong><\/span><\/p>\n<p style=\"text-align: center\"><span style=\"font-family: arial, helvetica, sans-serif;font-size: 10pt;color: #999999\"><img loading=\"lazy\" decoding=\"async\" class=\"wp-image-1781 aligncenter\" src=\"https:\/\/blogs.uni-bremen.de\/scienceblog\/files\/Bildschirmfoto-2021-03-20-um-11.29.24-300x73.png\" alt=\"\" width=\"888\" height=\"216\" srcset=\"https:\/\/blogs.uni-bremen.de\/scienceblog\/files\/Bildschirmfoto-2021-03-20-um-11.29.24-300x73.png 300w, https:\/\/blogs.uni-bremen.de\/scienceblog\/files\/Bildschirmfoto-2021-03-20-um-11.29.24-1024x249.png 1024w, https:\/\/blogs.uni-bremen.de\/scienceblog\/files\/Bildschirmfoto-2021-03-20-um-11.29.24-768x187.png 768w, https:\/\/blogs.uni-bremen.de\/scienceblog\/files\/Bildschirmfoto-2021-03-20-um-11.29.24-1536x374.png 1536w, https:\/\/blogs.uni-bremen.de\/scienceblog\/files\/Bildschirmfoto-2021-03-20-um-11.29.24-2048x499.png 2048w, https:\/\/blogs.uni-bremen.de\/scienceblog\/files\/Bildschirmfoto-2021-03-20-um-11.29.24-676x165.png 676w\" sizes=\"auto, (max-width: 888px) 100vw, 888px\" \/><br \/>\nFoto: https:\/\/5nach12-bremen.de\/<\/span><\/p>\n<p style=\"text-align: justify\"><span style=\"font-family: arial, helvetica, sans-serif\"><strong>Aktuell l\u00e4uft diese starke Online-Vortragsreihe. Sie wird organisiert von<\/strong> <strong>BUND, Greenpeace, der KlimaWerkStadt,<\/strong> <strong>denkhausbremen und dem AStA der Universit\u00e4t Bremen und l\u00e4dt prominente Klimaexpert*innen ein.<\/strong><\/span><\/p>\n<p style=\"text-align: justify\"><span style=\"font-family: arial, helvetica, sans-serif\"><strong><a href=\"https:\/\/5nach12-bremen.de\/\">Zitat<\/a>:<\/strong><\/span><\/p>\n<p style=\"text-align: justify\"><span style=\"font-family: arial, helvetica, sans-serif\">\u201eWir befinden uns inmitten der Klimakrise. Diese menschengemachte Entwicklung l\u00e4sst sich nicht mehr zur\u00fcckdrehen. Dennoch gibt es Wege, die Zukunft positiv zu gestalten und die Erderw\u00e4rmung zu begrenzen. F\u00fcnf renommierte Expert:innen zeigen auf, wie diese aussehen k\u00f6nnen. Das Ziel: Eine lebenswerte Zukunft f\u00fcr alle \u2013 lokal und global.\u201c<\/span><\/p>\n<p style=\"text-align: justify\"><span style=\"font-family: arial, helvetica, sans-serif\">Die n\u00e4chste Veranstaltung wird am Dienstag, den 23. M\u00e4rz stattfinden zum Thema \u201eGemeinwohl\u00f6konomie\u201c. Zur Teilnahme meldet ihr euch auf folgender Website an: <a href=\"https:\/\/5nach12-bremen.de\/\">https:\/\/5nach12-bremen.de\/<\/a><\/span><\/p>\n<p style=\"text-align: justify\"><span style=\"font-family: arial, helvetica, sans-serif\">Weitere Veranstaltungen folgen bis zum Abschluss der Vortragsreihe mit einer Podiumsdiskussion \u201eKlimapolitik in Krisenzeiten\u201c am 10. Mai.\u00a0<\/span><\/p>\n<p style=\"text-align: justify\">\n<p>&nbsp;<\/p>\n<p><span style=\"font-family: arial, helvetica, sans-serif;font-size: 24pt\"><strong>#AlleF\u00fcr1Komma5<\/strong><\/span><\/p>\n<div id=\"attachment_1770\" style=\"width: 653px\" class=\"wp-caption alignnone\"><img loading=\"lazy\" decoding=\"async\" aria-describedby=\"caption-attachment-1770\" class=\" wp-image-1770\" src=\"https:\/\/blogs.uni-bremen.de\/scienceblog\/files\/noplanetb-300x91.jpg\" alt=\"\" width=\"643\" height=\"195\" srcset=\"https:\/\/blogs.uni-bremen.de\/scienceblog\/files\/noplanetb-300x91.jpg 300w, https:\/\/blogs.uni-bremen.de\/scienceblog\/files\/noplanetb-1024x311.jpg 1024w, https:\/\/blogs.uni-bremen.de\/scienceblog\/files\/noplanetb-768x233.jpg 768w, https:\/\/blogs.uni-bremen.de\/scienceblog\/files\/noplanetb-1536x466.jpg 1536w, https:\/\/blogs.uni-bremen.de\/scienceblog\/files\/noplanetb-2048x622.jpg 2048w, https:\/\/blogs.uni-bremen.de\/scienceblog\/files\/noplanetb-676x205.jpg 676w\" sizes=\"auto, (max-width: 643px) 100vw, 643px\" \/><p id=\"caption-attachment-1770\" class=\"wp-caption-text\"><span style=\"font-family: arial, helvetica, sans-serif\">Foto: Christian Haas &amp; Students for Future Bremen<\/span><\/p><\/div>\n<p style=\"text-align: justify\"><span style=\"font-size: 14pt\"><strong><span style=\"font-family: arial, helvetica, sans-serif\">Der 19.03.2021 ist der Tag des siebten globalen Klimastreiks! Aufgrund der Corona-Pandemie werden diesmal nicht Zehntausende die Stra\u00dfen Bremens f\u00fcllen, um f\u00fcr eine wirksame Klimapolitik zu demonstrieren. Dennoch hat die Klimakrise nichts in ihrer Dramatik eingeb\u00fc\u00dft &#8211; im Gegenteil.<\/span><\/strong><\/span><\/p>\n<p style=\"text-align: justify\"><span style=\"font-family: arial, helvetica, sans-serif\">Als Science Blog setzen wir uns mit Wissenschaft auseinander. Wissenschaft ist kontrovers, Theorien werden aufgestellt, gepr\u00fcft, best\u00e4tigt, widerlegt oder angepasst. Die EINE wissenschaftliche Meinung zu einem Thema gibt es meist gar nicht. Das merken wir auch in der Corona-Krise. Das kann anstrengend sein, aber nur so kommen wir der Wahrheit am n\u00e4chsten. Auch bez\u00fcglich der Klimakrise sind sich Wissenschaftler*innen nicht in allen Punkten einig &#8211; das ist ganz normal, aber in einem Punkt sind sich erschreckend viele, n\u00e4mlich (fast) alle, einig: Der aktuelle Klimawandel ist menschengemacht und k\u00f6nnte das Klima und damit das Leben auf der Erde gravierend ver\u00e4ndern. Der Weltklimarat IPCC nennt dazu konkrete Zahlen. Wenn die globale durchschnittliche Erw\u00e4rmung auf 1,5\u00b0C begrenzt wird, sollten die Folgen &#8222;beherrschbar&#8220; bleiben. Bei einer Erw\u00e4rmung \u00fcber 1,5\u00b0C k\u00f6nnten Kipppunkte im Klimasystem erreicht werden, deren Folgen gravierend w\u00e4ren &#8211; auch f\u00fcr das Leben von Menschen auf diesem Planeten. Diese Folgen k\u00f6nnen noch nicht im Detail vorhergesagt werden. Dies ist aber auch nicht n\u00f6tig, um erkennen zu k\u00f6nnen, dass diese 1,5\u00b0C nicht \u00fcberschritten werden sollten. Auch jetzt schon gibt es Menschen, die von gravierenden Auswirkungen der Klimakrise betroffen sind. Auch in Solidarit\u00e4t zu ihnen stellen wir uns an die Seite der Klimagerechtigkeitsbewegung:<\/span><\/p>\n<p><span style=\"color: #339966\"><strong><span style=\"font-family: arial, helvetica, sans-serif;font-size: 24pt\">#AlleF\u00fcr1Komma5<\/span><\/strong><\/span><\/p>\n<p>\u00dcber Aktionen von Fridays for Future k\u00f6nnt ich euch unter folgendem Link informieren:<\/p>\n<p><a href=\"https:\/\/fridaysforfuture.de\/allefuer1komma5\/\">https:\/\/fridaysforfuture.de\/allefuer1komma5\/<\/a><\/p>\n","protected":false},"excerpt":{"rendered":"<p>The Nagoya what?? &#8211; The Nagoya Protocol: What does it mean in practice? In April, the Nagoya Protocol Compliance Officer and the &#8222;German Nagoya Protocol (GNP) HuB Project&#8220; invite you to the information session &#8222;The Nagoya Protocol \u2013 What does it mean in practice?&#8220;. Focus of this seminar are the legal requirements and implications of [&hellip;]<\/p>\n","protected":false},"author":12874,"featured_media":0,"parent":0,"menu_order":0,"comment_status":"closed","ping_status":"closed","template":"","meta":{"_bbp_topic_count":0,"_bbp_reply_count":0,"_bbp_total_topic_count":0,"_bbp_total_reply_count":0,"_bbp_voice_count":0,"_bbp_anonymous_reply_count":0,"_bbp_topic_count_hidden":0,"_bbp_reply_count_hidden":0,"_bbp_forum_subforum_count":0,"footnotes":""},"class_list":["post-1639","page","type-page","status-publish","hentry","post-preview"],"_links":{"self":[{"href":"https:\/\/blogs.uni-bremen.de\/scienceblog\/wp-json\/wp\/v2\/pages\/1639","targetHints":{"allow":["GET"]}}],"collection":[{"href":"https:\/\/blogs.uni-bremen.de\/scienceblog\/wp-json\/wp\/v2\/pages"}],"about":[{"href":"https:\/\/blogs.uni-bremen.de\/scienceblog\/wp-json\/wp\/v2\/types\/page"}],"author":[{"embeddable":true,"href":"https:\/\/blogs.uni-bremen.de\/scienceblog\/wp-json\/wp\/v2\/users\/12874"}],"replies":[{"embeddable":true,"href":"https:\/\/blogs.uni-bremen.de\/scienceblog\/wp-json\/wp\/v2\/comments?post=1639"}],"version-history":[{"count":10,"href":"https:\/\/blogs.uni-bremen.de\/scienceblog\/wp-json\/wp\/v2\/pages\/1639\/revisions"}],"predecessor-version":[{"id":3515,"href":"https:\/\/blogs.uni-bremen.de\/scienceblog\/wp-json\/wp\/v2\/pages\/1639\/revisions\/3515"}],"wp:attachment":[{"href":"https:\/\/blogs.uni-bremen.de\/scienceblog\/wp-json\/wp\/v2\/media?parent=1639"}],"curies":[{"name":"wp","href":"https:\/\/api.w.org\/{rel}","templated":true}]}}