{"id":2,"date":"2024-01-02T17:00:06","date_gmt":"2024-01-02T16:00:06","guid":{"rendered":"https:\/\/blogs.uni-bremen.de\/schwamar\/?page_id=2"},"modified":"2024-06-16T09:30:09","modified_gmt":"2024-06-16T07:30:09","slug":"beispiel-seite","status":"publish","type":"page","link":"https:\/\/blogs.uni-bremen.de\/schwamar\/","title":{"rendered":"\u00dcber"},"content":{"rendered":"<div class=\"et_d4_element et_pb_section et_pb_section_0  et_pb_css_mix_blend_mode et_section_regular et_block_section\" >\n\t\t\t\t\n\t\t\t\t\n\t\t\t\t\n\t\t\t\t\n\t\t\t\t\n\t\t\t\t\n\t\t\t\t<div class=\"et_d4_element et_pb_row et_pb_row_0  et_pb_css_mix_blend_mode et_block_row\">\n\t\t\t\t<div class=\"et_d4_element et_pb_column_2_5 et_pb_column et_pb_column_0  et_pb_css_mix_blend_mode et_block_column\">\n\t\t\t\t\n\t\t\t\t\n\t\t\t\t\n\t\t\t\t\n\t\t\t\t<div class=\"et_pb_module et_d4_element et_pb_image et_pb_image_0\">\n\t\t\t\t\n\t\t\t\t\n\t\t\t\t\n\t\t\t\t\n\t\t\t\t<span class=\"et_pb_image_wrap \"><img loading=\"lazy\" decoding=\"async\" width=\"2345\" height=\"2560\" src=\"https:\/\/blogs.uni-bremen.de\/schwamar\/files\/1-1-2-scaled.jpg\" alt=\"\" title=\"Foto von Finja Baum\" srcset=\"https:\/\/blogs.uni-bremen.de\/schwamar\/files\/1-1-2-scaled.jpg 2345w, https:\/\/blogs.uni-bremen.de\/schwamar\/files\/1-1-2-275x300.jpg 275w, https:\/\/blogs.uni-bremen.de\/schwamar\/files\/1-1-2-938x1024.jpg 938w, https:\/\/blogs.uni-bremen.de\/schwamar\/files\/1-1-2-768x838.jpg 768w, https:\/\/blogs.uni-bremen.de\/schwamar\/files\/1-1-2-1407x1536.jpg 1407w, https:\/\/blogs.uni-bremen.de\/schwamar\/files\/1-1-2-1876x2048.jpg 1876w, https:\/\/blogs.uni-bremen.de\/schwamar\/files\/1-1-2-1080x1179.jpg 1080w, https:\/\/blogs.uni-bremen.de\/schwamar\/files\/1-1-2-1280x1397.jpg 1280w, https:\/\/blogs.uni-bremen.de\/schwamar\/files\/1-1-2-980x1070.jpg 980w, https:\/\/blogs.uni-bremen.de\/schwamar\/files\/1-1-2-480x524.jpg 480w\" sizes=\"(max-width: 2345px) 100vw, 2345px\" class=\"wp-image-597\" \/><\/span>\n\t\t\t<\/div>\n\t\t\t<\/div><div class=\"et_d4_element et_pb_column_3_5 et_pb_column et_pb_column_1  et_pb_css_mix_blend_mode et-last-child et_block_column\">\n\t\t\t\t\n\t\t\t\t\n\t\t\t\t\n\t\t\t\t\n\t\t\t\t<div class=\"et_pb_module et_d4_element et_pb_text et_pb_text_0  et_pb_text_align_left et_pb_bg_layout_light\">\n\t\t\t\t\n\t\t\t\t\n\t\t\t\t\n\t\t\t\t\n\t\t\t\t<div class=\"et_pb_text_inner\"><p>Bevor ich als Wissenschaftliche Mitarbeiterin Teil des interdisziplin\u00e4ren <a href=\"https:\/\/contradictionstudies.uni-bremen.de\/\">Graduiertenkollegs \u201a\u201aContradiction Studies\u2018\u2018<\/a> an der Universit\u00e4t Bremen wurde, habe ich am dortigen Institut f\u00fcr Geographie den Bachelor in Geographie (BA) und den Master in Stadt- und Regionalentwicklung (MA) abgeschlossen. Meine inhaltlichen Schwerpunkte lagen dabei auf Raumtheorien, Stadtplanung und \u2013entwicklung, (kreative) qualitative Forschungsmethoden oder die st\u00e4dtische (Re-)Produktion von Ein- oder Ausschl\u00fcssen. In meinem aktuellen humangeographischen Promotionsprojekt \u201a\u201aNachbarschaften \u2013 Leben in und mit Widerspr\u00fcchen\u2018\u2018 setzte ich mich mit den Widerspr\u00fcchlichkeiten des st\u00e4dtischen Alltages auseinander, die sich zwischen Nachbar:innen ergeben k\u00f6nnen. Mit dieser Perspektive m\u00f6chte ich mit der Vorstellung von Nachbarschaft als guter Gemeinschaft brechen und verdeutlichen, dass das nachbarschaftliche Zusammenleben von stetigen und machtvollen Aushandlungsprozessen bestimmt ist, die sich sozialr\u00e4umlich abspielen.<\/p><\/div>\n\t\t\t<\/div>\n\t\t\t<\/div>\n\t\t\t\t\n\t\t\t\t\n\t\t\t\t\n\t\t\t\t\n\t\t\t<\/div><div class=\"et_d4_element et_pb_row et_pb_row_1  et_pb_css_mix_blend_mode et_block_row\">\n\t\t\t\t<div class=\"et_d4_element et_pb_column_1_2 et_pb_column et_pb_column_2  et_pb_css_mix_blend_mode et_block_column\">\n\t\t\t\t\n\t\t\t\t\n\t\t\t\t\n\t\t\t\t\n\t\t\t\t<div class=\"et_pb_module et_d4_element et_pb_text et_pb_text_1  et_pb_text_align_left et_pb_bg_layout_light\">\n\t\t\t\t\n\t\t\t\t\n\t\t\t\t\n\t\t\t\t\n\t\t\t\t<div class=\"et_pb_text_inner\"><p>Fotografiert von Finja Baum<\/p><\/div>\n\t\t\t<\/div>\n\t\t\t<\/div><div class=\"et_d4_element et_pb_column_1_2 et_pb_column et_pb_column_3  et_pb_css_mix_blend_mode et-last-child et_block_column et_pb_column_empty\">\n\t\t\t\t\n\t\t\t\t\n\t\t\t\t\n\t\t\t\t\n\t\t\t\t\n\t\t\t<\/div>\n\t\t\t\t\n\t\t\t\t\n\t\t\t\t\n\t\t\t\t\n\t\t\t<\/div>\n\t\t\t\t\n\t\t\t\t\n\t\t\t<\/div>\n","protected":false},"excerpt":{"rendered":"","protected":false},"author":15341,"featured_media":0,"parent":0,"menu_order":0,"comment_status":"closed","ping_status":"closed","template":"","meta":{"_bbp_topic_count":0,"_bbp_reply_count":0,"_bbp_total_topic_count":0,"_bbp_total_reply_count":0,"_bbp_voice_count":0,"_bbp_anonymous_reply_count":0,"_bbp_topic_count_hidden":0,"_bbp_reply_count_hidden":0,"_bbp_forum_subforum_count":0,"_et_pb_use_builder":"on","_et_pb_old_content":"<p>Maren Schwarz ist Doktorandin der Stadtgeographie in dem Graduiertenkolleg \u201a\u201aContradiction Studies\u2018\u2018 an der Universit\u00e4t Bremen. In ihrem aktuellen Forschungsprojekt besch\u00e4ftigt sie sich mit Nachbarschaften als Orten st\u00e4dtischen Zusammenlebens und der st\u00e4ndigen Aushandlung von Differenzen.<span class=\"Apple-converted-space\">\u00a0<\/span><\/p>","_et_gb_content_width":"","footnotes":""},"class_list":["post-2","page","type-page","status-publish","hentry"],"yoast_head":"<!-- This site is optimized with the Yoast SEO plugin v27.3 - https:\/\/yoast.com\/product\/yoast-seo-wordpress\/ -->\n<title>\u00dcber - Maren Schwarz<\/title>\n<meta name=\"robots\" content=\"index, follow, max-snippet:-1, max-image-preview:large, max-video-preview:-1\" \/>\n<link rel=\"canonical\" href=\"https:\/\/blogs.uni-bremen.de\/schwamar\/\" class=\"yoast-seo-meta-tag\" \/>\n<meta property=\"og:locale\" content=\"de_DE\" class=\"yoast-seo-meta-tag\" \/>\n<meta property=\"og:type\" content=\"article\" class=\"yoast-seo-meta-tag\" \/>\n<meta property=\"og:title\" content=\"\u00dcber - Maren Schwarz\" class=\"yoast-seo-meta-tag\" \/>\n<meta property=\"og:url\" content=\"https:\/\/blogs.uni-bremen.de\/schwamar\/\" class=\"yoast-seo-meta-tag\" \/>\n<meta property=\"og:site_name\" content=\"Maren Schwarz\" class=\"yoast-seo-meta-tag\" \/>\n<meta property=\"article:modified_time\" content=\"2024-06-16T07:30:09+00:00\" class=\"yoast-seo-meta-tag\" \/>\n<meta name=\"twitter:card\" content=\"summary_large_image\" class=\"yoast-seo-meta-tag\" \/>\n<meta name=\"twitter:label1\" content=\"Gesch\u00e4tzte Lesezeit\" class=\"yoast-seo-meta-tag\" \/>\n\t<meta name=\"twitter:data1\" content=\"1\u00a0Minute\" class=\"yoast-seo-meta-tag\" \/>\n<script type=\"application\/ld+json\" class=\"yoast-schema-graph\">{\"@context\":\"https:\\\/\\\/schema.org\",\"@graph\":[{\"@type\":\"WebPage\",\"@id\":\"https:\\\/\\\/blogs.uni-bremen.de\\\/schwamar\\\/\",\"url\":\"https:\\\/\\\/blogs.uni-bremen.de\\\/schwamar\\\/\",\"name\":\"\u00dcber - Maren Schwarz\",\"isPartOf\":{\"@id\":\"https:\\\/\\\/blogs.uni-bremen.de\\\/schwamar\\\/#website\"},\"datePublished\":\"2024-01-02T16:00:06+00:00\",\"dateModified\":\"2024-06-16T07:30:09+00:00\",\"breadcrumb\":{\"@id\":\"https:\\\/\\\/blogs.uni-bremen.de\\\/schwamar\\\/#breadcrumb\"},\"inLanguage\":\"de\",\"potentialAction\":[{\"@type\":\"ReadAction\",\"target\":[\"https:\\\/\\\/blogs.uni-bremen.de\\\/schwamar\\\/\"]}]},{\"@type\":\"BreadcrumbList\",\"@id\":\"https:\\\/\\\/blogs.uni-bremen.de\\\/schwamar\\\/#breadcrumb\",\"itemListElement\":[{\"@type\":\"ListItem\",\"position\":1,\"name\":\"Startseite\",\"item\":\"https:\\\/\\\/blogs.uni-bremen.de\\\/schwamar\\\/\"},{\"@type\":\"ListItem\",\"position\":2,\"name\":\"\u00dcber\"}]},{\"@type\":\"WebSite\",\"@id\":\"https:\\\/\\\/blogs.uni-bremen.de\\\/schwamar\\\/#website\",\"url\":\"https:\\\/\\\/blogs.uni-bremen.de\\\/schwamar\\\/\",\"name\":\"Maren Schwarz\",\"description\":\"\",\"publisher\":{\"@id\":\"https:\\\/\\\/blogs.uni-bremen.de\\\/schwamar\\\/#\\\/schema\\\/person\\\/f6a0fe8f4c3332a8f30b07a4e0e10f99\"},\"alternateName\":\"schwamar\",\"potentialAction\":[{\"@type\":\"SearchAction\",\"target\":{\"@type\":\"EntryPoint\",\"urlTemplate\":\"https:\\\/\\\/blogs.uni-bremen.de\\\/schwamar\\\/?s={search_term_string}\"},\"query-input\":{\"@type\":\"PropertyValueSpecification\",\"valueRequired\":true,\"valueName\":\"search_term_string\"}}],\"inLanguage\":\"de\"},{\"@type\":[\"Person\",\"Organization\"],\"@id\":\"https:\\\/\\\/blogs.uni-bremen.de\\\/schwamar\\\/#\\\/schema\\\/person\\\/f6a0fe8f4c3332a8f30b07a4e0e10f99\",\"name\":\"Maren\",\"image\":{\"@type\":\"ImageObject\",\"inLanguage\":\"de\",\"@id\":\"https:\\\/\\\/blogs.uni-bremen.de\\\/schwamar\\\/files\\\/maren2-sw-1024x1024.png\",\"url\":\"https:\\\/\\\/blogs.uni-bremen.de\\\/schwamar\\\/files\\\/maren2-sw-1024x1024.png\",\"contentUrl\":\"https:\\\/\\\/blogs.uni-bremen.de\\\/schwamar\\\/files\\\/maren2-sw-1024x1024.png\",\"width\":1024,\"height\":1024,\"caption\":\"Maren\"},\"logo\":{\"@id\":\"https:\\\/\\\/blogs.uni-bremen.de\\\/schwamar\\\/files\\\/maren2-sw-1024x1024.png\"}}]}<\/script>\n<!-- \/ Yoast SEO plugin. -->","yoast_head_json":{"title":"\u00dcber - Maren Schwarz","robots":{"index":"index","follow":"follow","max-snippet":"max-snippet:-1","max-image-preview":"max-image-preview:large","max-video-preview":"max-video-preview:-1"},"canonical":"https:\/\/blogs.uni-bremen.de\/schwamar\/","og_locale":"de_DE","og_type":"article","og_title":"\u00dcber - Maren Schwarz","og_url":"https:\/\/blogs.uni-bremen.de\/schwamar\/","og_site_name":"Maren Schwarz","article_modified_time":"2024-06-16T07:30:09+00:00","twitter_card":"summary_large_image","twitter_misc":{"Gesch\u00e4tzte Lesezeit":"1\u00a0Minute"},"schema":{"@context":"https:\/\/schema.org","@graph":[{"@type":"WebPage","@id":"https:\/\/blogs.uni-bremen.de\/schwamar\/","url":"https:\/\/blogs.uni-bremen.de\/schwamar\/","name":"\u00dcber - Maren Schwarz","isPartOf":{"@id":"https:\/\/blogs.uni-bremen.de\/schwamar\/#website"},"datePublished":"2024-01-02T16:00:06+00:00","dateModified":"2024-06-16T07:30:09+00:00","breadcrumb":{"@id":"https:\/\/blogs.uni-bremen.de\/schwamar\/#breadcrumb"},"inLanguage":"de","potentialAction":[{"@type":"ReadAction","target":["https:\/\/blogs.uni-bremen.de\/schwamar\/"]}]},{"@type":"BreadcrumbList","@id":"https:\/\/blogs.uni-bremen.de\/schwamar\/#breadcrumb","itemListElement":[{"@type":"ListItem","position":1,"name":"Startseite","item":"https:\/\/blogs.uni-bremen.de\/schwamar\/"},{"@type":"ListItem","position":2,"name":"\u00dcber"}]},{"@type":"WebSite","@id":"https:\/\/blogs.uni-bremen.de\/schwamar\/#website","url":"https:\/\/blogs.uni-bremen.de\/schwamar\/","name":"Maren Schwarz","description":"","publisher":{"@id":"https:\/\/blogs.uni-bremen.de\/schwamar\/#\/schema\/person\/f6a0fe8f4c3332a8f30b07a4e0e10f99"},"alternateName":"schwamar","potentialAction":[{"@type":"SearchAction","target":{"@type":"EntryPoint","urlTemplate":"https:\/\/blogs.uni-bremen.de\/schwamar\/?s={search_term_string}"},"query-input":{"@type":"PropertyValueSpecification","valueRequired":true,"valueName":"search_term_string"}}],"inLanguage":"de"},{"@type":["Person","Organization"],"@id":"https:\/\/blogs.uni-bremen.de\/schwamar\/#\/schema\/person\/f6a0fe8f4c3332a8f30b07a4e0e10f99","name":"Maren","image":{"@type":"ImageObject","inLanguage":"de","@id":"https:\/\/blogs.uni-bremen.de\/schwamar\/files\/maren2-sw-1024x1024.png","url":"https:\/\/blogs.uni-bremen.de\/schwamar\/files\/maren2-sw-1024x1024.png","contentUrl":"https:\/\/blogs.uni-bremen.de\/schwamar\/files\/maren2-sw-1024x1024.png","width":1024,"height":1024,"caption":"Maren"},"logo":{"@id":"https:\/\/blogs.uni-bremen.de\/schwamar\/files\/maren2-sw-1024x1024.png"}}]}},"_links":{"self":[{"href":"https:\/\/blogs.uni-bremen.de\/schwamar\/wp-json\/wp\/v2\/pages\/2","targetHints":{"allow":["GET"]}}],"collection":[{"href":"https:\/\/blogs.uni-bremen.de\/schwamar\/wp-json\/wp\/v2\/pages"}],"about":[{"href":"https:\/\/blogs.uni-bremen.de\/schwamar\/wp-json\/wp\/v2\/types\/page"}],"author":[{"embeddable":true,"href":"https:\/\/blogs.uni-bremen.de\/schwamar\/wp-json\/wp\/v2\/users\/15341"}],"replies":[{"embeddable":true,"href":"https:\/\/blogs.uni-bremen.de\/schwamar\/wp-json\/wp\/v2\/comments?post=2"}],"version-history":[{"count":10,"href":"https:\/\/blogs.uni-bremen.de\/schwamar\/wp-json\/wp\/v2\/pages\/2\/revisions"}],"predecessor-version":[{"id":688,"href":"https:\/\/blogs.uni-bremen.de\/schwamar\/wp-json\/wp\/v2\/pages\/2\/revisions\/688"}],"wp:attachment":[{"href":"https:\/\/blogs.uni-bremen.de\/schwamar\/wp-json\/wp\/v2\/media?parent=2"}],"curies":[{"name":"wp","href":"https:\/\/api.w.org\/{rel}","templated":true}]}}