{"id":45,"date":"2024-03-19T14:07:09","date_gmt":"2024-03-19T13:07:09","guid":{"rendered":"https:\/\/blogs.uni-bremen.de\/rockundhippies\/?page_id=45"},"modified":"2024-03-22T20:29:56","modified_gmt":"2024-03-22T19:29:56","slug":"das-interview","status":"publish","type":"page","link":"https:\/\/blogs.uni-bremen.de\/rockundhippies\/das-interview\/","title":{"rendered":"Das Interview"},"content":{"rendered":"<p>Ich habe das Interview mit meinem Gro\u00dfonkel m\u00fctterlicherseits, Hans-Martin Grotjahn, gef\u00fchrt. Ich hatte mir dabei einige m\u00f6gliche Fragen \u00fcberlegt, aber habe im Verlaufe des Gespr\u00e4chs bei einigen Themen improvisierend nachgehakt.<\/p>\n<p>Hier ist das Interview:<\/p>\n<p><em>\u201cWenn man die 68er Bewegung und ie Hippies betrachtet, wie hast du diese Zeit und Bewegungerlebt?\u201c<\/em><\/p>\n<audio class=\"wp-audio-shortcode\" id=\"audio-45-1\" preload=\"none\" style=\"width: 100%;\" controls=\"controls\"><source type=\"audio\/mpeg\" src=\"https:\/\/blogs.uni-bremen.de\/rockundhippies\/files\/Frage-1.m4a?_=1\" \/><a href=\"https:\/\/blogs.uni-bremen.de\/rockundhippies\/files\/Frage-1.m4a\">https:\/\/blogs.uni-bremen.de\/rockundhippies\/files\/Frage-1.m4a<\/a><\/audio>\n<p><span style=\"font-size: 8pt\">*SDS-F\u00fcrsten: Bezeichnung f\u00fcr F\u00fchrungsfiguren des Sozialistischen Deutschen Studentenbundes; *Audi Max: Abk\u00fcrzung f\u00fcr Auditorium Max<\/span><\/p>\n<p><em>\u201cWie hast du, im Zusammenhang der Bewegung, die Bildung der APO und Personen wie Rudi Dutschke erlebt?\u201c<\/em><\/p>\n<audio class=\"wp-audio-shortcode\" id=\"audio-45-2\" preload=\"none\" style=\"width: 100%;\" controls=\"controls\"><source type=\"audio\/mpeg\" src=\"https:\/\/blogs.uni-bremen.de\/rockundhippies\/files\/Frage-2-.mp3?_=2\" \/><a href=\"https:\/\/blogs.uni-bremen.de\/rockundhippies\/files\/Frage-2-.mp3\">https:\/\/blogs.uni-bremen.de\/rockundhippies\/files\/Frage-2-.mp3<\/a><\/audio>\n<p><span style=\"font-size: 8pt\">*APO: Au\u00dferparlamentarische Opposition<\/span><\/p>\n<p><em>\u201c1967 wurde ja der Student Benno Ohnesorg ermordet und 1968 gab es ja einen Anschlag auf Rudi Dutschke. Diese Ereignisse haben die Bewegung sehr polarisiert. Wie hast du diese Ereignisse erlebt?\u201c<\/em><\/p>\n<audio class=\"wp-audio-shortcode\" id=\"audio-45-3\" preload=\"none\" style=\"width: 100%;\" controls=\"controls\"><source type=\"audio\/mpeg\" src=\"https:\/\/blogs.uni-bremen.de\/rockundhippies\/files\/Frage-3-.mp3?_=3\" \/><a href=\"https:\/\/blogs.uni-bremen.de\/rockundhippies\/files\/Frage-3-.mp3\">https:\/\/blogs.uni-bremen.de\/rockundhippies\/files\/Frage-3-.mp3<\/a><\/audio>\n<p><span style=\"font-size: 8pt\">*Rudi Dutschke: Mitglied des SDS und Wortf\u00fchrer der Studentenbewegung; *sakrosankt: unantastbar; *El Alamein: zentraler Schauplatz im Nordafrika Krieg im 2.Weltkrieg<\/span><\/p>\n<p><em>\u201cIm Bezug auf \u201cOnkel Jochen\u201c und seine Nazi Vergangenheit gab es in der Bewegung die Bef\u00fcrchtung, dass durch die \u201calte Garde\u201c die Demokratie in Gefahr geraten k\u00f6nnte und dass sich erneut eine Diktatur etablieren k\u00f6nnte. Hast du das auch gesehen?\u201c<\/em><\/p>\n<audio class=\"wp-audio-shortcode\" id=\"audio-45-4\" preload=\"none\" style=\"width: 100%;\" controls=\"controls\"><source type=\"audio\/mpeg\" src=\"https:\/\/blogs.uni-bremen.de\/rockundhippies\/files\/Frage-4.mp3?_=4\" \/><a href=\"https:\/\/blogs.uni-bremen.de\/rockundhippies\/files\/Frage-4.mp3\">https:\/\/blogs.uni-bremen.de\/rockundhippies\/files\/Frage-4.mp3<\/a><\/audio>\n<p>&nbsp;<\/p>\n<p><em>\u201cGab es ein Verbundenheitsgef\u00fchl ins Internationale? Haben Themen wie der Vietnam-Krieg in Deutschland und f\u00fcr dich eine Bedeutung gehabt?\u201c<\/em><\/p>\n<audio class=\"wp-audio-shortcode\" id=\"audio-45-5\" preload=\"none\" style=\"width: 100%;\" controls=\"controls\"><source type=\"audio\/mpeg\" src=\"https:\/\/blogs.uni-bremen.de\/rockundhippies\/files\/Frage-5.mp3?_=5\" \/><a href=\"https:\/\/blogs.uni-bremen.de\/rockundhippies\/files\/Frage-5.mp3\">https:\/\/blogs.uni-bremen.de\/rockundhippies\/files\/Frage-5.mp3<\/a><\/audio>\n<p><span style=\"font-size: 8pt\">*Schah: persisches Wort f\u00fcr Herrscher &amp; \u00a0(ehemalige) Bezeichnung des persischen Staatsoberhaupts; *Ho Chi Minh: Revolution\u00e4r, der gro\u00dfe Anteile an der Unabh\u00e4ngigkeit Vietnams tr\u00e4gt und w\u00e4hrend des Vietnam Kriegs Pr\u00e4sident war<\/span><\/p>\n<p><em>\u201cDie grausamen Bilder aus Vietnam sind um die Welt gegangen. War das ein Faktor f\u00fcr einen verst\u00e4rkten Anti-Amerikanismus?\u201c<\/em><\/p>\n<audio class=\"wp-audio-shortcode\" id=\"audio-45-6\" preload=\"none\" style=\"width: 100%;\" controls=\"controls\"><source type=\"audio\/mpeg\" src=\"https:\/\/blogs.uni-bremen.de\/rockundhippies\/files\/Frage-6.mp3?_=6\" \/><a href=\"https:\/\/blogs.uni-bremen.de\/rockundhippies\/files\/Frage-6.mp3\">https:\/\/blogs.uni-bremen.de\/rockundhippies\/files\/Frage-6.mp3<\/a><\/audio>\n<p><span style=\"font-size: 8pt\">*Adelheid: Halbschwester von Hans-Martin<\/span><\/p>\n<p><em>\u201cIm Zusammenhang der Bewegung hat sich oft ein \u201cAnti-Gedanke\u201c gegen vieles entwickelt. Wie hat man den Protest gegen vieles auf andere Arten und Weisen ausgelebt?\u201c<\/em><\/p>\n<audio class=\"wp-audio-shortcode\" id=\"audio-45-7\" preload=\"none\" style=\"width: 100%;\" controls=\"controls\"><source type=\"audio\/mpeg\" src=\"https:\/\/blogs.uni-bremen.de\/rockundhippies\/files\/Frage-7.mp3?_=7\" \/><a href=\"https:\/\/blogs.uni-bremen.de\/rockundhippies\/files\/Frage-7.mp3\">https:\/\/blogs.uni-bremen.de\/rockundhippies\/files\/Frage-7.mp3<\/a><\/audio>\n<p>&nbsp;<\/p>\n<p><em>\u201cHei\u00dft das, dass dein Vater mehr Akzeptanz hatte im Vergleich zu anderen V\u00e4tern?\u201c<\/em><\/p>\n<audio class=\"wp-audio-shortcode\" id=\"audio-45-8\" preload=\"none\" style=\"width: 100%;\" controls=\"controls\"><source type=\"audio\/mpeg\" src=\"https:\/\/blogs.uni-bremen.de\/rockundhippies\/files\/Frage-8.mp3?_=8\" \/><a href=\"https:\/\/blogs.uni-bremen.de\/rockundhippies\/files\/Frage-8.mp3\">https:\/\/blogs.uni-bremen.de\/rockundhippies\/files\/Frage-8.mp3<\/a><\/audio>\n<p>&nbsp;<\/p>\n<p><em>\u201cGab es vielleicht, z.B. in Freundeskreisen, andere Situationen, wo du mitbekommen hast, dass welche rausgeschmissen wurden?\u201c<\/em><\/p>\n<audio class=\"wp-audio-shortcode\" id=\"audio-45-9\" preload=\"none\" style=\"width: 100%;\" controls=\"controls\"><source type=\"audio\/mpeg\" src=\"https:\/\/blogs.uni-bremen.de\/rockundhippies\/files\/Frage-9.mp3?_=9\" \/><a href=\"https:\/\/blogs.uni-bremen.de\/rockundhippies\/files\/Frage-9.mp3\">https:\/\/blogs.uni-bremen.de\/rockundhippies\/files\/Frage-9.mp3<\/a><\/audio>\n<p><span style=\"font-size: 8pt\">*Vikar:<\/span><span style=\"font-size: 8pt\">in ein Praktikum \u00fcbernommener Theologe mit Universit\u00e4tsausbildung<\/span><span style=\"font-size: 8pt\">; *Auschwitzprozess 1963: einer von drei Prozessen \u00fcber die NS-Verbrechen durch die deutsche Justiz<\/span><\/p>\n<dl class=\"tuple\"><\/dl>\n<p><em>\u201cWie hat sich das Gef\u00fchl der Bewegung verlaufen?\u201c<\/em><\/p>\n<audio class=\"wp-audio-shortcode\" id=\"audio-45-10\" preload=\"none\" style=\"width: 100%;\" controls=\"controls\"><source type=\"audio\/mpeg\" src=\"https:\/\/blogs.uni-bremen.de\/rockundhippies\/files\/Frage-10.mp3?_=10\" \/><a href=\"https:\/\/blogs.uni-bremen.de\/rockundhippies\/files\/Frage-10.mp3\">https:\/\/blogs.uni-bremen.de\/rockundhippies\/files\/Frage-10.mp3<\/a><\/audio>\n<p><span style=\"font-size: 8pt\">*Radikalenerlass: 1972 erlassen wurden jahrelang Bewerber:innen und Besch\u00e4ftigte des \u00f6ffentlichen Dienstes auf Verfassungstreue \u00fcberpr\u00fcft<\/span><\/p>\n<p><em>\u201cDenkst du das liegt daran, dass es sich extern wie auch intern politisch stabilisiert hat?\u201c<\/em><\/p>\n<audio class=\"wp-audio-shortcode\" id=\"audio-45-11\" preload=\"none\" style=\"width: 100%;\" controls=\"controls\"><source type=\"audio\/mpeg\" src=\"https:\/\/blogs.uni-bremen.de\/rockundhippies\/files\/Frage-11.mp3?_=11\" \/><a href=\"https:\/\/blogs.uni-bremen.de\/rockundhippies\/files\/Frage-11.mp3\">https:\/\/blogs.uni-bremen.de\/rockundhippies\/files\/Frage-11.mp3<\/a><\/audio>\n<p><span style=\"font-size: 8pt\">*Willy Brandt: SPD Politiker und Bundeskanzler von 1969 bis 1974; *Helmut Schmidt: SPD Politiker und Bundeskanzler von 1974 bis 1982<\/span><\/p>\n<p><em>\u201cHat die Bewegung f\u00fcr heute noch eine Vorbildfunktion?\u201c<\/em><\/p>\n<audio class=\"wp-audio-shortcode\" id=\"audio-45-12\" preload=\"none\" style=\"width: 100%;\" controls=\"controls\"><source type=\"audio\/mpeg\" src=\"https:\/\/blogs.uni-bremen.de\/rockundhippies\/files\/Frage-12.mp3?_=12\" \/><a href=\"https:\/\/blogs.uni-bremen.de\/rockundhippies\/files\/Frage-12.mp3\">https:\/\/blogs.uni-bremen.de\/rockundhippies\/files\/Frage-12.mp3<\/a><\/audio>\n<p>&nbsp;<\/p>\n<p><em>\u201cWie haben sich im Rahmen der Bewegung Lebensweisen ver\u00e4ndert, wenn sich junge Menschen offeneren Lebensarten ge\u00f6ffnet haben?\u201c<\/em><\/p>\n<audio class=\"wp-audio-shortcode\" id=\"audio-45-13\" preload=\"none\" style=\"width: 100%;\" controls=\"controls\"><source type=\"audio\/mpeg\" src=\"https:\/\/blogs.uni-bremen.de\/rockundhippies\/files\/Frage-13.mp3?_=13\" \/><a href=\"https:\/\/blogs.uni-bremen.de\/rockundhippies\/files\/Frage-13.mp3\">https:\/\/blogs.uni-bremen.de\/rockundhippies\/files\/Frage-13.mp3<\/a><\/audio>\n<p>&nbsp;<\/p>\n<p><em>\u201cIch wei\u00df, dass bei dir Musik nicht so ein gro\u00dfes Thema war, aber Musik hat ja in dieser Zeit eine gro\u00dfe Rolle eingenommen. Wie hast du das erlebt?\u201c<\/em><\/p>\n<audio class=\"wp-audio-shortcode\" id=\"audio-45-14\" preload=\"none\" style=\"width: 100%;\" controls=\"controls\"><source type=\"audio\/mpeg\" src=\"https:\/\/blogs.uni-bremen.de\/rockundhippies\/files\/Frage-14.mp3?_=14\" \/><a href=\"https:\/\/blogs.uni-bremen.de\/rockundhippies\/files\/Frage-14.mp3\">https:\/\/blogs.uni-bremen.de\/rockundhippies\/files\/Frage-14.mp3<\/a><\/audio>\n<p><span style=\"font-size: 8pt\">*bei dem angesprochenen Plattencover handelt es sich um das Album \u201cSticky Fingers\u201c von den Rolling Stones; *Friedemann: Neffe von Hans-Martin (ebenfalls Musiker)<\/span><\/p>\n<p><em>\u201cWar Musik ein Identifikationsmerkmal der Bewegung und hat so ein Plattencover (Sticky Fingers &#8211; the Rolling Stones) als Provokation funktioniert?\u201c<\/em><\/p>\n<audio class=\"wp-audio-shortcode\" id=\"audio-45-15\" preload=\"none\" style=\"width: 100%;\" controls=\"controls\"><source type=\"audio\/mpeg\" src=\"https:\/\/blogs.uni-bremen.de\/rockundhippies\/files\/Frage-15.mp3?_=15\" \/><a href=\"https:\/\/blogs.uni-bremen.de\/rockundhippies\/files\/Frage-15.mp3\">https:\/\/blogs.uni-bremen.de\/rockundhippies\/files\/Frage-15.mp3<\/a><\/audio>\n<p><span style=\"font-size: 8pt\">*Fritz Teufel: deutscher Autor, Teilnehmer der Studentenbewegung und Mitbegr\u00fcnder der Kommune 1; *Kommune 1: 1967 in West-Berlin gegr\u00fcndete Wohngemeinschaft, welche aus der Studentenbewegung entstand und den Gegenentwurf zum konservativen Familienleben darstellen sollte; *Andreas Baader: F\u00fchrungsmitglied der deutschen Terrororganisation RAF; *RAF: die Rote Armee Fraktion war eine linksextremistische Terrororganisation; *Heidelberger Patientenkollektiv: besser bekannt als Sozialistisches Patientenkollektiv; *Euthanasie: bedeutet Sterbehilfe, allerdings wurde der Begriff in NS-Zeit verwendet um die Ermordung von kranken und behinderten Menschen zu beschreiben<\/span><\/p>\n<p><em>\u201cBei Andreas Baader w\u00fcrde ich gerne nachhaken. Hast du noch Erinnerungen von seinem Besuch?\u201c<\/em><\/p>\n<audio class=\"wp-audio-shortcode\" id=\"audio-45-16\" preload=\"none\" style=\"width: 100%;\" controls=\"controls\"><source type=\"audio\/mpeg\" src=\"https:\/\/blogs.uni-bremen.de\/rockundhippies\/files\/Frage-16.mp3?_=16\" \/><a href=\"https:\/\/blogs.uni-bremen.de\/rockundhippies\/files\/Frage-16.mp3\">https:\/\/blogs.uni-bremen.de\/rockundhippies\/files\/Frage-16.mp3<\/a><\/audio>\n<p>&nbsp;<\/p>\n<p><em>\u201cWenn man aus der Bewegung kommt und das politische Bewusstsein aus ihr mitgenommen hat, wie wurden dann diese radikalen Bewegungen, wie die RAF, welche sich aus der 68er Bewegung gespalten hatten, wahrgenommen?\u201c<\/em><\/p>\n<audio class=\"wp-audio-shortcode\" id=\"audio-45-17\" preload=\"none\" style=\"width: 100%;\" controls=\"controls\"><source type=\"audio\/mpeg\" src=\"https:\/\/blogs.uni-bremen.de\/rockundhippies\/files\/Frage-17.mp3?_=17\" \/><a href=\"https:\/\/blogs.uni-bremen.de\/rockundhippies\/files\/Frage-17.mp3\">https:\/\/blogs.uni-bremen.de\/rockundhippies\/files\/Frage-17.mp3<\/a><\/audio>\n<p><span style=\"font-size: 8pt\">*Hans-Martin Schleyer: war ehemaliger Pr\u00e4sident des Bundesverbands der deutschen Industrie (BDI), welcher 1977 von der RAF entf\u00fchrt und ermordet wurde<\/span><\/p>\n<p><em>\u201cDenkst du dann, dass die RAF dem Ansehen der 68er Bewegung geschadet hat, da sie ja das gleiche wollten, aber radikaler vorgegangen sind?\u201c<\/em><\/p>\n<audio class=\"wp-audio-shortcode\" id=\"audio-45-18\" preload=\"none\" style=\"width: 100%;\" controls=\"controls\"><source type=\"audio\/mpeg\" src=\"https:\/\/blogs.uni-bremen.de\/rockundhippies\/files\/Frage-18.mp3?_=18\" \/><a href=\"https:\/\/blogs.uni-bremen.de\/rockundhippies\/files\/Frage-18.mp3\">https:\/\/blogs.uni-bremen.de\/rockundhippies\/files\/Frage-18.mp3<\/a><\/audio>\n<p>&nbsp;<\/p>\n<p>&nbsp;<\/p>\n<h1><span style=\"font-size: 18pt\">schriftliche Zusammenfassung des Interviews<\/span><\/h1>\n<p>Hans-Martin Grotjahn kommt eher aus dem l\u00e4ndlichen Bereich und wurde, wie er sagt, von seinen Eltern zu einem zur\u00fcckhaltendem Menschen erzogen, der nicht immer auftrumphen wolle. Er erz\u00e4hlt, dass er zu Beginn dem Staat nahe sei und nie diesen oder sp\u00e4ter zu Beginn seines Studiums die Professoren hinterfragt oder kritisiert h\u00e4tte. Er erz\u00e4hlt, dass er vor seiner Zeit in der 68er Bewegung, ein CDU naher Konservativer gewesen sei. Dies ist zur\u00fcckzuf\u00fchren auf seinen Vater, welche Pastor war und welchen er als konservativen Rechten bezeichnet.<\/p>\n<p>Zu Hause wurde er politisch mit einigen Dingen konfrontiert. So erz\u00e4hlt er, dass ein Onkel (\u201cOnkel Jochen\u201c) knallharter Nazi gewesen w\u00e4re, was er zun\u00e4chst zwar nicht realisierte, aber ihm dann auffiel, da dieser immer Urlaub mit seinen ehemalige Kameraden (ohne Familie) in \u00c4gypten bei El-Alamein (zentraler Punkt des Nordafrika Krieges im 2.Weltkrieg) machen w\u00fcrde. Au\u00dferdem beschreibt er wie ein ehemaligr preu\u00dfischer General f\u00fcr 10 Jahren bei ihm und seiner Familie lebte, wodurch er Preu\u00dfen ganz anders kennengelernt habe. Insgesamt bezeichnet er in diesem Zusammenhng seinen Vater als seh geschickt, wie er seinem Sohn indirekt politisiert habe und dass er seinen Vater im Nachhinein als sehr politisch erkenne. Doch direkt politisch aufmerksam wurde er erst als 1963 die Auschwitz Prozessen (1963-1965) begannen.<\/p>\n<p>Hans erz\u00e4hlt, dass er den Kriegsdienst verweigerte, was sein Vater zwar nicht gefiel, was er aber dennoch im Interesse seines Sohnes unterst\u00fctzte. <span class=\"Apple-converted-space\">\u00a0<\/span><\/p>\n<p>Hans-Martin Grotjahn ging auf eine Klosterschule und machte dort 1966 Abitur. Er erinnert sich, dass diese Schule streg katholisch konservativ gewesen sei und Gedanken von Demokratie und Mitbestimmung nicht aufgetaucht w\u00e4re. Er berichtet, dass sich in der Schule nicht mit der NS-Zeit auseinandergesetzt worden sei, sondern nur mit Bismarck und einigen wenigen \u201cmoderneren Themen\u201c wie Atomkraft.<span class=\"Apple-converted-space\">\u00a0<\/span><\/p>\n<p>Es bleibt zu erkennen, dass Hans-Martin ein Interesse an Geschichte hegt, da er berichtet, dass er die Nazi Vergangenheit seines Onkels oder auch die Pr\u00e4gung seines Vaters aus Kaiserszeiten as spannend betrachtete und auch noch betrachtet.<\/p>\n<p>Nach seinem Abitur ging Hans-Martin nach Hamburg f\u00fcr 1 Jahr, um Jura zu studieren.<\/p>\n<p>Ihm sagte das Studium in Hamburg nicht zu, weshalb er nach G\u00f6ttingen wechselte. Er erz\u00e4hlt, dass in dieser Zeit f\u00fcr ihn die Hippie Zeit begonnen habe. Er sagt zwar, dass ihm die \u201cWoodstock-Generation\u201c eher egal gewesen w\u00e4re, aber sagt, dass er auch seine ersten Joints geraucht habe, auf Festivals gegangen sei und die Beatles geh\u00f6rt habe. Au\u00dferdem wurde er dann hier mit der Studentenbewegung\/der 68er Bewegung konfrontiert. Er berichtet, dass er total beeindruckt gewesen sei von den Studenten, welche Professoren und die Regierung kritisierten und eine gro\u00dfe Kenntnis von Politik hatten. Allerdings sagt er, dass ihn das auch sehr eingesch\u00fcchtert habe, da er mi einer geringen politischen Bildung nach G\u00f6ttingen kam und zu naiv gewesen sei. Er bezeichnet sich selbst zu diesem Zeitpunkt als \u201cpolitischer Laie\u201c. Insgesamt sieht er die Bewegung als Attraktiv. Er berichtet von der Zeit der Notstandgesetze und den Diskussionen darum. Dabei berichtet er von einem \u201cHappening\u201c in G\u00f6ttingen, bei welchem ein Schauspieler engagiert wurde, welcher sich als Professor ausgab und eine Lesung \u00fcber Bienen und ihr Einfliegen in junge Birken hielt. Er sagt, dass dies eine \u201ctotale Verarsche\u201c gewesen sei, da man damit zeigen wollte, dass es absurd gewesen sei, dass man, w\u00e4hrend in Bonn \u00fcber die Gesetze diskutiert wurde, an der Universit\u00e4t nicht mit den Professoren dar\u00fcber diskutieren d\u00fcrfe.<\/p>\n<p>Des weiteren berichtet er, dass er, nach dem Anschlag auf den Studentenf\u00fchrer Rudi Dutschke, ebenfalls nach Berlin zum protestieren gegangen sei und dass er erst jetzt realisierte was der Staat alles zu verbergen habe. Au\u00dferdem bekundet er, dass er Sympathien zu \u00e4hnlichen Bewegungen in Italien, Frankreich und den USA hatte und dass er wie so viele andere einen Anti-Amerikanismus entwickelte, welcher durch den Vietnam Krieg befeuert wurde.<\/p>\n<p>\u00dcber die politische Komponente hinaus erz\u00e4hlt Hans-Martin, dass auch er die Lebensweisen und Arten der Bewegung angenommen habe. So erz\u00e4hlt, dass er sich w\u00fcnschte auch, wie die Hippies, so frei sein k\u00f6nne eine (Hols-)Kette zu tragen, was zu diesem Zeitpunkt bei M\u00e4nnern noch verachten gewesen sei. Dazu kommt, dass auch er wie viele andere den Protest zu seinen Eltern bringen und diese provozieren wollte. Er berichtet, wie er vor seinem Vater, welcher Zigarre rauchte, einen Joint ausgepackt habe und ihm sagte, dass er das nun sowas rauchen werde. Dieser Provokationsversuch schlug allerdings fehl, da sein Vater nur entgegnete \u201cJa wenn du es n\u00f6tig hast\u201c.<\/p>\n<p>Hans-Martin erz\u00e4hlte mir ebenfalls, dass er, wenn ach z\u00f6gerlich, begann wie viele B\u00fccher zu stehlen oder bei Karstadt zu klauen. Er erl\u00e4utert, dass viele seiner Bekannten ebenfalls diese Aktionen mitgemacht h\u00e4tten und dass einige von diesen auch durchaus einen radikaleren Weg, wie den Weg der RAF, gegangen w\u00e4ren.<span class=\"Apple-converted-space\">\u00a0<\/span><\/p>\n<p>Hans-Martin denkt, dass die Bewegung sich dann allerdings verlief, da sie nicht mehr, wie er sagt, \u201cup to date\u201c war. Er behauptet dass die Folgegenerationen der jungen Menschen und Studenten mehr am schnellen Geld verdienen interessiert gewesen w\u00e4ren und dass sie sich auf dem Grundgesetz ausgeruht h\u00e4tten. Er f\u00fcgt hinzu, dass man ja erkennen k\u00f6nne, dass in den Folgejahren nach der 68er Bewegung bis heute ein Rechtsruck aufgetan habe.<\/p>\n<p>Die 68er Bewegung war f\u00fcr ihn sehr attraktiv und hat ihn, wie er behauptet, \u201cpolitisiert\u201c. Er erz\u00e4hlt, dass er nach der Bewegung links gew\u00e4hlt habe und dass im allgemeinen die Bewegung in Deutschland f\u00fcr ein Verst\u00e4ndnis f\u00fcr links gesorgt habe.<\/p>\n<p>&nbsp;<\/p>\n","protected":false},"excerpt":{"rendered":"<p>Ich habe das Interview mit meinem Gro\u00dfonkel m\u00fctterlicherseits, Hans-Martin Grotjahn, gef\u00fchrt. Ich hatte mir dabei einige m\u00f6gliche Fragen \u00fcberlegt, aber habe im Verlaufe des Gespr\u00e4chs bei einigen Themen improvisierend nachgehakt. Hier ist das Interview: \u201cWenn man die 68er Bewegung und ie Hippies betrachtet, wie hast du diese Zeit und Bewegungerlebt?\u201c *SDS-F\u00fcrsten: Bezeichnung f\u00fcr F\u00fchrungsfiguren des [&hellip;]<\/p>\n","protected":false},"author":15312,"featured_media":0,"parent":0,"menu_order":0,"comment_status":"closed","ping_status":"closed","template":"template-fullwidth.php","meta":{"_bbp_topic_count":0,"_bbp_reply_count":0,"_bbp_total_topic_count":0,"_bbp_total_reply_count":0,"_bbp_voice_count":0,"_bbp_anonymous_reply_count":0,"_bbp_topic_count_hidden":0,"_bbp_reply_count_hidden":0,"_bbp_forum_subforum_count":0,"footnotes":""},"class_list":["post-45","page","type-page","status-publish","hentry","post-preview"],"_links":{"self":[{"href":"https:\/\/blogs.uni-bremen.de\/rockundhippies\/wp-json\/wp\/v2\/pages\/45","targetHints":{"allow":["GET"]}}],"collection":[{"href":"https:\/\/blogs.uni-bremen.de\/rockundhippies\/wp-json\/wp\/v2\/pages"}],"about":[{"href":"https:\/\/blogs.uni-bremen.de\/rockundhippies\/wp-json\/wp\/v2\/types\/page"}],"author":[{"embeddable":true,"href":"https:\/\/blogs.uni-bremen.de\/rockundhippies\/wp-json\/wp\/v2\/users\/15312"}],"replies":[{"embeddable":true,"href":"https:\/\/blogs.uni-bremen.de\/rockundhippies\/wp-json\/wp\/v2\/comments?post=45"}],"version-history":[{"count":8,"href":"https:\/\/blogs.uni-bremen.de\/rockundhippies\/wp-json\/wp\/v2\/pages\/45\/revisions"}],"predecessor-version":[{"id":155,"href":"https:\/\/blogs.uni-bremen.de\/rockundhippies\/wp-json\/wp\/v2\/pages\/45\/revisions\/155"}],"wp:attachment":[{"href":"https:\/\/blogs.uni-bremen.de\/rockundhippies\/wp-json\/wp\/v2\/media?parent=45"}],"curies":[{"name":"wp","href":"https:\/\/api.w.org\/{rel}","templated":true}]}}