{"id":273,"date":"2023-03-31T12:02:05","date_gmt":"2023-03-31T10:02:05","guid":{"rendered":"https:\/\/blogs.uni-bremen.de\/queerspacesbremen\/?page_id=273"},"modified":"2023-03-31T18:09:10","modified_gmt":"2023-03-31T16:09:10","slug":"funktion-von-queer-spaces","status":"publish","type":"page","link":"https:\/\/blogs.uni-bremen.de\/queerspacesbremen\/funktion-von-queer-spaces\/","title":{"rendered":"Funktionen von Queer Spaces"},"content":{"rendered":"<p><img loading=\"lazy\" decoding=\"async\" class=\"alignnone size-large wp-image-268\" src=\"https:\/\/blogs.uni-bremen.de\/queerspacesbremen\/files\/welche-rolle-queer-spaces-spielen-1024x677.jpg\" alt=\"\" width=\"660\" height=\"436\" srcset=\"https:\/\/blogs.uni-bremen.de\/queerspacesbremen\/files\/welche-rolle-queer-spaces-spielen-1024x677.jpg 1024w, https:\/\/blogs.uni-bremen.de\/queerspacesbremen\/files\/welche-rolle-queer-spaces-spielen-300x198.jpg 300w, https:\/\/blogs.uni-bremen.de\/queerspacesbremen\/files\/welche-rolle-queer-spaces-spielen-768x508.jpg 768w, https:\/\/blogs.uni-bremen.de\/queerspacesbremen\/files\/welche-rolle-queer-spaces-spielen.jpg 1155w\" sizes=\"auto, (max-width: 660px) 100vw, 660px\" \/><\/p>\n<p><span style=\"font-weight: 400;font-size: 14pt\"><span style=\"font-family: verdana, geneva, sans-serif\">Nach dem Erfassen von Queer Spaces wollten wir auch wissen, wozu sie genutzt werden und welche Rolle sie f\u00fcr die Teilnehmenden spielen. Die Antworten aus den Umfragen haben wir f\u00fcr ein visuelles Stimmbild nachtr\u00e4glich unter Verwendung des Tools <em>Mentimeter<\/em> eingetragen. Anhand der Gr\u00f6\u00dfe des Wortes kann man erkennen, dass mehrere Personen dieses Wort verwendet haben. Dadurch kommt diesen eine hohe Bedeutung zu, da viele Personen dies angegeben haben. Was wir daraus mitnehmen, ist, dass bestimmte Begrifflichkeiten f\u00fcr mehrere Teilnehmende eine gro\u00dfe Rolle spielen.<\/span> <\/span><\/p>\n","protected":false},"excerpt":{"rendered":"<p>Nach dem Erfassen von Queer Spaces wollten wir auch wissen, wozu sie genutzt werden und welche Rolle sie f\u00fcr die Teilnehmenden spielen. Die Antworten aus den Umfragen haben wir f\u00fcr ein visuelles Stimmbild nachtr\u00e4glich unter Verwendung des Tools Mentimeter eingetragen. Anhand der Gr\u00f6\u00dfe des Wortes kann man erkennen, dass mehrere Personen dieses Wort verwendet haben. &hellip; <a href=\"https:\/\/blogs.uni-bremen.de\/queerspacesbremen\/funktion-von-queer-spaces\/\" class=\"more-link\"><span class=\"screen-reader-text\">Funktionen von Queer Spaces<\/span> weiterlesen<\/a><\/p>\n","protected":false},"author":11117,"featured_media":0,"parent":0,"menu_order":0,"comment_status":"closed","ping_status":"closed","template":"","meta":{"_bbp_topic_count":0,"_bbp_reply_count":0,"_bbp_total_topic_count":0,"_bbp_total_reply_count":0,"_bbp_voice_count":0,"_bbp_anonymous_reply_count":0,"_bbp_topic_count_hidden":0,"_bbp_reply_count_hidden":0,"_bbp_forum_subforum_count":0,"footnotes":""},"class_list":["post-273","page","type-page","status-publish","hentry"],"_links":{"self":[{"href":"https:\/\/blogs.uni-bremen.de\/queerspacesbremen\/wp-json\/wp\/v2\/pages\/273","targetHints":{"allow":["GET"]}}],"collection":[{"href":"https:\/\/blogs.uni-bremen.de\/queerspacesbremen\/wp-json\/wp\/v2\/pages"}],"about":[{"href":"https:\/\/blogs.uni-bremen.de\/queerspacesbremen\/wp-json\/wp\/v2\/types\/page"}],"author":[{"embeddable":true,"href":"https:\/\/blogs.uni-bremen.de\/queerspacesbremen\/wp-json\/wp\/v2\/users\/11117"}],"replies":[{"embeddable":true,"href":"https:\/\/blogs.uni-bremen.de\/queerspacesbremen\/wp-json\/wp\/v2\/comments?post=273"}],"version-history":[{"count":6,"href":"https:\/\/blogs.uni-bremen.de\/queerspacesbremen\/wp-json\/wp\/v2\/pages\/273\/revisions"}],"predecessor-version":[{"id":462,"href":"https:\/\/blogs.uni-bremen.de\/queerspacesbremen\/wp-json\/wp\/v2\/pages\/273\/revisions\/462"}],"wp:attachment":[{"href":"https:\/\/blogs.uni-bremen.de\/queerspacesbremen\/wp-json\/wp\/v2\/media?parent=273"}],"curies":[{"name":"wp","href":"https:\/\/api.w.org\/{rel}","templated":true}]}}