{"id":236,"date":"2023-03-31T11:06:17","date_gmt":"2023-03-31T09:06:17","guid":{"rendered":"https:\/\/blogs.uni-bremen.de\/queerspacesbremen\/?page_id=236"},"modified":"2023-03-31T13:26:55","modified_gmt":"2023-03-31T11:26:55","slug":"zugang-i","status":"publish","type":"page","link":"https:\/\/blogs.uni-bremen.de\/queerspacesbremen\/zugang-i\/","title":{"rendered":"Zugang I"},"content":{"rendered":"<p><span style=\"font-weight: 400;font-family: verdana, geneva, sans-serif;font-size: 14pt\">Wie ist mein Zugang zu diesem Projekt entstanden?\u00a0<\/span><\/p>\n<p><span style=\"font-family: verdana, geneva, sans-serif;font-size: 14pt\"><span style=\"font-weight: 400\">Ich habe ein generelles Interesse an Themen, welche mit der LGBTQIA*+ -Community zu tun haben und setze mich schon seit l\u00e4ngerem damit auseinander. So schien es mir einfach, im Rahmen des Selbststudiums \u00fcber die Thematik zu forschen. Die Idee, sich mehr mit <\/span><i><span style=\"font-weight: 400\">Queer Spaces<\/span><\/i><span style=\"font-weight: 400\"> in Bremen auseinanderzusetzen, resultiert unteranderem aus einem Artikel, den ich in der Vergangenheit \u00fcber m\u00e4nnlich gepr\u00e4gte Stadtplanung gelesen habe. Dieser beschrieb, wie viele Bed\u00fcrfnisse von Menschen, die nicht Teil dieser Gruppierung sind, au\u00dfer Acht gelassen werden und dadurch Benachteiligungen erfahren. Dies gepaart mit unz\u00e4hligen Konversationen von Anlaufstellen bis \u00fcber <\/span><i><span style=\"font-weight: 400\">Safe Spaces<\/span><\/i><span style=\"font-weight: 400\"> mit Freund:innen, die sich selbst als queer identifizieren, blieb das Zusammenf\u00fchren dieser Themen nicht weit entfernt.\u00a0\u00a0\u00a0<\/span><\/span><\/p>\n<p><span style=\"font-family: verdana, geneva, sans-serif;font-size: 14pt\"><span style=\"font-weight: 400\">Letztlich interessiere ich mich als <\/span><i><span style=\"font-weight: 400\">Ally<\/span><\/i><span style=\"font-weight: 400\"> besonders, wie Menschen, die sich als Teil der Community identifizieren, solche <\/span><i><span style=\"font-weight: 400\">Queer Spaces<\/span><\/i><span style=\"font-weight: 400\"> (in Bremen) wahrnehmen und welche Bedeutung diese f\u00fcr sie haben.\u00a0 Wie entstehen sie und welche Formen k\u00f6nnen sie annehmen? Ich bin in Bremen geboren und aufgewachsen, hatte aber im Laufe meines Lebens wenig Ber\u00fchrungspunkte mit solchen Spaces und ihrer Existenz gemacht und m\u00f6chte daher umso mehr Sichtbarkeit schaffen. Meine Hoffnung gegen\u00fcber diesem Projekt ist es, auch meinen eigenen Horizont zu erweitern und andere dazu einzuladen, sich auch mit dieser Thematik zu besch\u00e4ftigen.<\/span><\/span><\/p>\n","protected":false},"excerpt":{"rendered":"<p>Wie ist mein Zugang zu diesem Projekt entstanden?\u00a0 Ich habe ein generelles Interesse an Themen, welche mit der LGBTQIA*+ -Community zu tun haben und setze mich schon seit l\u00e4ngerem damit auseinander. So schien es mir einfach, im Rahmen des Selbststudiums \u00fcber die Thematik zu forschen. Die Idee, sich mehr mit Queer Spaces in Bremen auseinanderzusetzen, &hellip; <a href=\"https:\/\/blogs.uni-bremen.de\/queerspacesbremen\/zugang-i\/\" class=\"more-link\"><span class=\"screen-reader-text\">Zugang I<\/span> weiterlesen<\/a><\/p>\n","protected":false},"author":11117,"featured_media":0,"parent":0,"menu_order":0,"comment_status":"closed","ping_status":"closed","template":"","meta":{"_bbp_topic_count":0,"_bbp_reply_count":0,"_bbp_total_topic_count":0,"_bbp_total_reply_count":0,"_bbp_voice_count":0,"_bbp_anonymous_reply_count":0,"_bbp_topic_count_hidden":0,"_bbp_reply_count_hidden":0,"_bbp_forum_subforum_count":0,"footnotes":""},"class_list":["post-236","page","type-page","status-publish","hentry"],"_links":{"self":[{"href":"https:\/\/blogs.uni-bremen.de\/queerspacesbremen\/wp-json\/wp\/v2\/pages\/236","targetHints":{"allow":["GET"]}}],"collection":[{"href":"https:\/\/blogs.uni-bremen.de\/queerspacesbremen\/wp-json\/wp\/v2\/pages"}],"about":[{"href":"https:\/\/blogs.uni-bremen.de\/queerspacesbremen\/wp-json\/wp\/v2\/types\/page"}],"author":[{"embeddable":true,"href":"https:\/\/blogs.uni-bremen.de\/queerspacesbremen\/wp-json\/wp\/v2\/users\/11117"}],"replies":[{"embeddable":true,"href":"https:\/\/blogs.uni-bremen.de\/queerspacesbremen\/wp-json\/wp\/v2\/comments?post=236"}],"version-history":[{"count":4,"href":"https:\/\/blogs.uni-bremen.de\/queerspacesbremen\/wp-json\/wp\/v2\/pages\/236\/revisions"}],"predecessor-version":[{"id":333,"href":"https:\/\/blogs.uni-bremen.de\/queerspacesbremen\/wp-json\/wp\/v2\/pages\/236\/revisions\/333"}],"wp:attachment":[{"href":"https:\/\/blogs.uni-bremen.de\/queerspacesbremen\/wp-json\/wp\/v2\/media?parent=236"}],"curies":[{"name":"wp","href":"https:\/\/api.w.org\/{rel}","templated":true}]}}