{"id":533,"date":"2019-12-26T12:50:16","date_gmt":"2019-12-26T11:50:16","guid":{"rendered":"https:\/\/blogs.uni-bremen.de\/nubnaturschutz\/?page_id=533"},"modified":"2020-01-27T17:17:28","modified_gmt":"2020-01-27T16:17:28","slug":"plenum-vom-09-dezember-2019","status":"publish","type":"page","link":"https:\/\/blogs.uni-bremen.de\/nubnaturschutz\/plenum-vom-09-dezember-2019\/","title":{"rendered":"Plenum vom 09. Dezember 2019"},"content":{"rendered":"<div class=\"et_d4_element et_pb_section et_pb_section_0  et_pb_css_mix_blend_mode et_section_regular et_block_section\" >\n\t\t\t\t\n\t\t\t\t\n\t\t\t\t\n\t\t\t\t\n\t\t\t\t\n\t\t\t\t\n\t\t\t\t<div class=\"et_d4_element et_pb_row et_pb_row_0  et_pb_css_mix_blend_mode et_block_row\">\n\t\t\t\t<div class=\"et_d4_element et_pb_column_1_4 et_pb_column et_pb_column_0  et_pb_css_mix_blend_mode et_block_column\">\n\t\t\t\t\n\t\t\t\t\n\t\t\t\t\n\t\t\t\t\n\t\t\t\t<div class=\"et_pb_module et_d4_element et_pb_text et_pb_text_0 et_clickable  et_pb_text_align_left et_pb_bg_layout_light\">\n\t\t\t\t\n\t\t\t\t\n\t\t\t\t\n\t\t\t\t\n\t\t\t\t<div class=\"et_pb_text_inner\"><p><img loading=\"lazy\" decoding=\"async\" class=\"alignnone size-medium wp-image-21\" src=\"https:\/\/blogs.uni-bremen.de\/nubnaturschutz\/files\/2018\/10\/Logo9-300x226.png\" alt=\"\" width=\"217\" height=\"163\"><\/p><\/div>\n\t\t\t<\/div>\n\t\t\t<\/div><div class=\"et_d4_element et_pb_column_3_4 et_pb_column et_pb_column_1  et_pb_css_mix_blend_mode et-last-child et_block_column\">\n\t\t\t\t\n\t\t\t\t\n\t\t\t\t\n\t\t\t\t\n\t\t\t\t<div class=\"et_pb_module et_d4_element et_pb_text et_pb_text_1  et_pb_text_align_left et_pb_bg_layout_light\">\n\t\t\t\t\n\t\t\t\t\n\t\t\t\t\n\t\t\t\t\n\t\t\t\t<div class=\"et_pb_text_inner\"><pre><span style=\"color: #ffffff\"><span style=\"font-family: verdana, geneva, sans-serif\"><span style=\"font-size: 42pt\">\r\nNUB\r\n<\/span><\/span><span style=\"font-family: verdana, geneva, sans-serif\"><span style=\"font-size: 22pt\">\r\nNaturschutzgruppe an der Uni Bremen<\/span><\/span><\/span><\/pre><\/div>\n\t\t\t<\/div>\n\t\t\t<\/div>\n\t\t\t\t\n\t\t\t\t\n\t\t\t\t\n\t\t\t\t\n\t\t\t<\/div><div class=\"et_d4_element et_pb_row et_pb_row_1  et_pb_css_mix_blend_mode et_block_row\">\n\t\t\t\t<div class=\"et_d4_element et_pb_column_4_4 et_pb_column et_pb_column_2  et_pb_css_mix_blend_mode et-last-child et_block_column\">\n\t\t\t\t\n\t\t\t\t\n\t\t\t\t\n\t\t\t\t\n\t\t\t\t<div id=\"wildbienen\" class=\"et_pb_module et_d4_element et_pb_text et_pb_text_2  et_pb_text_align_left et_pb_bg_layout_light\">\n\t\t\t\t\n\t\t\t\t\n\t\t\t\t\n\t\t\t\t\n\t\t\t\t<div class=\"et_pb_text_inner\"><p style=\"text-align: center\"><span style=\"color: #000000\"><strong><span style=\"font-size: 14pt;font-family: verdana, geneva, sans-serif\">Artenvielfalt-Diskussion und M\u00fcllsammelaktion<br \/><\/span><\/strong><\/span><\/p><\/div>\n\t\t\t<\/div>\n\t\t\t<\/div>\n\t\t\t\t\n\t\t\t\t\n\t\t\t\t\n\t\t\t\t\n\t\t\t<\/div><div class=\"et_d4_element et_pb_row et_pb_row_2  et_pb_css_mix_blend_mode et_block_row\">\n\t\t\t\t<div class=\"et_d4_element et_pb_column_4_4 et_pb_column et_pb_column_3  et_pb_css_mix_blend_mode et-last-child et_block_column\">\n\t\t\t\t\n\t\t\t\t\n\t\t\t\t\n\t\t\t\t\n\t\t\t\t<div class=\"et_pb_module et_d4_element et_pb_text et_pb_text_3  et_pb_text_align_left et_pb_bg_layout_light\">\n\t\t\t\t\n\t\t\t\t\n\t\t\t\t\n\t\t\t\t\n\t\t\t\t<div class=\"et_pb_text_inner\"><p><span style=\"font-family: verdana, geneva, sans-serif;font-size: 14pt;color: #000000\">Am Tag der Lehre (4.12.) gab es den Workshop Biodiversit\u00e4t. Es ging um das Biodiversit\u00e4tsprojekt, Hannah berichtet: Was bedeutet Biodiversit\u00e4t und wie k\u00f6nnen wir unser Projekt der \u00d6ffentlichkeit zug\u00e4nglich machen, welche Angebote soll es geben etc. Es gab viele Ideen. die nun ausgearbeitet werden, z. B. Lehrpfad, Schilder, Veranstaltungen, Kunstprojekte und Schulprojekte<br \/>M\u00fcllsammeln: \u00dcber 20 Leute, spannender M\u00fcll, kleiner Bericht mit Fotos f\u00fcr Webseite und Social Media soll geschrieben werden, dar\u00fcber was gefunden wird etc.<br \/>Weitere Ideen: gesammelter M\u00fcll soll ausgestellt werden; Minivortr\u00e4ge zu M\u00fcll in der Umwelt, dem Ganzen einen Rahmen geben, Apell die M\u00fclleimer zu nutzen; Umfragebox: stimme ab mit Kippeneinwurf (Scherzfrage oder \u00f6kologisch oder politisch), es gibt genug M\u00fclleimer auf dem Campus, Fu\u00dfabdr\u00fccke zum M\u00fclleimer oder Zonen auf dem Boden, Tatort Kippe (Umzeichnen von Kippen auf dem Boden) \u2013 sowas sollte mit dem Dez 4 abgekl\u00e4rt werden!<br \/><\/span><\/p><\/div>\n\t\t\t<\/div>\n\t\t\t<\/div>\n\t\t\t\t\n\t\t\t\t\n\t\t\t\t\n\t\t\t\t\n\t\t\t<\/div><div class=\"et_d4_element et_pb_row et_pb_row_3  et_pb_css_mix_blend_mode et_block_row\">\n\t\t\t\t<div class=\"et_d4_element et_pb_column_4_4 et_pb_column et_pb_column_4  et_pb_css_mix_blend_mode et-last-child et_block_column\">\n\t\t\t\t\n\t\t\t\t\n\t\t\t\t\n\t\t\t\t\n\t\t\t\t<div id=\"wildbienen\" class=\"et_pb_module et_d4_element et_pb_text et_pb_text_4  et_pb_text_align_left et_pb_bg_layout_light\">\n\t\t\t\t\n\t\t\t\t\n\t\t\t\t\n\t\t\t\t\n\t\t\t\t<div class=\"et_pb_text_inner\"><p style=\"text-align: center\"><span style=\"color: #000000\"><strong><span style=\"font-size: 14pt;font-family: verdana, geneva, sans-serif\">Bremen-r\u00e4umt-auf<br \/><\/span><\/strong><\/span><\/p><\/div>\n\t\t\t<\/div>\n\t\t\t<\/div>\n\t\t\t\t\n\t\t\t\t\n\t\t\t\t\n\t\t\t\t\n\t\t\t<\/div><div class=\"et_d4_element et_pb_row et_pb_row_4  et_pb_css_mix_blend_mode et_block_row\">\n\t\t\t\t<div class=\"et_d4_element et_pb_column_4_4 et_pb_column et_pb_column_5  et_pb_css_mix_blend_mode et-last-child et_block_column\">\n\t\t\t\t\n\t\t\t\t\n\t\t\t\t\n\t\t\t\t\n\t\t\t\t<div class=\"et_pb_module et_d4_element et_pb_text et_pb_text_5  et_pb_text_align_left et_pb_bg_layout_light\">\n\t\t\t\t\n\t\t\t\t\n\t\t\t\t\n\t\t\t\t\n\t\t\t\t<div class=\"et_pb_text_inner\"><p><span style=\"font-family: verdana, geneva, sans-serif;font-size: 14pt;color: #000000\">Bremen-r\u00e4umt-auf hat unsere M\u00fcllsammelaktion auf facebook gepostet, gemeinsame Aktion im n\u00e4chsten Jahr, k\u00f6nnen wir unsere Flyer bei denen auslegen? Bremen r\u00e4umt auf wird unser Anliegen bei ihrem n\u00e4chsten Treffen besprechen. Hannah h\u00e4lt uns auf dem Laufenden. Am 20.\/21. M\u00e4rz sind die n\u00e4chsten Aktionstage.<br \/><\/span><\/p><\/div>\n\t\t\t<\/div>\n\t\t\t<\/div>\n\t\t\t\t\n\t\t\t\t\n\t\t\t\t\n\t\t\t\t\n\t\t\t<\/div><div class=\"et_d4_element et_pb_row et_pb_row_5  et_pb_css_mix_blend_mode et_block_row\">\n\t\t\t\t<div class=\"et_d4_element et_pb_column_4_4 et_pb_column et_pb_column_6  et_pb_css_mix_blend_mode et-last-child et_block_column\">\n\t\t\t\t\n\t\t\t\t\n\t\t\t\t\n\t\t\t\t\n\t\t\t\t<div id=\"wildbienen\" class=\"et_pb_module et_d4_element et_pb_text et_pb_text_6  et_pb_text_align_left et_pb_bg_layout_light\">\n\t\t\t\t\n\t\t\t\t\n\t\t\t\t\n\t\t\t\t\n\t\t\t\t<div class=\"et_pb_text_inner\"><p style=\"text-align: center\"><span style=\"color: #000000\"><strong><span style=\"font-size: 14pt;font-family: verdana, geneva, sans-serif\">Science-Chat<br \/><\/span><\/strong><\/span><\/p><\/div>\n\t\t\t<\/div>\n\t\t\t<\/div>\n\t\t\t\t\n\t\t\t\t\n\t\t\t\t\n\t\t\t\t\n\t\t\t<\/div><div class=\"et_d4_element et_pb_row et_pb_row_6  et_pb_css_mix_blend_mode et_block_row\">\n\t\t\t\t<div class=\"et_d4_element et_pb_column_4_4 et_pb_column et_pb_column_7  et_pb_css_mix_blend_mode et-last-child et_block_column\">\n\t\t\t\t\n\t\t\t\t\n\t\t\t\t\n\t\t\t\t\n\t\t\t\t<div class=\"et_pb_module et_d4_element et_pb_text et_pb_text_7  et_pb_text_align_left et_pb_bg_layout_light\">\n\t\t\t\t\n\t\t\t\t\n\t\t\t\t\n\t\t\t\t\n\t\t\t\t<div class=\"et_pb_text_inner\"><p><span style=\"font-family: verdana, geneva, sans-serif;font-size: 14pt;color: #000000\">Wir sind vom Science Chat eingeladen worden. Das ist eine Vortagsreihe, die von Doktoranden des \u00d6kologiebereichs organisiert wird, immer montags von 4 bis 5 Uhr. Wir d\u00fcrfen dort \u00fcber unsere Projekte etwas vortragen. Antonia hat dort zugesagt, es wird aber fr\u00fchstens etwas im Februar.<br \/><\/span><\/p><\/div>\n\t\t\t<\/div>\n\t\t\t<\/div>\n\t\t\t\t\n\t\t\t\t\n\t\t\t\t\n\t\t\t\t\n\t\t\t<\/div><div class=\"et_d4_element et_pb_row et_pb_row_7  et_pb_css_mix_blend_mode et_block_row\">\n\t\t\t\t<div class=\"et_d4_element et_pb_column_4_4 et_pb_column et_pb_column_8  et_pb_css_mix_blend_mode et-last-child et_block_column\">\n\t\t\t\t\n\t\t\t\t\n\t\t\t\t\n\t\t\t\t\n\t\t\t\t<div id=\"wildbienen\" class=\"et_pb_module et_d4_element et_pb_text et_pb_text_8  et_pb_text_align_left et_pb_bg_layout_light\">\n\t\t\t\t\n\t\t\t\t\n\t\t\t\t\n\t\t\t\t\n\t\t\t\t<div class=\"et_pb_text_inner\"><p style=\"text-align: center\"><span style=\"color: #000000\"><strong><span style=\"font-size: 14pt;font-family: verdana, geneva, sans-serif\">Parzelle<\/span><\/strong><\/span><\/p><\/div>\n\t\t\t<\/div>\n\t\t\t<\/div>\n\t\t\t\t\n\t\t\t\t\n\t\t\t\t\n\t\t\t\t\n\t\t\t<\/div><div class=\"et_d4_element et_pb_row et_pb_row_8  et_pb_css_mix_blend_mode et_block_row\">\n\t\t\t\t<div class=\"et_d4_element et_pb_column_4_4 et_pb_column et_pb_column_9  et_pb_css_mix_blend_mode et-last-child et_block_column\">\n\t\t\t\t\n\t\t\t\t\n\t\t\t\t\n\t\t\t\t\n\t\t\t\t<div class=\"et_pb_module et_d4_element et_pb_text et_pb_text_9  et_pb_text_align_left et_pb_bg_layout_light\">\n\t\t\t\t\n\t\t\t\t\n\t\t\t\t\n\t\t\t\t\n\t\t\t\t<div class=\"et_pb_text_inner\"><p><span style=\"font-family: verdana, geneva, sans-serif;font-size: 14pt;color: #000000\">Der BUND macht ihre Parzelle nicht weiter (unsere Parzelle geh\u00f6rt dem BUND und das Werkzeug ist auf dem Grundst\u00fcck des BUND). Problem: Die Werkzeuge stehen uns nun f\u00fcr einen unbekannten Zeitraum zur Verf\u00fcgung, unsere Parzelle bleibt uns erhalten, uns wurde auch das Grundst\u00fcck mit dem Haus angeboten, was direkt von uns abgelehnt wurde. Der BUND wird sein Werkzeug abziehen (in ein paar Monaten), demn\u00e4chst brauchen wir eigenes Werkzeug und einen Platz um es zu lagern. \u00dcbergangsweise bleibt alles so wie es ist. Der Kleingartenverein hat uns zugesagt, dass wir das Haus erst mal f\u00fcr die Werkzeuge nutzen k\u00f6nnen. Diese Woche oder n\u00e4chste Woche gibt es einen Arbeitseinsatz um die Brombeeren auf der Parzelle loszuwerden. Alle sind eingeladen, dazu wird es eine Mail geben.<br \/><\/span><\/p><\/div>\n\t\t\t<\/div>\n\t\t\t<\/div>\n\t\t\t\t\n\t\t\t\t\n\t\t\t\t\n\t\t\t\t\n\t\t\t<\/div><div class=\"et_d4_element et_pb_row et_pb_row_9  et_pb_css_mix_blend_mode et_block_row\">\n\t\t\t\t<div class=\"et_d4_element et_pb_column_4_4 et_pb_column et_pb_column_10  et_pb_css_mix_blend_mode et-last-child et_block_column\">\n\t\t\t\t\n\t\t\t\t\n\t\t\t\t\n\t\t\t\t\n\t\t\t\t<div id=\"wildbienen\" class=\"et_pb_module et_d4_element et_pb_text et_pb_text_10  et_pb_text_align_left et_pb_bg_layout_light\">\n\t\t\t\t\n\t\t\t\t\n\t\t\t\t\n\t\t\t\t\n\t\t\t\t<div class=\"et_pb_text_inner\"><p style=\"text-align: center\"><span style=\"color: #000000\"><strong><span style=\"font-size: 14pt;font-family: verdana, geneva, sans-serif\">Kleingew\u00e4ssergruppe<br \/><\/span><\/strong><\/span><\/p><\/div>\n\t\t\t<\/div>\n\t\t\t<\/div>\n\t\t\t\t\n\t\t\t\t\n\t\t\t\t\n\t\t\t\t\n\t\t\t<\/div><div class=\"et_d4_element et_pb_row et_pb_row_10  et_pb_css_mix_blend_mode et_block_row\">\n\t\t\t\t<div class=\"et_d4_element et_pb_column_4_4 et_pb_column et_pb_column_11  et_pb_css_mix_blend_mode et-last-child et_block_column\">\n\t\t\t\t\n\t\t\t\t\n\t\t\t\t\n\t\t\t\t\n\t\t\t\t<div class=\"et_pb_module et_d4_element et_pb_text et_pb_text_11  et_pb_text_align_left et_pb_bg_layout_light\">\n\t\t\t\t\n\t\t\t\t\n\t\t\t\t\n\t\t\t\t\n\t\t\t\t<div class=\"et_pb_text_inner\"><p><span style=\"font-family: verdana, geneva, sans-serif;font-size: 14pt;color: #000000\">Es gibt gerade keine genaue Richtung (Julia ist ja nicht mehr da, Mattis ist jetzt verantwortlich), aber interessierte Leute. Amphibien: es gibt nur 3 oder 4 Arten auf dem Campus, Marko kann dort weiterhelfen. Es soll ein Planungstreffen geben. Der Mensasee: f\u00e4llt unter den Architektenbereich, k\u00f6nnte man sich mal unter die Lupe nehmen, k\u00f6nnte irgendwann mal mit Mahdprojekt verbunden werden. Bei der Kr\u00f6tenwanderung im Fr\u00fchjahr k\u00f6nnte mitgeholfen werden (BUND und NABU).<br \/><\/span><\/p><\/div>\n\t\t\t<\/div>\n\t\t\t<\/div>\n\t\t\t\t\n\t\t\t\t\n\t\t\t\t\n\t\t\t\t\n\t\t\t<\/div><div class=\"et_d4_element et_pb_row et_pb_row_11  et_pb_css_mix_blend_mode et_block_row\">\n\t\t\t\t<div class=\"et_d4_element et_pb_column_4_4 et_pb_column et_pb_column_12  et_pb_css_mix_blend_mode et-last-child et_block_column\">\n\t\t\t\t\n\t\t\t\t\n\t\t\t\t\n\t\t\t\t\n\t\t\t\t<div id=\"wildbienen\" class=\"et_pb_module et_d4_element et_pb_text et_pb_text_12  et_pb_text_align_left et_pb_bg_layout_light\">\n\t\t\t\t\n\t\t\t\t\n\t\t\t\t\n\t\t\t\t\n\t\t\t\t<div class=\"et_pb_text_inner\"><p style=\"text-align: center\"><span style=\"color: #000000\"><strong><span style=\"font-size: 14pt;font-family: verdana, geneva, sans-serif\">Baumschnitt<br \/><\/span><\/strong><\/span><\/p><\/div>\n\t\t\t<\/div>\n\t\t\t<\/div>\n\t\t\t\t\n\t\t\t\t\n\t\t\t\t\n\t\t\t\t\n\t\t\t<\/div><div class=\"et_d4_element et_pb_row et_pb_row_12  et_pb_css_mix_blend_mode et_block_row\">\n\t\t\t\t<div class=\"et_d4_element et_pb_column_4_4 et_pb_column et_pb_column_13  et_pb_css_mix_blend_mode et-last-child et_block_column\">\n\t\t\t\t\n\t\t\t\t\n\t\t\t\t\n\t\t\t\t\n\t\t\t\t<div class=\"et_pb_module et_d4_element et_pb_text et_pb_text_13  et_pb_text_align_left et_pb_bg_layout_light\">\n\t\t\t\t\n\t\t\t\t\n\t\t\t\t\n\t\t\t\t\n\t\t\t\t<div class=\"et_pb_text_inner\"><p><span style=\"font-family: verdana, geneva, sans-serif;font-size: 14pt;color: #000000\">Der Baumschnitt sollte im Januar gemacht werden, Hannah bringt eine Leiter mit, wir wollen T-Shirts anziehen um erkannt zu werden, im Januar gibt es einen doodle zur Terminfindung. Eventuell gibt es beim BUND wieder ein Seminar zum Obstbaumschnitt.<br \/><\/span><\/p><\/div>\n\t\t\t<\/div>\n\t\t\t<\/div>\n\t\t\t\t\n\t\t\t\t\n\t\t\t\t\n\t\t\t\t\n\t\t\t<\/div><div class=\"et_d4_element et_pb_row et_pb_row_13  et_pb_css_mix_blend_mode et_block_row\">\n\t\t\t\t<div class=\"et_d4_element et_pb_column_4_4 et_pb_column et_pb_column_14  et_pb_css_mix_blend_mode et-last-child et_block_column\">\n\t\t\t\t\n\t\t\t\t\n\t\t\t\t\n\t\t\t\t\n\t\t\t\t<div id=\"wildbienen\" class=\"et_pb_module et_d4_element et_pb_text et_pb_text_14  et_pb_text_align_left et_pb_bg_layout_light\">\n\t\t\t\t\n\t\t\t\t\n\t\t\t\t\n\t\t\t\t\n\t\t\t\t<div class=\"et_pb_text_inner\"><p style=\"text-align: center\"><span style=\"color: #000000\"><strong><span style=\"font-size: 14pt;font-family: verdana, geneva, sans-serif\">Website<br \/><\/span><\/strong><\/span><\/p><\/div>\n\t\t\t<\/div>\n\t\t\t<\/div>\n\t\t\t\t\n\t\t\t\t\n\t\t\t\t\n\t\t\t\t\n\t\t\t<\/div><div class=\"et_d4_element et_pb_row et_pb_row_14  et_pb_css_mix_blend_mode et_block_row\">\n\t\t\t\t<div class=\"et_d4_element et_pb_column_4_4 et_pb_column et_pb_column_15  et_pb_css_mix_blend_mode et-last-child et_block_column\">\n\t\t\t\t\n\t\t\t\t\n\t\t\t\t\n\t\t\t\t\n\t\t\t\t<div class=\"et_pb_module et_d4_element et_pb_text et_pb_text_15  et_pb_text_align_left et_pb_bg_layout_light\">\n\t\t\t\t\n\t\t\t\t\n\t\t\t\t\n\t\t\t\t\n\t\t\t\t<div class=\"et_pb_text_inner\"><p><span style=\"font-family: verdana, geneva, sans-serif;font-size: 14pt;color: #000000\">Jutta ist nicht da, die Webseite soll wiederbelebt werden. Francis w\u00fcrde sich da auch drum k\u00fcmmern, ist aber auch nicht da. Es k\u00f6nnte einen Editor der Webseite geben, der oder die nur Texte hochladen w\u00fcrde. Texte sollen immer geschrieben werden, wenn es eine Aktion gab. Plenumsprotokolle sollen auch hochgeladen werden. Antonia schickt die Protokolle der letzten Monate an Jutta, damit sie auf die Webseite kommen.<br \/><\/span><\/p><\/div>\n\t\t\t<\/div>\n\t\t\t<\/div>\n\t\t\t\t\n\t\t\t\t\n\t\t\t\t\n\t\t\t\t\n\t\t\t<\/div><div class=\"et_d4_element et_pb_row et_pb_row_15  et_pb_css_mix_blend_mode et_block_row\">\n\t\t\t\t<div class=\"et_d4_element et_pb_column_4_4 et_pb_column et_pb_column_16  et_pb_css_mix_blend_mode et-last-child et_block_column\">\n\t\t\t\t\n\t\t\t\t\n\t\t\t\t\n\t\t\t\t\n\t\t\t\t<div id=\"wildbienen\" class=\"et_pb_module et_d4_element et_pb_text et_pb_text_16  et_pb_text_align_left et_pb_bg_layout_light\">\n\t\t\t\t\n\t\t\t\t\n\t\t\t\t\n\t\t\t\t\n\t\t\t\t<div class=\"et_pb_text_inner\"><p style=\"text-align: center\"><span style=\"color: #000000\"><strong><span style=\"font-size: 14pt;font-family: verdana, geneva, sans-serif\">Diverses<br \/><\/span><\/strong><\/span><\/p><\/div>\n\t\t\t<\/div>\n\t\t\t<\/div>\n\t\t\t\t\n\t\t\t\t\n\t\t\t\t\n\t\t\t\t\n\t\t\t<\/div><div class=\"et_d4_element et_pb_row et_pb_row_16  et_pb_css_mix_blend_mode et_block_row\">\n\t\t\t\t<div class=\"et_d4_element et_pb_column_4_4 et_pb_column et_pb_column_17  et_pb_css_mix_blend_mode et-last-child et_block_column\">\n\t\t\t\t\n\t\t\t\t\n\t\t\t\t\n\t\t\t\t\n\t\t\t\t<div class=\"et_pb_module et_d4_element et_pb_text et_pb_text_17  et_pb_text_align_left et_pb_bg_layout_light\">\n\t\t\t\t\n\t\t\t\t\n\t\t\t\t\n\t\t\t\t\n\t\t\t\t<div class=\"et_pb_text_inner\"><p><span style=\"font-family: verdana, geneva, sans-serif;font-size: 14pt;color: #000000\"><strong>a.<\/strong> Katharina und Jannik: Projekte mit Sch\u00fclern: Stunde im Biologieunterricht zu \u00d6kologie, Formenkenntnis, Nachhaltigkeit etc. Oberstufe ist interessant als n\u00e4chste Studierende. Scarlett hat mal einen Workshop zu Insekten gemacht (allerding in der 2. Klasse). Katharina und Jannik werden Schulen kontaktieren und anfragen, es gibt bereits Kontakt zu bestimmten Gymnasien in Bremen. Genaues Thema und Form soll festgelegt werden. Idee wird per Mail rumgeschickt werden damit Interessierte sich melden k\u00f6nnen.<\/span><\/p>\n<p><span style=\"font-family: verdana, geneva, sans-serif;font-size: 14pt;color: #000000\"><strong>b.<\/strong> Raffaela: Die NUB bei anderen Studierenden vorstellen. Sollte auf 5 min beschr\u00e4nkt werden (Tafel nutzen, Email und n\u00e4chstes Treffen), was ist die NUB, wie sind wir organisiert, aktuelle Projekte etc.<\/span><br \/><span style=\"font-family: verdana, geneva, sans-serif;font-size: 14pt;color: #000000\">Folgende Personen sollen gefragt werden ob wir in der VL uns vorstellen d\u00fcrfen:<\/span><br \/><span style=\"font-family: verdana, geneva, sans-serif;font-size: 14pt;color: #000000\">FB1 Dr. Notholt (Umweltphysik), FB3 Ralf Streibl, Stugen der anderen Fachbereiche k\u00f6nnen angesprochen werden, es soll Mundpropaganda gemacht<\/span><br \/><span style=\"font-family: verdana, geneva, sans-serif;font-size: 14pt;color: #000000\">werden (z. B. bei Lehr\u00e4mtlern), Master Ecology (das Plenum k\u00f6nnte auf Englisch gehalten werden), VWL es gibt Bioeconomics Master, Nachhaltiges Management: Dr. M\u00fcller-Christ, Geographie: Inga Labuhn, Bernd Zolitschka, Benjamin Marzion<\/span><\/p>\n<p><span style=\"font-family: verdana, geneva, sans-serif;font-size: 14pt;color: #000000\"><strong>c.<\/strong> Antonia: es sind nur noch wenige Flyer und Plakate \u00fcbrig. Juliane: \u201eBeflyern\u201c der Mensa ist sinnvoll, Zettel mit speziellen Ank\u00fcndigungen sollen verteilt werden. Hannah und Antonia sprechen Doris am Donnerstag auf neue Plakate an.<\/span><br \/><span style=\"font-family: verdana, geneva, sans-serif;font-size: 14pt;color: #000000\">An der Mensa gibt es Werbefl\u00e4chen, dort k\u00f6nnte angefragt werden.<\/span><\/p>\n<p><span style=\"font-family: verdana, geneva, sans-serif;font-size: 14pt;color: #000000\"><strong>d.<\/strong> H\u00f6rsaalkino der NUB mit Dokus (regelm\u00e4\u00dfig einmal pro Semester), Lizenz muss gekl\u00e4rt werden, Recherche f\u00fcr gute Dokus ohne Lizenz sollte gestartet werden. Infos dazu k\u00f6nnte es von den Kunst-Menschen der Uni geben oder dem StugA oder Internet. Campuskino k\u00f6nnte angesprochen werden ob sie einen relevanten Film zeigen k\u00f6nnten. Juliane informiert sich. Nach dem Film soll es eine Diskussion geben.<\/span><\/p>\n<p><span style=\"font-family: verdana, geneva, sans-serif;font-size: 14pt;color: #000000\"><strong>e.<\/strong> BioDiv Projekt: Es gab eine Begehung, am Donnerstag ist das n\u00e4chste Treffen mit dem Biodiversit\u00e4ts-Hub, dort wird unser Ergebnis vorgestellt werden<\/span><\/p>\n<p><span style=\"font-family: verdana, geneva, sans-serif;font-size: 14pt;color: #000000\"><strong>f.<\/strong> Flunky Ball Gruppe: Alistair trifft sich mit neuen Mitgliedern zur Planung und Kl\u00e4rung rechtlicher Fragen<\/span><\/p>\n<p><span style=\"font-family: verdana, geneva, sans-serif;font-size: 14pt;color: #000000\"><strong>g.<\/strong> Repair Cafe (Laurent): Leute k\u00f6nnen mit kaputten Dingen kommen und man trifft sich gemeinsam zur Reparatur um M\u00fcll zu vermeiden, Laurent hat einen Kumpel der L\u00f6ten kann, Probleme: Haftung und Versicherung etc. (Laurent wei\u00df wie man damit umgeht). Gut f\u00fcr Erstis die noch keine Ahnung haben. Anfallender M\u00fcll der Aktion k\u00f6nnte zu Kunst etc. verarbeitet werden, Problem: Lagerung.<\/span><\/p>\n<p><span style=\"font-family: verdana, geneva, sans-serif;font-size: 14pt;color: #000000\"><strong>h.<\/strong> T-shirts: sollen wieder selber gemacht werden (Hannah hat noch Materialien, zB Folie und Schablonen) Logo mit Libelle, Schriftzug etc kann individuell gemacht werden T-shirts: sollen wieder selber gemacht werden (Hannah hat noch Materialien, zB Folie und Schablonen) Logo mit Libelle, Schriftzug etc kann individuell gemacht werden<\/span><\/p>\n<p><span style=\"font-family: verdana, geneva, sans-serif;font-size: 14pt;color: #000000\">N\u00e4chstes Plenum: Webseite soll mit Jutta und Francis besprochen werden<br \/><\/span><\/p><\/div>\n\t\t\t<\/div>\n\t\t\t<\/div>\n\t\t\t\t\n\t\t\t\t\n\t\t\t\t\n\t\t\t\t\n\t\t\t<\/div>\n\t\t\t\t\n\t\t\t\t\n\t\t\t<\/div>\n","protected":false},"excerpt":{"rendered":"","protected":false},"author":11053,"featured_media":0,"parent":0,"menu_order":0,"comment_status":"closed","ping_status":"closed","template":"","meta":{"_bbp_topic_count":0,"_bbp_reply_count":0,"_bbp_total_topic_count":0,"_bbp_total_reply_count":0,"_bbp_voice_count":0,"_bbp_anonymous_reply_count":0,"_bbp_topic_count_hidden":0,"_bbp_reply_count_hidden":0,"_bbp_forum_subforum_count":0,"_et_pb_use_builder":"on","_et_pb_old_content":"","_et_gb_content_width":"","footnotes":""},"class_list":["post-533","page","type-page","status-publish","hentry"],"_links":{"self":[{"href":"https:\/\/blogs.uni-bremen.de\/nubnaturschutz\/wp-json\/wp\/v2\/pages\/533","targetHints":{"allow":["GET"]}}],"collection":[{"href":"https:\/\/blogs.uni-bremen.de\/nubnaturschutz\/wp-json\/wp\/v2\/pages"}],"about":[{"href":"https:\/\/blogs.uni-bremen.de\/nubnaturschutz\/wp-json\/wp\/v2\/types\/page"}],"author":[{"embeddable":true,"href":"https:\/\/blogs.uni-bremen.de\/nubnaturschutz\/wp-json\/wp\/v2\/users\/11053"}],"replies":[{"embeddable":true,"href":"https:\/\/blogs.uni-bremen.de\/nubnaturschutz\/wp-json\/wp\/v2\/comments?post=533"}],"version-history":[{"count":3,"href":"https:\/\/blogs.uni-bremen.de\/nubnaturschutz\/wp-json\/wp\/v2\/pages\/533\/revisions"}],"predecessor-version":[{"id":547,"href":"https:\/\/blogs.uni-bremen.de\/nubnaturschutz\/wp-json\/wp\/v2\/pages\/533\/revisions\/547"}],"wp:attachment":[{"href":"https:\/\/blogs.uni-bremen.de\/nubnaturschutz\/wp-json\/wp\/v2\/media?parent=533"}],"curies":[{"name":"wp","href":"https:\/\/api.w.org\/{rel}","templated":true}]}}