{"id":51,"date":"2021-03-05T10:31:24","date_gmt":"2021-03-05T09:31:24","guid":{"rendered":"https:\/\/blogs.uni-bremen.de\/nationalismus\/?page_id=51"},"modified":"2021-03-22T12:01:23","modified_gmt":"2021-03-22T11:01:23","slug":"methodik","status":"publish","type":"page","link":"https:\/\/blogs.uni-bremen.de\/nationalismus\/methodik\/","title":{"rendered":"Methodik"},"content":{"rendered":"<div class=\"et_d4_element et_pb_section et_pb_section_0 et_pb_with_background  et_pb_css_mix_blend_mode et_section_regular et_block_section\" >\n\t\t\t\t\n\t\t\t\t\n\t\t\t\t\n\t\t\t\t\n\t\t\t\t\n\t\t\t\t\n\t\t\t\t<div class=\"et_pb_with_border et_d4_element et_pb_row et_pb_row_0  et_pb_css_mix_blend_mode et_block_row\">\n\t\t\t\t<div class=\"et_d4_element et_pb_column_4_4 et_pb_column et_pb_column_0  et_pb_css_mix_blend_mode et-last-child et_block_column\">\n\t\t\t\t\n\t\t\t\t\n\t\t\t\t\n\t\t\t\t\n\t\t\t\t<div class=\"et_pb_with_border et_pb_module et_d4_element et_pb_text et_pb_text_0  et_pb_text_align_left et_pb_bg_layout_light\">\n\t\t\t\t\n\t\t\t\t\n\t\t\t\t\n\t\t\t\t\n\t\t\t\t<div class=\"et_pb_text_inner\"><h1 style=\"text-align: center\"><strong>Methodik<\/strong><\/h1><\/div>\n\t\t\t<\/div><div class=\"et_pb_module et_d4_element et_pb_image et_pb_image_0\">\n\t\t\t\t\n\t\t\t\t\n\t\t\t\t\n\t\t\t\t\n\t\t\t\t<span class=\"et_pb_image_wrap \"><img loading=\"lazy\" decoding=\"async\" width=\"2048\" height=\"2048\" src=\"https:\/\/blogs.uni-bremen.de\/nationalismus\/files\/1.png\" alt=\"\" title=\"1\" srcset=\"https:\/\/blogs.uni-bremen.de\/nationalismus\/files\/1-2048x2048.png 2048w, https:\/\/blogs.uni-bremen.de\/nationalismus\/files\/1-1280x1280.png 1280w, https:\/\/blogs.uni-bremen.de\/nationalismus\/files\/1-980x980.png 980w, https:\/\/blogs.uni-bremen.de\/nationalismus\/files\/1-480x480.png 480w\" sizes=\"(min-width: 0px) and (max-width: 480px) 480px, (min-width: 481px) and (max-width: 980px) 980px, (min-width: 981px) and (max-width: 1280px) 1280px, (min-width: 1281px) 2048px, 100vw\" class=\"wp-image-104\" \/><\/span>\n\t\t\t<\/div><div class=\"et_pb_module et_d4_element et_pb_image et_pb_image_1\">\n\t\t\t\t\n\t\t\t\t\n\t\t\t\t\n\t\t\t\t\n\t\t\t\t<span class=\"et_pb_image_wrap \"><img loading=\"lazy\" decoding=\"async\" width=\"2048\" height=\"2048\" src=\"https:\/\/blogs.uni-bremen.de\/nationalismus\/files\/1.png\" alt=\"\" title=\"1\" srcset=\"https:\/\/blogs.uni-bremen.de\/nationalismus\/files\/1-2048x2048.png 2048w, https:\/\/blogs.uni-bremen.de\/nationalismus\/files\/1-1280x1280.png 1280w, https:\/\/blogs.uni-bremen.de\/nationalismus\/files\/1-980x980.png 980w, https:\/\/blogs.uni-bremen.de\/nationalismus\/files\/1-480x480.png 480w\" sizes=\"(min-width: 0px) and (max-width: 480px) 480px, (min-width: 481px) and (max-width: 980px) 980px, (min-width: 981px) and (max-width: 1280px) 1280px, (min-width: 1281px) 2048px, 100vw\" class=\"wp-image-104\" \/><\/span>\n\t\t\t<\/div><div class=\"et_pb_with_border et_pb_module et_d4_element et_pb_text et_pb_text_1  et_pb_text_align_left et_pb_bg_layout_light\">\n\t\t\t\t\n\t\t\t\t\n\t\t\t\t\n\t\t\t\t\n\t\t\t\t<div class=\"et_pb_text_inner\"><p style=\"text-align: justify\">Um eine Antwort auf die Forschungsfrage zu finden wird die Monographie und der aus der Ver\u00f6ffentlichung resultierende Skandal als Beispiel und als Grundlage genommen, um die Perspektive der Zwischenstaatlichen Beziehung besser verstehen zu k\u00f6nnen und einen konkreten Einblick in die Gedankenwelt und die Erlebnisse eines einzelnen Aserbaidschaners zu bekommen. Hierbei ist wichtig zu erw\u00e4hnen, dass diese Arbeit durch die geringe Datenlage und durch die geringe Seitenanzahl keinen Anspruch haben kann allgemeing\u00fcltige Antworten auf die Forschungsfrage zu finden. Jede allgemeing\u00fcltige Behauptung, die hiermit aufgestellt werden w\u00fcrde w\u00e4re lediglich eine Generalisierung, die es zu vermeiden gilt. Weiterhin ist die Sichtweise von mir als Forscherin durch die Zugeh\u00f6rigkeit zur armenischen Ethnie vorbeeinflusst, weshalb es nicht m\u00f6glich war mit einem ungefilterten Blick an diese Forschungsfrage heranzugehen. Gleichzeitig er\u00f6ffnet sich mir hierdurch jedoch die M\u00f6glichkeit auch \u201ehinter die Kulissen\u201c zu schauen und als Betroffene Zusammenh\u00e4nge schneller einordnen zu k\u00f6nnen.<\/p>\n<p style=\"text-align: justify\">Zu Anfang soll erstmal auf die armenisch-aserbaidschanische Konfliktsituation eingegangen werden, um dann den Fokus auf die Bedeutung sowie die Idee von Nationalismus in diesem Zusammenhang zu legen. Als letztes dient die Monographie von dem aserbaidschanischen Autor Akram Aylisli und dem daraus folgenden Skandal als besonderes Beispiel, welches den armenisch-aserbaidschanischen Konflikt nochmal in den Vordergrund gestellt hat und nationalistische Denkweisen herausfordert. Die Einordnung in den kulturwissenschaftlichen Kontext erfolgt durch die Einbeziehung von anthropologischen und sozialwissenschaftlichen Theorien zum Nationalismus, welche in die Arbeit mit einflie\u00dfen werden.<\/p><\/div>\n\t\t\t<\/div>\n\t\t\t<\/div>\n\t\t\t\t\n\t\t\t\t\n\t\t\t\t\n\t\t\t\t\n\t\t\t<\/div><div class=\"et_d4_element et_pb_row et_pb_row_1  et_pb_css_mix_blend_mode et_block_row\">\n\t\t\t\t<div class=\"et_d4_element et_pb_column_4_4 et_pb_column et_pb_column_1  et_pb_css_mix_blend_mode et-last-child et_block_column\">\n\t\t\t\t\n\t\t\t\t\n\t\t\t\t\n\t\t\t\t\n\t\t\t\t<div class=\"et_pb_module et_d4_element et_pb_image et_pb_image_2 et_animated et-waypoint\">\n\t\t\t\t\n\t\t\t\t\n\t\t\t\t\n\t\t\t\t\n\t\t\t\t<span class=\"et_pb_image_wrap \"><img loading=\"lazy\" decoding=\"async\" width=\"3000\" height=\"3000\" src=\"https:\/\/blogs.uni-bremen.de\/nationalismus\/files\/2.png\" alt=\"\" title=\"2\" srcset=\"https:\/\/blogs.uni-bremen.de\/nationalismus\/files\/2.png 3000w, https:\/\/blogs.uni-bremen.de\/nationalismus\/files\/2-1280x1280.png 1280w, https:\/\/blogs.uni-bremen.de\/nationalismus\/files\/2-980x980.png 980w, https:\/\/blogs.uni-bremen.de\/nationalismus\/files\/2-480x480.png 480w\" sizes=\"(min-width: 0px) and (max-width: 480px) 480px, (min-width: 481px) and (max-width: 980px) 980px, (min-width: 981px) and (max-width: 1280px) 1280px, (min-width: 1281px) 3000px, 100vw\" class=\"wp-image-105\" \/><\/span>\n\t\t\t<\/div><div class=\"et_pb_button_module_wrapper et_pb_button_1_wrapper et_pb_button_alignment_center et_pb_module \">\n\t\t\t\t<a class=\"et_pb_button et_d4_element et_pb_button_1 et_animated et_pb_bg_layout_light et_block_module\" href=\"https:\/\/blogs.uni-bremen.de\/nationalismus\/die-nationalismustheorien-und-der-bergkarabakh-konflikt\" data-icon=\"&#x39;\">Die Nationalismustheorien und der Bergkarabakh-Konflikt<\/a>\n\t\t\t<\/div>\n\t\t\t<\/div>\n\t\t\t\t\n\t\t\t\t\n\t\t\t\t\n\t\t\t\t\n\t\t\t<\/div>\n\t\t\t\t\n\t\t\t\t\n\t\t\t<\/div>\n","protected":false},"excerpt":{"rendered":"","protected":false},"author":10408,"featured_media":0,"parent":0,"menu_order":0,"comment_status":"closed","ping_status":"closed","template":"","meta":{"_bbp_topic_count":0,"_bbp_reply_count":0,"_bbp_total_topic_count":0,"_bbp_total_reply_count":0,"_bbp_voice_count":0,"_bbp_anonymous_reply_count":0,"_bbp_topic_count_hidden":0,"_bbp_reply_count_hidden":0,"_bbp_forum_subforum_count":0,"_et_pb_use_builder":"on","_et_pb_old_content":"","_et_gb_content_width":"","footnotes":""},"class_list":["post-51","page","type-page","status-publish","hentry"],"_links":{"self":[{"href":"https:\/\/blogs.uni-bremen.de\/nationalismus\/wp-json\/wp\/v2\/pages\/51","targetHints":{"allow":["GET"]}}],"collection":[{"href":"https:\/\/blogs.uni-bremen.de\/nationalismus\/wp-json\/wp\/v2\/pages"}],"about":[{"href":"https:\/\/blogs.uni-bremen.de\/nationalismus\/wp-json\/wp\/v2\/types\/page"}],"author":[{"embeddable":true,"href":"https:\/\/blogs.uni-bremen.de\/nationalismus\/wp-json\/wp\/v2\/users\/10408"}],"replies":[{"embeddable":true,"href":"https:\/\/blogs.uni-bremen.de\/nationalismus\/wp-json\/wp\/v2\/comments?post=51"}],"version-history":[{"count":10,"href":"https:\/\/blogs.uni-bremen.de\/nationalismus\/wp-json\/wp\/v2\/pages\/51\/revisions"}],"predecessor-version":[{"id":228,"href":"https:\/\/blogs.uni-bremen.de\/nationalismus\/wp-json\/wp\/v2\/pages\/51\/revisions\/228"}],"wp:attachment":[{"href":"https:\/\/blogs.uni-bremen.de\/nationalismus\/wp-json\/wp\/v2\/media?parent=51"}],"curies":[{"name":"wp","href":"https:\/\/api.w.org\/{rel}","templated":true}]}}