{"id":190,"date":"2021-07-04T15:45:44","date_gmt":"2021-07-04T13:45:44","guid":{"rendered":"https:\/\/blogs.uni-bremen.de\/medienpraxis\/?page_id=190"},"modified":"2025-08-21T09:39:30","modified_gmt":"2025-08-21T07:39:30","slug":"seminare","status":"publish","type":"page","link":"https:\/\/blogs.uni-bremen.de\/medienpraxis\/seminare\/","title":{"rendered":"Seminare"},"content":{"rendered":"<p>[et_pb_section fb_built=&#8220;1&#8243; admin_label=&#8220;section&#8220; _builder_version=&#8220;4.16&#8243; global_colors_info=&#8220;{}&#8220;][et_pb_row _builder_version=&#8220;4.27.4&#8243; _module_preset=&#8220;default&#8220; global_colors_info=&#8220;{}&#8220;][et_pb_column type=&#8220;4_4&#8243; _builder_version=&#8220;4.27.4&#8243; _module_preset=&#8220;default&#8220; global_colors_info=&#8220;{}&#8220;][et_pb_text _builder_version=&#8220;4.27.4&#8243; _module_preset=&#8220;default&#8220; global_colors_info=&#8220;{}&#8220;]<\/p>\n<p>Im Bereich Medienpraxis der kommunikations- und medienwissenschaftlichen Studieng\u00e4nge der Universit\u00e4t Bremen werden unterschiedliche praxisbezogene Seminare angeboten. Auf dieser Seite findet ihr einen kurzen \u00dcberblick sowie weiterf\u00fchrende Links.<\/p>\n<p>[\/et_pb_text][et_pb_text _builder_version=&#8220;4.27.4&#8243; _module_preset=&#8220;default&#8220; global_colors_info=&#8220;{}&#8220;]<\/p>\n<h5><span><strong>Medienpraktische Kurse KMW6\/C.2<\/strong><\/span><\/h5>\n<p><a href=\"https:\/\/blogs.uni-bremen.de\/medienpraxis\/praxisseminare-kmw6c2\/\" target=\"_blank\">KMW6\/C.2<\/a> bietet eure ersten gr\u00f6\u00dferen Schritte in die praktische Arbeit: Zwei frei w\u00e4hlbare Praxisseminare (oder ein geb\u00fcndeltes Angebot) f\u00fchren in unterschiedliche Medien- und Kommunikationsbereiche ein. Im Fokus stehen Inhalte-Erstellung, Konzeption und Projektmanagement; je nach Seminar kommen technische Skills, Social Media, Journalismus, Audio\/Podcast, Video\/Film, Event- oder Online-Redaktion hinzu.<\/p>\n<p>Teile des Angebots entstehen in Kooperation mit externen Medien-\/Kommunikationspartnern oder als universit\u00e4re Medienprojekte (z. B. Lehrredaktionen). So verbindet ihr Theorie mit konkreter Anwendung.<\/p>\n<p>[\/et_pb_text][et_pb_divider show_divider=&#8220;off&#8220; _builder_version=&#8220;4.27.4&#8243; _module_preset=&#8220;default&#8220; global_colors_info=&#8220;{}&#8220;][\/et_pb_divider][et_pb_text _builder_version=&#8220;4.27.4&#8243; _module_preset=&#8220;default&#8220; hover_enabled=&#8220;0&#8243; global_colors_info=&#8220;{}&#8220; sticky_enabled=&#8220;0&#8243;]<\/p>\n<h5><span><strong>Praktikumsvorbereitung KMW11a<\/strong><\/span><\/h5>\n<p><a href=\"https:\/\/blogs.uni-bremen.de\/medienpraxis\/praxisseminare-kmw6c2\/\" target=\"_blank\">KMW11a<\/a> bereitet euch gezielt auf das Berufspraktikum vor: Ihr erstellt und sch\u00e4rft Bewerbungsunterlagen, \u00fcbt Gespr\u00e4che, lernt Auswahlverfahren kennen und entwickelt Strategien zur Vernetzung. Ziel ist eine fundierte, gut geplante Praxiserfahrung im Anschlussmodul (<a href=\"https:\/\/blogs.uni-bremen.de\/medienpraxis\/kmw12\/\" target=\"_blank\">KMW12<\/a>) \u2013 inklusive Klarheit \u00fcber eigene Ziele und passende Einsatzfelder.<\/p>\n<p>Die Veranstaltung schlie\u00dft in der Regel mit einer unbenoteten Studienleistung ab.<\/p>\n<p>[\/et_pb_text][et_pb_divider show_divider=&#8220;off&#8220; _builder_version=&#8220;4.27.4&#8243; _module_preset=&#8220;default&#8220; global_colors_info=&#8220;{}&#8220;][\/et_pb_divider][et_pb_text _builder_version=&#8220;4.27.4&#8243; _module_preset=&#8220;default&#8220; global_colors_info=&#8220;{}&#8220;]<\/p>\n<h5><span><strong>Praktikumsvorbereitung KMW11b<\/strong><\/span><\/h5>\n<p><a href=\"https:\/\/blogs.uni-bremen.de\/medienpraxis\/kmw-11b\/\" target=\"_blank\">KMW11b<\/a> vertieft die wissenschaftliche Perspektive auf Praxis: Theorien und Modelle der Kommunikations- und Medienwissenschaft werden auf konkrete Felder \u00fcbertragen, Erfahrungen werden systematisch reflektiert. Je nach Semester variieren die Schwerpunkte und orientieren sich oft an Projekten der Lehrenden.<\/p>\n<p>Die Veranstaltung schlie\u00dft in der Regel mit einer unbenoteten Studienleistung ab.<\/p>\n<p>[\/et_pb_text][et_pb_divider _builder_version=&#8220;4.27.4&#8243; _module_preset=&#8220;default&#8220; global_colors_info=&#8220;{}&#8220;][\/et_pb_divider][et_pb_text _builder_version=&#8220;4.27.4&#8243; _module_preset=&#8220;default&#8220; global_colors_info=&#8220;{}&#8220;]<\/p>\n<p><em>Hinweis: Das Modul KMW6 hie\u00df in \u00e4lteren Pr\u00fcfungsordnungen M7.<\/em><\/p>\n<p><em>In der neuen Studienordnung ist das Modul KMW11 in zwei Teile gegliedert: KMW11a (Praktikumsvorbereitung) und KMW11b (fachwissenschaftliche Ausarbeitung). Bis einschlie\u00dflich WiSe 23\/24 war die praktische Vorbereitung einteilig.<\/em><\/p>\n<p>[\/et_pb_text][\/et_pb_column][\/et_pb_row][\/et_pb_section]<\/p>\n","protected":false},"excerpt":{"rendered":"<p>Im Bereich Medienpraxis der&#8230;<\/p>\n","protected":false},"author":13290,"featured_media":0,"parent":0,"menu_order":0,"comment_status":"closed","ping_status":"closed","template":"","meta":{"_bbp_topic_count":0,"_bbp_reply_count":0,"_bbp_total_topic_count":0,"_bbp_total_reply_count":0,"_bbp_voice_count":0,"_bbp_anonymous_reply_count":0,"_bbp_topic_count_hidden":0,"_bbp_reply_count_hidden":0,"_bbp_forum_subforum_count":0,"_et_pb_use_builder":"on","_et_pb_old_content":"<span style=\"color: #007bb5\"><strong>Welche Seminare gibt es im Medienpraxis-Bereich und wer muss welche besuchen?<\/strong><\/span>\r\n<div class=\"et_pb_column et_pb_column_4_4 et_pb_column_0 et_pb_css_mix_blend_mode_passthrough et-last-child\">\r\n<div class=\"et_pb_module et_pb_text et_pb_text_0 et_pb_text_align_left et_pb_bg_layout_light\">\r\n<div class=\"et_pb_text_inner\">\r\n\r\n<strong><a href=\"https:\/\/blogs.uni-bremen.de\/medienpraxis\/praxisseminare-m7c2\/\">Praxisseminare M7\/C.2<\/a>\r\n<\/strong>Bachelor Kommunikations- und Medienwissenschaft \u2192 Profilfach \u2192 Schwerpunkt Medienpraxis\r\nBachelor Kommunikations- und Medienwissenschaft \u2192 Profilfach \u2192 Schwerpunkt Medienanalyse\r\nBachelor Kommunikations- und Medienwissenschaft \u2192 Komplement\u00e4rfach\r\nMaster Medienkultur und Globalisierung \u2192 Wahlpflichtbereich\r\nMaster Digital Media and Society \u2192 Wahlpflichtbereich\r\n\r\n<\/div>\r\n<strong>Praxisvorbereitungsseminar M10a<\/strong>\r\nBachelor Kommunikations- und Medienwissenschaft \u2192 Profilfach \u2192 Schwerpunkt Medienpraxis\r\n\r\n<\/div>\r\n<strong>Genauere Informationen findet ihr auf den Seiten <a href=\"https:\/\/blogs.uni-bremen.de\/medienpraxis\/praxisseminare-m7c2\/\">Praxisseminare M7\/C.2<\/a> und <a href=\"https:\/\/blogs.uni-bremen.de\/medienpraxis\/praxisvorbereitungsseminar-m10a\/\">Praxisvorbereitungsseminar M10a<\/a>.<\/strong>\r\n\r\n<\/div>","_et_gb_content_width":"","footnotes":""},"class_list":["post-190","page","type-page","status-publish","hentry"],"_links":{"self":[{"href":"https:\/\/blogs.uni-bremen.de\/medienpraxis\/wp-json\/wp\/v2\/pages\/190","targetHints":{"allow":["GET"]}}],"collection":[{"href":"https:\/\/blogs.uni-bremen.de\/medienpraxis\/wp-json\/wp\/v2\/pages"}],"about":[{"href":"https:\/\/blogs.uni-bremen.de\/medienpraxis\/wp-json\/wp\/v2\/types\/page"}],"author":[{"embeddable":true,"href":"https:\/\/blogs.uni-bremen.de\/medienpraxis\/wp-json\/wp\/v2\/users\/13290"}],"replies":[{"embeddable":true,"href":"https:\/\/blogs.uni-bremen.de\/medienpraxis\/wp-json\/wp\/v2\/comments?post=190"}],"version-history":[{"count":12,"href":"https:\/\/blogs.uni-bremen.de\/medienpraxis\/wp-json\/wp\/v2\/pages\/190\/revisions"}],"predecessor-version":[{"id":4608,"href":"https:\/\/blogs.uni-bremen.de\/medienpraxis\/wp-json\/wp\/v2\/pages\/190\/revisions\/4608"}],"wp:attachment":[{"href":"https:\/\/blogs.uni-bremen.de\/medienpraxis\/wp-json\/wp\/v2\/media?parent=190"}],"curies":[{"name":"wp","href":"https:\/\/api.w.org\/{rel}","templated":true}]}}