{"id":85,"date":"2024-01-16T12:58:05","date_gmt":"2024-01-16T11:58:05","guid":{"rendered":"https:\/\/blogs.uni-bremen.de\/mathematikinderpraxis\/?page_id=85"},"modified":"2024-02-20T11:05:45","modified_gmt":"2024-02-20T10:05:45","slug":"diagnostik-3","status":"publish","type":"page","link":"https:\/\/blogs.uni-bremen.de\/mathematikinderpraxis\/diagnostik-3\/","title":{"rendered":"Diagnostik"},"content":{"rendered":"<p><div class=\"et_d4_element et_pb_section et_pb_section_0  et_pb_css_mix_blend_mode et_section_regular et_block_section\" >\n\t\t\t\t\n\t\t\t\t\n\t\t\t\t\n\t\t\t\t\n\t\t\t\t\n\t\t\t\t\n\t\t\t\t<div class=\"et_d4_element et_pb_row et_pb_row_0 et_pb_equal_columns  et_pb_css_mix_blend_mode et_block_row\">\n\t\t\t\t<div class=\"et_d4_element et_pb_column_1_2 et_pb_column et_pb_column_0  et_pb_css_mix_blend_mode et_block_column\">\n\t\t\t\t\n\t\t\t\t\n\t\t\t\t\n\t\t\t\t\n\t\t\t\t<div class=\"et_pb_module et_d4_element et_pb_text et_pb_text_0  et_pb_text_align_left et_pb_bg_layout_light\">\n\t\t\t\t\n\t\t\t\t\n\t\t\t\t\n\t\t\t\t\n\t\t\t\t<div class=\"et_pb_text_inner\"><h4>Diagnostik<\/h4><\/div>\n\t\t\t<\/div><div class=\"et_pb_module et_d4_element et_pb_text et_pb_text_1  et_pb_text_align_left et_pb_bg_layout_light\">\n\t\t\t\t\n\t\t\t\t\n\t\t\t\t\n\t\t\t\t\n\t\t\t\t<div class=\"et_pb_text_inner\"><h1>Wie sieht die Diagnostik aus?<\/h1><\/div>\n\t\t\t<\/div>\n\t\t\t<\/div><div class=\"et_d4_element et_pb_column_1_2 et_pb_column et_pb_column_1  et_pb_css_mix_blend_mode et-last-child et_block_column\">\n\t\t\t\t\n\t\t\t\t\n\t\t\t\t\n\t\t\t\t\n\t\t\t\t<div class=\"et_pb_module et_d4_element et_pb_image et_pb_image_0\">\n\t\t\t\t\n\t\t\t\t\n\t\t\t\t\n\t\t\t\t\n\t\t\t\t<span class=\"et_pb_image_wrap \"><img loading=\"lazy\" decoding=\"async\" width=\"1280\" height=\"1070\" src=\"https:\/\/blogs.uni-bremen.de\/mathematikinderpraxis\/files\/laptop-2298286_1280.png\" alt=\"\" title=\"laptop-2298286_1280\" srcset=\"https:\/\/blogs.uni-bremen.de\/mathematikinderpraxis\/files\/laptop-2298286_1280.png 1280w, https:\/\/blogs.uni-bremen.de\/mathematikinderpraxis\/files\/laptop-2298286_1280-980x819.png 980w, https:\/\/blogs.uni-bremen.de\/mathematikinderpraxis\/files\/laptop-2298286_1280-480x401.png 480w\" sizes=\"(min-width: 0px) and (max-width: 480px) 480px, (min-width: 481px) and (max-width: 980px) 980px, (min-width: 981px) 1280px, 100vw\" class=\"wp-image-255\" \/><\/span>\n\t\t\t<\/div>\n\t\t\t<\/div>\n\t\t\t\t\n\t\t\t\t\n\t\t\t\t\n\t\t\t\t\n\t\t\t<\/div>\n\t\t\t\t\n\t\t\t\t\n\t\t\t<\/div><div class=\"et_d4_element et_pb_section et_pb_section_1 et_pb_with_background  et_pb_css_mix_blend_mode et_section_regular et_block_section\" >\n\t\t\t\t\n\t\t\t\t\n\t\t\t\t\n\t\t\t\t\n\t\t\t\t\n\t\t\t\t\n\t\t\t\t<div class=\"et_d4_element et_pb_row et_pb_row_1  et_pb_css_mix_blend_mode et_block_row\">\n\t\t\t\t<div class=\"et_d4_element et_pb_column_4_4 et_pb_column et_pb_column_2  et_pb_css_mix_blend_mode et-last-child et_block_column\">\n\t\t\t\t\n\t\t\t\t\n\t\t\t\t\n\t\t\t\t\n\t\t\t\t<div class=\"et_pb_module et_d4_element et_pb_text et_pb_text_2  et_pb_text_align_left et_pb_bg_layout_light\">\n\t\t\t\t\n\t\t\t\t\n\t\t\t\t\n\t\t\t\t\n\t\t\t\t<div class=\"et_pb_text_inner\"><p><span style=\"color: #ffffff;font-size: large;font-family: Abel;font-weight: normal\">Die Erforschung der Numeralit\u00e4t, also der F\u00e4higkeit, mathematische Informationen und Ideen zug\u00e4nglich zu machen, anzuwenden, zu interpretieren und zu kommunizieren, ist\u00a0 \u00a0 ein zentraler Aspekt moderner Bildungsforschung und -praxis. In der <\/span><span style=\"color: #ffffff;font-size: large;font-family: Abel;font-weight: normal\"><\/span><\/p>\n<p>&nbsp;<\/p>\n<p><span style=\"color: #ffffff\"><\/span><\/p><\/div>\n\t\t\t<\/div><div class=\"et_pb_module et_d4_element et_pb_text et_pb_text_3  et_pb_text_align_left et_pb_bg_layout_light\">\n\t\t\t\t\n\t\t\t\t\n\t\t\t\t\n\t\t\t\t\n\t\t\t\t<div class=\"et_pb_text_inner\"><p><span style=\"color: #ffffff;font-size: large;font-family: Abel;font-weight: normal\">Kompetenzforschung ist anerkannt, dass Numeralit\u00e4t wesentliche Teilhabechancen in zahlreichen Lebensbereichen beeinflusst. Sie ist insbesondere f\u00fcr die Partizipation am Arbeitsmarkt bedeutsam und spielt eine gro\u00dfe Rolle in kaufm\u00e4nnischen, gewerblichen, technischen oder mathematisch-naturwissenschaftlichen Berufsfeldern. Dar\u00fcber hinaus erh\u00f6ht eine geringe Numeralit\u00e4t das Risiko von Arbeitslosigkeit und geringem Einkommen und verst\u00e4rkt die Gefahr der Verschuldung und kostenintensiverer Kreditaufnahmen (vgl. Krejcik et al., 2020, 293).<\/span><\/p>\n<p>&nbsp;<\/p>\n<p><span style=\"color: #ffffff;font-size: large;font-family: Abel;font-weight: normal\">Die Relevanz von Numeralit\u00e4t wurde in Deutschland sp\u00e4testens mit der Ausrufung der \"Nationalen Dekade f\u00fcr Alphabetisierung und Grundbildung\" im Jahr 2015 vom Bundesministerium f\u00fcr Bildung und Forschung und der Kultusministerkonferenz anerkannt (vgl. ebd., 293). Im Zuge dessen wurde die Bedeutung von Numeralit\u00e4t als sozialer Praxis hervorgehoben, wobei die soziokulturellen, historischen und politischen Kontexte, in denen numerale Praktiken stattfinden, in den Fokus r\u00fcckten (vgl. Krejcik et al., 2020, 294).<\/span><\/p>\n<p>&nbsp;<\/p>\n<p><span style=\"color: #ffffff;font-size: large;font-family: Abel;font-weight: normal\">Die Forschung zu Numeralit\u00e4t und Alltagsmathematik Erwachsener im deutschsprachigen Raum ist jedoch bisher nur peripher in der wissenschaftlichen sowie in der Praxisdiskussion der Erwachsenenbildung ber\u00fccksichtigt worden (vgl. Pabst et al., 2019, 380). Dieser Umstand spiegelt sich auch in der quantitativen und qualitativen Forschungslandschaft wider. W\u00e4hrend die quantitative Forschung den Vorzug h\u00f6herer Kompetenzen aufzeigen kann, legen qualitative Studien den Fokus auf individuelle Anwendungen und Bedeutungszuschreibungen sowie auf gesellschaftliche Anforderungs- und Machtstrukturen (vgl. ebd., 379f.).<\/span><\/p>\n<p>&nbsp;<\/p>\n<p><span style=\"color: #ffffff;font-size: large;font-family: Abel;font-weight: normal\">Im Rahmen der Forschung zu Numeralit\u00e4t als sozialer Praxis (NSP) wird der Blick auf individuelle numerale Praktiken und die damit verbundenen Bedeutungszuschreibungen gelenkt. Dieser Ansatz erm\u00f6glicht es, zu erkennen, wie Menschen Numeralit\u00e4t subjektiv praktizieren und nutzen, und welche gesellschaftlichen und kulturellen Vorstellungen von Numeralit\u00e4t das Leben und Handeln der Menschen pr\u00e4gen (vgl. ebd., 380). Damit verlagert sich der Fokus von einer reinen Kompetenzmessung hin zur Betrachtung der sozialen Einbettung und Anwendung numeraler F\u00e4higkeiten im Alltag der Menschen.<\/span><\/p>\n<p>&nbsp;<\/p>\n<p><span style=\"color: #ffffff;font-size: large;font-family: Abel;font-weight: normal\">Die Diagnosik von Numeralit\u00e4t muss daher sowohl quantitative als auch qualitative Aspekte ber\u00fccksichtigen, um ein umfassendes Bild der numeralen Praktiken und Kompetenzen von Individuen zu erhalten. Hierbei spielen auch die sozialen und kulturellen Kontexte, in denen Numeralit\u00e4t praktiziert wird, eine wesentliche Rolle. Die Forschung zeigt, dass Numeralit\u00e4t weit mehr ist als das blo\u00dfe Beherrschen mathematischer Formeln und Prozeduren; sie ist eine soziale Praxis, die das t\u00e4gliche Leben und die Teilhabem\u00f6glichkeiten der Menschen in vielf\u00e4ltiger Weise beeinflusst (vgl. Krejcik et al., 2020, 294).<\/span><\/p>\n<p>&nbsp;<\/p>\n<p><span style=\"color: #ffffff\"><\/span><\/p><\/div>\n\t\t\t<\/div>\n\t\t\t<\/div>\n\t\t\t\t\n\t\t\t\t\n\t\t\t\t\n\t\t\t\t\n\t\t\t<\/div><div class=\"et_d4_element et_pb_row et_pb_row_2  et_pb_css_mix_blend_mode et_block_row\">\n\t\t\t\t<div class=\"et_d4_element et_pb_column_4_4 et_pb_column et_pb_column_3  et_pb_css_mix_blend_mode et-last-child et_block_column\">\n\t\t\t\t\n\t\t\t\t\n\t\t\t\t\n\t\t\t\t\n\t\t\t\t<div class=\"et_pb_module et_d4_element et_pb_text et_pb_text_4  et_pb_text_align_left et_pb_bg_layout_light\">\n\t\t\t\t\n\t\t\t\t\n\t\t\t\t\n\t\t\t\t\n\t\t\t\t<div class=\"et_pb_text_inner\"><h1 class=\"western\"><strong><span style=\"color: #ffffff;font-family: Abel;font-size: xx-large\"><\/span><\/strong><\/h1>\n<h1 class=\"western\"><strong><span style=\"color: #ffffff;font-family: Abel;font-size: xx-large\"><\/span><\/strong><\/h1>\n<h1 class=\"western\"><strong><span style=\"color: #ffffff;font-family: Abel;font-size: xx-large\"><\/span><\/strong><\/h1>\n<h1 class=\"western\"><strong><span style=\"color: #ffffff;font-family: Abel;font-size: xx-large\"><\/span><\/strong><\/h1>\n<h1 class=\"western\"><strong><span style=\"color: #ffffff;font-family: Abel;font-size: xx-large\"><\/span><\/strong><\/h1>\n<h1 class=\"western\"><strong><span style=\"color: #ffffff;font-family: Abel;font-size: xx-large\">Wie diagnostiziere ich fehlende Numeralit\u00e4t?<\/span><\/strong><\/h1>\n<p><span style=\"color: #ffffff;font-family: Abel;font-weight: normal;font-size: large\">\u00a0<\/span><\/p>\n<p><span style=\"color: #ffffff;font-family: Abel;font-weight: normal;font-size: large\">Die Diagnose fehlender Numeralit\u00e4t ist ein komplexer Prozess, der sowohl quantitative als auch qualitative Methoden erfordert, um ein umfassendes Verst\u00e4ndnis der numeralen Kompetenzen einer Person zu erlangen. Die Bedeutung von Numeralit\u00e4t f\u00fcr die Partizipation in vielen Lebensbereichen ist anerkannt und ihre Relevanz f\u00fcr den Arbeitsmarkt, insbesondere in kaufm\u00e4nnischen, gewerblichen, technischen oder mathematisch-naturwissenschaftlichen Berufsfeldern, ist unbestritten. Die Forschung hat gezeigt, dass geringe Numeralit\u00e4t das Risiko von Arbeitslosigkeit und geringem Einkommen erh\u00f6ht (vgl. Krejcik et al., 2020, 293), was ihre Diagnose umso wichtiger macht.<\/span><\/p>\n<p><span style=\"color: #ffffff;font-family: Abel;font-weight: normal;font-size: large\">\u00a0<\/span><\/p>\n<p><span style=\"color: #ffffff;font-family: Abel;font-weight: normal;font-size: large\">Eine zentrale Herausforderung bei der Diagnose fehlender Numeralit\u00e4t ist die Tatsache, dass Numeralit\u00e4t als eine soziale Praxis verstanden wird, die in soziokulturellen, historischen und politischen Kontexten verankert ist (vgl. ebd., 294). Dies bedeutet, dass die Diagnose \u00fcber die Messung von mathematischen F\u00e4higkeiten hinausgehen und die sozialen Praktiken, in denen numerale Kompetenzen angewendet werden, ber\u00fccksichtigen muss. Die Forschung hat Methoden entwickelt, die numerale Praktiken in den Mittelpunkt stellen, wie die Beobachtung von Teilnehmenden und Interviews, die subjektive Beschreibungen und Bedeutungszuschreibungen erheben (vgl. Pabst et al., 2019, 389).<\/span><\/p>\n<p><span style=\"color: #ffffff;font-family: Abel;font-weight: normal;font-size: large\">\u00a0<\/span><\/p>\n<p><span style=\"color: #ffffff;font-family: Abel;font-weight: normal;font-size: large\">Zudem ist die Vulnerabilit\u00e4t bestimmter Gruppen ein wichtiger Aspekt, der bei der Diagnose ber\u00fccksichtigt werden muss. Menschen mit Lernschwierigkeiten, \u00e4ltere Menschen oder Personen mit geringem sozio\u00f6konomischem Status zeigen unterschiedliche Formen der Vulnerabilit\u00e4t in Bezug auf ihre numeralen F\u00e4higkeiten (vgl. Grotl\u00fcschen et al., 2019, 331). Diese Gruppen k\u00f6nnten spezifische Herausforderungen bei der Anwendung von Numeralit\u00e4t in ihrem Alltag erfahren, die in einer Diagnose identifiziert und adressiert werden m\u00fcssen.<\/span><\/p>\n<p><span style=\"color: #ffffff;font-family: Abel;font-weight: normal;font-size: large\">\u00a0<\/span><\/p>\n<p><span style=\"color: #ffffff;font-family: Abel;font-weight: normal;font-size: large\">Die Forschung legt nahe, dass die Diagnose fehlender Numeralit\u00e4t auch die subjektiven Begr\u00fcndungs- und Bedeutungszusammenh\u00e4nge sowie die soziale Einbettung von Numeralit\u00e4t ber\u00fccksichtigen sollte (vgl. Pabst et al., 2019, 379). Dies erfordert einen Ansatz, der \u00fcber traditionelle Methoden der Kompetenzmessung hinausgeht und die individuellen und sozialen Aspekte numeraler Praktiken einbezieht.<\/span><\/p>\n<p><span style=\"color: #ffffff;font-family: Abel;font-weight: normal;font-size: large\">\u00a0<\/span><\/p>\n<p><span style=\"color: #ffffff;font-family: Abel;font-weight: normal;font-size: large\">Schlie\u00dflich ist die Forschung gefordert, neue methodische Ans\u00e4tze zu entwickeln, die die vielf\u00e4ltigen Aspekte von Numeralit\u00e4t erfassen k\u00f6nnen. Einblicke in aktuelle Forschungsprojekte zeigen, dass durch die Kombination von Beobachtungen, Interviews und Gruppendiskussionen eine differenzierte Sicht auf Numeralit\u00e4t gewonnen werden kann, die sowohl die F\u00e4higkeiten als auch die sozialen Praktiken und die subjektive Bedeutung von Numeralit\u00e4t f\u00fcr die Betroffenen umfasst (vgl. Pabst et al., 2019, 389).<\/span><\/p>\n<p><span style=\"color: #ffffff;font-family: Abel;font-weight: normal;font-size: large\">\u00a0<\/span><\/p>\n<p><span style=\"color: #ffffff;font-family: Abel;font-weight: normal;font-size: large\">Insgesamt erfordert die Diagnose fehlender Numeralit\u00e4t einen multidimensionalen Ansatz, der sowohl die kognitiven Aspekte von Numeralit\u00e4t als auch deren soziale Einbettung und die subjektive Wahrnehmung der Betroffenen ber\u00fccksichtigt. Die Entwicklung und Anwendung solcher diagnostischen Methoden ist entscheidend, um individuelle Bildungsbedarfe zu identifizieren und Unterst\u00fctzungsma\u00dfnahmen gezielt anbieten zu k\u00f6nnen.<\/span><\/p><\/div>\n\t\t\t<\/div>\n\t\t\t<\/div>\n\t\t\t\t\n\t\t\t\t\n\t\t\t\t\n\t\t\t\t\n\t\t\t<\/div>\n\t\t\t\t\n\t\t\t\t\n\t\t\t<\/div><div class=\"et_d4_element et_pb_section et_pb_section_2 et_pb_with_background  et_pb_css_mix_blend_mode et_section_regular et_block_section\" >\n\t\t\t\t\n\t\t\t\t\n\t\t\t\t\n\t\t\t\t\n\t\t\t\t\n\t\t\t\t\n\t\t\t\t<div class=\"et_d4_element et_pb_row et_pb_row_3  et_pb_css_mix_blend_mode et_block_row\">\n\t\t\t\t<div class=\"et_d4_element et_pb_column_1_2 et_pb_column et_pb_column_4  et_pb_css_mix_blend_mode et_block_column\">\n\t\t\t\t\n\t\t\t\t\n\t\t\t\t\n\t\t\t\t\n\t\t\t\t<div class=\"et_pb_module et_d4_element et_pb_text et_pb_text_5  et_pb_text_align_left et_pb_bg_layout_light\">\n\t\t\t\t\n\t\t\t\t\n\t\t\t\t\n\t\t\t\t\n\t\t\t\t<div class=\"et_pb_text_inner\"><h1><strong><span style=\"color: #ffffff;font-size: xx-large;font-family: Abel\">\"Stimmt's K\u00e4rtchen\" von CurVe<\/span><\/strong><\/h1>\n<p><span style=\"color: #ffffff;font-size: xx-large;font-family: Abel;font-weight: normal\"><\/span><\/p>\n<p><span style=\"color: #ffffff;font-family: Abel;font-weight: normal;font-size: large\">Die \"Stimmt's K\u00e4rtchen\" von CurVe sind ein effektives Werkzeug, um das Level der Numeralit\u00e4t zu bestimmen. Diese K\u00e4rtchen enthalten eine Vielzahl von Aussagen oder Behauptungen zu mathematischen Konzepten und Probleml\u00f6sungen. Indem die Teilnehmer*innen diese Aussagen bewerten, k\u00f6nnen sie ihr Verst\u00e4ndnis und ihre F\u00e4higkeiten im Umgang mit Zahlen und mathematischen Situationen reflektieren.<\/span><\/p>\n<p><span style=\"font-family: Abel;font-weight: normal;font-size: large\">\u00a0<\/span><\/p>\n<p><span style=\"color: #ffffff;font-family: Abel;font-weight: normal;font-size: large\">Die K\u00e4rtchen umfassen verschiedene Aspekte der Numeralit\u00e4t, wie zum Beispiel grundlegende Rechenoperationen, Interpretation von Diagrammen, Proportionalit\u00e4t, Wahrscheinlichkeiten und vieles mehr. Indem die Teilnehmer*innen die Aussagen als \"Stimmt\" oder \"Stimmt nicht\" bewerten, k\u00f6nnen sie aufzeigen, welche mathematischen Konzepte sie sicher beherrschen und welche Bereiche m\u00f6glicherweise weiterer Aufmerksamkeit bed\u00fcrfen.<\/span><\/p>\n<p><span style=\"font-family: Abel;font-weight: normal;font-size: large\">\u00a0<\/span><\/p>\n<p><span style=\"color: #ffffff;font-family: Abel;font-weight: normal;font-size: large\">Durch die Nutzung der \"Stimmt's K\u00e4rtchen\" k\u00f6nnen Lehrer*innen, Trainer*innen oder Tutor*innen das individuelle Level der Numeralit\u00e4t ihrer Sch\u00fcler*innen oder Teilnehmer*innen besser einsch\u00e4tzen. Die Ergebnisse k\u00f6nnen dann dazu genutzt werden, gezielte Unterst\u00fctzung oder zus\u00e4tzliche \u00dcbungen in den Bereichen anzubieten, in denen Verbesserungsbedarf besteht. Auf diese Weise k\u00f6nnen die K\u00e4rtchen dazu beitragen, das mathematische Verst\u00e4ndnis und die F\u00e4higkeiten der Teilnehmer*innen zu f\u00f6rdern und ihr Level der Numeralit\u00e4t kontinuierlich zu verbessern.<\/span><\/p><\/div>\n\t\t\t<\/div>\n\t\t\t<\/div><div class=\"et_d4_element et_pb_column_1_2 et_pb_column et_pb_column_5  et_pb_css_mix_blend_mode et-last-child et_block_column\">\n\t\t\t\t\n\t\t\t\t\n\t\t\t\t\n\t\t\t\t\n\t\t\t\t<div class=\"et_pb_module et_d4_element et_pb_text et_pb_text_6  et_pb_text_align_left et_pb_bg_layout_light\">\n\t\t\t\t\n\t\t\t\t\n\t\t\t\t\n\t\t\t\t\n\t\t\t\t<div class=\"et_pb_text_inner\"><p><span style=\"color: #ffffff;font-family: Abel;font-weight: normal;font-size: large\"><\/span><\/p>\n<p><span style=\"color: #ffffff;font-family: Abel;font-weight: normal;font-size: large\"><\/span><\/p>\n<p><span style=\"color: #ffffff;font-family: Abel;font-weight: normal;font-size: large\"><\/span><\/p>\n<p><span style=\"color: #ffffff;font-family: Abel;font-weight: normal;font-size: large\"><\/span><\/p>\n<p><span style=\"color: #ffffff;font-family: Abel;font-weight: normal;font-size: large\"><\/span><\/p>\n<p><span style=\"color: #ffffff;font-family: Abel;font-weight: normal;font-size: large\"><\/span><\/p>\n<p><span style=\"color: #ffffff;font-family: Abel;font-weight: normal;font-size: large\"><\/span><\/p>\n<p><span style=\"color: #ffffff;font-family: Abel;font-weight: normal;font-size: large\"><\/span><\/p>\n<p><span style=\"color: #ffffff;font-family: Abel;font-weight: normal;font-size: large\"><\/span><\/p>\n<p><span style=\"color: #ffffff;font-family: Abel;font-weight: normal;font-size: large\"><\/span><\/p>\n<p><span style=\"color: #ffffff;font-family: Abel;font-weight: normal;font-size: large\"><\/span><\/p>\n<p><span style=\"color: #ffffff;font-family: Abel;font-weight: normal;font-size: large\"><\/span><\/p>\n<p><span style=\"color: #ffffff;font-family: Abel;font-weight: normal;font-size: large\"><\/span><\/p>\n<p><span style=\"color: #ffffff;font-family: Abel;font-weight: normal;font-size: large\"><\/span><\/p>\n<p><span style=\"color: #ffffff;font-family: Abel;font-weight: normal;font-size: large\"><\/span><\/p>\n<p><span style=\"color: #ffffff;font-family: Abel;font-weight: normal;font-size: large\">Hier gelangt ihr zu unserer Seite, auf der eure Sch\u00fcler_innen ihr Level von Numeracy ermitteln k\u00f6nnen:<\/span><\/p><\/div>\n\t\t\t<\/div><div class=\"et_pb_button_module_wrapper et_pb_button_0_wrapper  et_pb_module \">\n\t\t\t\t<a class=\"et_pb_button et_d4_element et_pb_button_0 et_pb_bg_layout_dark et_block_module\" href=\"https:\/\/blogs.uni-bremen.de\/mathematikinderpraxis\/curve-stimmts-kaertchen\/\">Diagnose Tool &quot;Stimmt&#039;s K\u00e4rtchen&quot;<\/a>\n\t\t\t<\/div><div class=\"et_pb_module et_d4_element et_pb_text et_pb_text_7  et_pb_text_align_left et_pb_bg_layout_light\">\n\t\t\t\t\n\t\t\t\t\n\t\t\t\t\n\t\t\t\t\n\t\t\t\t<div class=\"et_pb_text_inner\"><p><span style=\"color: #ffffff;font-family: Abel;font-weight: normal;font-size: large\">Au\u00dferdem k\u00f6nnt ihr diesem Link folgen, um die \u201eStimmt's K\u00e4rtchen\u201c im Original nachzuvollziehen:<\/span><\/p><\/div>\n\t\t\t<\/div><div class=\"et_pb_button_module_wrapper et_pb_button_1_wrapper  et_pb_module \">\n\t\t\t\t<a class=\"et_pb_button et_d4_element et_pb_button_1 et_pb_bg_layout_dark et_block_module\" href=\"\">CurVe &quot;Stimmt&#039;s K\u00e4rtchen&quot;<\/a>\n\t\t\t<\/div>\n\t\t\t<\/div>\n\t\t\t\t\n\t\t\t\t\n\t\t\t\t\n\t\t\t\t\n\t\t\t<\/div>\n\t\t\t\t\n\t\t\t\t\n\t\t\t<\/div><div class=\"et_d4_element et_pb_section et_pb_section_3  et_pb_css_mix_blend_mode et_pb_fullwidth_section et_section_regular et_block_section\" >\n\t\t\t\t\n\t\t\t\t\n\t\t\t\t\n\t\t\t\t\n\t\t\t\t\n\t\t\t\t\n\t\t\t\t<section class=\"et_pb_module et_d4_element et_pb_fullwidth_header et_pb_fullwidth_header_0  et_pb_css_mix_blend_mode et_pb_text_align_left et_pb_bg_layout_dark\">\n\t\t\t\t\n\t\t\t\t\n\t\t\t\t\n\t\t\t\t\n\t\t\t\t<div class=\"et_pb_fullwidth_header_container left\">\n\t\t\t\t\t<div class=\"header-content-container center\">\n\t\t\t\t\t<div class=\"header-content\">\n\t\t\t\t\t\t\n\t\t\t\t\t\t<h1 class=\"et_pb_module_header\">Literatur<\/h1>\n\t\t\t\t\t\t\n\t\t\t\t\t\t<div class=\"et_pb_header_content_wrapper\"><p><span style=\"font-family: Abel;font-weight: normal;font-size: x-small\"><span style=\"color: #000000\">Grotl\u00fcschen, A., Buddeberg, K., &amp; Kaiser, G. (2019). Numeralit\u00e4t \u2013 eine untersch\u00e4tzte Dom\u00e4ne der Grundbildung? <\/span><em><span style=\"color: #000000\"><i>Zeitschrift f\u00fcr Weiterbildungsforschung, 42<\/i><\/span><\/em><span style=\"color: #000000\">, 319 - 342.<\/span><span style=\"color: #000000\"> <\/span><\/span><\/p>\n<p><span style=\"font-family: Abel;font-weight: normal;font-size: x-small\"><span style=\"color: #000000\"><span>Krejcik, L., &amp; Grotl\u00fcschen, A. (2020). Von der Umkehr des Matth\u00e4us-Effekts \u2013 Stundenintensive Weiterbildung bei geringen numeralen Kompetenzen.\u00a0<\/span><em>Zeitschrift f\u00fcr Weiterbildungsforschung<\/em><span>, 1-22.<\/span><\/span><\/span><\/p>\n<p><span style=\"color: #000000\"><span style=\"font-family: Times New Roman, serif\"><span style=\"font-size: medium\"><\/span><\/span><\/span><span style=\"font-size: x-small;background-color: #0c71c3;font-family: Abel;color: #000000\">Pabst, A., Curdt, W., Benz-Gydat, M., Schreiber-Barsch, S., &amp; Zeuner, C. (2019). Numeralit\u00e4t als soziale Praxis \u2013 forschungstheoretische Einordnung und empirische Zug\u00e4nge.\u00a0<\/span><em style=\"font-size: x-small;background-color: #0c71c3;font-family: Abel\"><span style=\"font-size: 10px;color: #000000\"><i style=\"font-size: 10px\">Zeitschrift f\u00fcr Weiterbildungsforschung, 42<\/i><\/span><\/em><span style=\"font-size: x-small;background-color: #0c71c3;font-family: Abel;color: #000000\">, 379 - 395.<\/span><\/p>\n<p><span style=\"font-family: Abel;font-weight: normal;font-size: x-small\"><span style=\"color: #000000\"><\/span><\/span><\/p>\n<p><span style=\"font-family: Abel;font-weight: normal;font-size: x-small\"><span style=\"color: #000000\"><\/span><\/span><\/p>\n<p><span style=\"font-family: Abel;font-weight: normal;font-size: x-small\"><span style=\"color: #000000\"><\/span><\/span><\/p>\n<p><span style=\"font-family: Abel;font-weight: normal;font-size: x-small\"><span style=\"color: #000000\"><\/span><\/span><\/p><\/div>\n\t\t\t\t\t\t\n\t\t\t\t\t<\/div>\n\t\t\t\t<\/div>\n\t\t\t\t\t\n\t\t\t\t<\/div>\n\t\t\t\t<div class=\"et_pb_fullwidth_header_overlay\"><\/div>\n\t\t\t\t<div class=\"et_pb_fullwidth_header_scroll\"><\/div>\n\t\t\t<\/section>\n\t\t\t\t\n\t\t\t\t\n\t\t\t<\/div><\/p>\n","protected":false},"excerpt":{"rendered":"","protected":false},"author":10873,"featured_media":0,"parent":0,"menu_order":0,"comment_status":"closed","ping_status":"closed","template":"","meta":{"_bbp_topic_count":0,"_bbp_reply_count":0,"_bbp_total_topic_count":0,"_bbp_total_reply_count":0,"_bbp_voice_count":0,"_bbp_anonymous_reply_count":0,"_bbp_topic_count_hidden":0,"_bbp_reply_count_hidden":0,"_bbp_forum_subforum_count":0,"_et_pb_use_builder":"on","_et_pb_old_content":"","_et_gb_content_width":"","footnotes":""},"class_list":["post-85","page","type-page","status-publish","hentry"],"_links":{"self":[{"href":"https:\/\/blogs.uni-bremen.de\/mathematikinderpraxis\/wp-json\/wp\/v2\/pages\/85","targetHints":{"allow":["GET"]}}],"collection":[{"href":"https:\/\/blogs.uni-bremen.de\/mathematikinderpraxis\/wp-json\/wp\/v2\/pages"}],"about":[{"href":"https:\/\/blogs.uni-bremen.de\/mathematikinderpraxis\/wp-json\/wp\/v2\/types\/page"}],"author":[{"embeddable":true,"href":"https:\/\/blogs.uni-bremen.de\/mathematikinderpraxis\/wp-json\/wp\/v2\/users\/10873"}],"replies":[{"embeddable":true,"href":"https:\/\/blogs.uni-bremen.de\/mathematikinderpraxis\/wp-json\/wp\/v2\/comments?post=85"}],"version-history":[{"count":10,"href":"https:\/\/blogs.uni-bremen.de\/mathematikinderpraxis\/wp-json\/wp\/v2\/pages\/85\/revisions"}],"predecessor-version":[{"id":373,"href":"https:\/\/blogs.uni-bremen.de\/mathematikinderpraxis\/wp-json\/wp\/v2\/pages\/85\/revisions\/373"}],"wp:attachment":[{"href":"https:\/\/blogs.uni-bremen.de\/mathematikinderpraxis\/wp-json\/wp\/v2\/media?parent=85"}],"curies":[{"name":"wp","href":"https:\/\/api.w.org\/{rel}","templated":true}]}}