{"id":72,"date":"2024-01-16T12:54:56","date_gmt":"2024-01-16T11:54:56","guid":{"rendered":"https:\/\/blogs.uni-bremen.de\/mathematikinderpraxis\/?page_id=72"},"modified":"2024-02-20T10:46:47","modified_gmt":"2024-02-20T09:46:47","slug":"definition","status":"publish","type":"page","link":"https:\/\/blogs.uni-bremen.de\/mathematikinderpraxis\/definition\/","title":{"rendered":"Definition"},"content":{"rendered":"<p><div class=\"et_d4_element et_pb_section et_pb_section_0  et_pb_css_mix_blend_mode et_section_regular et_block_section\" >\n\t\t\t\t\n\t\t\t\t\n\t\t\t\t\n\t\t\t\t\n\t\t\t\t\n\t\t\t\t\n\t\t\t\t<div class=\"et_d4_element et_pb_row et_pb_row_0 et_pb_equal_columns  et_pb_css_mix_blend_mode et_block_row\">\n\t\t\t\t<div class=\"et_d4_element et_pb_column_1_2 et_pb_column et_pb_column_0  et_pb_css_mix_blend_mode et_block_column\">\n\t\t\t\t\n\t\t\t\t\n\t\t\t\t\n\t\t\t\t\n\t\t\t\t<div class=\"et_pb_module et_d4_element et_pb_text et_pb_text_0  et_pb_text_align_left et_pb_bg_layout_light\">\n\t\t\t\t\n\t\t\t\t\n\t\t\t\t\n\t\t\t\t\n\t\t\t\t<div class=\"et_pb_text_inner\"><h4>Definition<\/h4><\/div>\n\t\t\t<\/div><div class=\"et_pb_module et_d4_element et_pb_text et_pb_text_1  et_pb_text_align_left et_pb_bg_layout_light\">\n\t\t\t\t\n\t\t\t\t\n\t\t\t\t\n\t\t\t\t\n\t\t\t\t<div class=\"et_pb_text_inner\"><h1>Was ist Numeracy?<\/h1><\/div>\n\t\t\t<\/div>\n\t\t\t<\/div><div class=\"et_d4_element et_pb_column_1_2 et_pb_column et_pb_column_1  et_pb_css_mix_blend_mode et-last-child et_block_column\">\n\t\t\t\t\n\t\t\t\t\n\t\t\t\t\n\t\t\t\t\n\t\t\t\t<div class=\"et_pb_module et_d4_element et_pb_image et_pb_image_0\">\n\t\t\t\t\n\t\t\t\t\n\t\t\t\t\n\t\t\t\t\n\t\t\t\t<span class=\"et_pb_image_wrap \"><img loading=\"lazy\" decoding=\"async\" width=\"1280\" height=\"1070\" src=\"https:\/\/blogs.uni-bremen.de\/mathematikinderpraxis\/files\/laptop-2298286_1280.png\" alt=\"\" title=\"laptop-2298286_1280\" srcset=\"https:\/\/blogs.uni-bremen.de\/mathematikinderpraxis\/files\/laptop-2298286_1280.png 1280w, https:\/\/blogs.uni-bremen.de\/mathematikinderpraxis\/files\/laptop-2298286_1280-980x819.png 980w, https:\/\/blogs.uni-bremen.de\/mathematikinderpraxis\/files\/laptop-2298286_1280-480x401.png 480w\" sizes=\"(min-width: 0px) and (max-width: 480px) 480px, (min-width: 481px) and (max-width: 980px) 980px, (min-width: 981px) 1280px, 100vw\" class=\"wp-image-255\" \/><\/span>\n\t\t\t<\/div>\n\t\t\t<\/div>\n\t\t\t\t\n\t\t\t\t\n\t\t\t\t\n\t\t\t\t\n\t\t\t<\/div>\n\t\t\t\t\n\t\t\t\t\n\t\t\t<\/div><div class=\"et_d4_element et_pb_section et_pb_section_1 et_pb_with_background  et_pb_css_mix_blend_mode et_section_regular et_block_section\" >\n\t\t\t\t\n\t\t\t\t\n\t\t\t\t\n\t\t\t\t\n\t\t\t\t\n\t\t\t\t\n\t\t\t\t<div class=\"et_d4_element et_pb_row et_pb_row_1  et_pb_css_mix_blend_mode et_block_row\">\n\t\t\t\t<div class=\"et_d4_element et_pb_column_4_4 et_pb_column et_pb_column_2  et_pb_css_mix_blend_mode et-last-child et_block_column\">\n\t\t\t\t\n\t\t\t\t\n\t\t\t\t\n\t\t\t\t\n\t\t\t\t<div class=\"et_pb_module et_d4_element et_pb_text et_pb_text_2  et_pb_text_align_left et_pb_bg_layout_light\">\n\t\t\t\t\n\t\t\t\t\n\t\t\t\t\n\t\t\t\t\n\t\t\t\t<div class=\"et_pb_text_inner\"><p><span style=\"font-family: Abel;font-weight: normal;font-size: large\"><span style=\"color: #ffffff\">Numeracy oder auch Numeralit\u00e4t umfasst ein breites Spektrum an F\u00e4higkeiten <\/span><\/span><span style=\"font-family: Abel;font-weight: normal;font-size: large\"><span style=\"color: #ffffff\">und <\/span><span style=\"color: #ffffff\">Praktiken, die f\u00fcr die Bew\u00e4ltigung allt\u00e4glicher Anforderungen, die quantitative, <\/span><span style=\"color: #ffffff\">rechnerische oder mathematische Kenntnisse erfordern, notwendig sind. In der aktuellen Debatte wird die Bedeutung von Numeralit\u00e4t oft der von Literalit\u00e4t gleichgesetzt, wie es beispielsweise in der Dekade f\u00fcr Alphabetisierung und Grundbildung in<\/span><\/span><\/p>\n<p><span style=\"color: #ffffff\"><\/span><\/p><\/div>\n\t\t\t<\/div>\n\t\t\t<\/div>\n\t\t\t\t\n\t\t\t\t\n\t\t\t\t\n\t\t\t\t\n\t\t\t<\/div><div class=\"et_d4_element et_pb_row et_pb_row_2  et_pb_css_mix_blend_mode et_block_row\">\n\t\t\t\t<div class=\"et_d4_element et_pb_column_4_4 et_pb_column et_pb_column_3  et_pb_css_mix_blend_mode et-last-child et_block_column\">\n\t\t\t\t\n\t\t\t\t\n\t\t\t\t\n\t\t\t\t\n\t\t\t\t<div class=\"et_pb_module et_d4_element et_pb_text et_pb_text_3  et_pb_text_align_left et_pb_bg_layout_light\">\n\t\t\t\t\n\t\t\t\t\n\t\t\t\t\n\t\t\t\t\n\t\t\t\t<div class=\"et_pb_text_inner\"><p><span style=\"font-family: Abel;font-weight: normal;font-size: large\"><span style=\"color: #ffffff\">Deutschland und in den Sustainable Development Goals der Vereinten Nationen zum Ausdruck kommt (vgl. Grotl\u00fcschen et al., 2019, 323). Trotz dieser offiziellen Anerkennung ihrer Bedeutung wurde die Forschung zu Numeralit\u00e4t Erwachsener lange Zeit vernachl\u00e4ssigt und theoretisch nicht ausreichend erfasst, insbesondere im Vergleich zur Literalit\u00e4tsforschung (vgl. ebd., 337).<\/span><\/span><span style=\"color: #ffffff;font-family: Abel;font-weight: normal;font-size: large\"><\/span><\/p>\n<p><span style=\"font-family: Abel;font-weight: normal;font-size: large\"><span style=\"color: #ffffff\"><\/span><\/span><\/p>\n<p><span style=\"color: #ffffff;font-family: Abel;font-weight: normal;font-size: large\"><\/span><\/p>\n<p><span style=\"color: #ffffff;font-family: Abel;font-weight: normal;font-size: large\">Numeralit\u00e4t wird in der Literatur zunehmend als eine soziale Praxis verstanden, die \u00fcber das reine Ausf\u00fchren individueller mathematischer Leistungen hinausgeht und in unterschiedlichen gesellschaftlichen Bereichen und in verschiedenen sozialen Interaktionen praktiziert wird. Ein solches Verst\u00e4ndnis r\u00fcckt die Vielfalt und den sozialen Kontext numeraler Praktiken in den Fokus und erkennt an, dass numeralit\u00e4tsspezifische F\u00e4higkeiten und Handlungen kulturell, historisch und politisch gepr\u00e4gt sind (vgl. Pabst et al., 2019, 381).<\/span><\/p>\n<p><span style=\"font-size: large\">\u00a0<\/span><\/p>\n<p style=\"text-align: left\"><span style=\"color: #ffffff;font-family: Abel;font-weight: normal;font-size: large\">Die Forschung zu Numeralit\u00e4t als soziale Praxis hat gezeigt, dass numerale F\u00e4higkeiten und Praktiken in allen Lebensbereichen, einschlie\u00dflich Arbeit, Gesundheit und pers\u00f6nliche Finanzen, eine Rolle spielen. Dabei wird deutlich, dass vulnerable Gruppen wie Arbeitslose, \u00dcberschuldete oder Personen im \u00dcbergang zum Ruhestand h\u00e4ufiger und intensiver mit numeralen Aktivit\u00e4ten konfrontiert sind (vgl. Grotl\u00fcschen et al., 2019, 333). Ebenso er\u00f6ffnen neue Herausforderungen durch die zunehmende Quantifizierung und Datafizierung in verschiedenen Lebensbereichen Bildungsbedarfe im Bereich der Numeralit\u00e4t (vgl. ebd., 337).<\/span><\/p>\n<p><span style=\"font-size: large\">\u00a0<\/span><\/p>\n<p style=\"text-align: left\"><span style=\"color: #ffffff;font-family: Abel;font-weight: normal;font-size: large\">Trotz der anerkannten Relevanz von Numeralit\u00e4t f\u00fcr die individuelle und gesellschaftliche Teilhabe ist der wissenschaftliche Diskurs dazu im deutschsprachigen Raum bisher nur wenig entwickelt (vgl. Pabst et al., 2019, 379f.). Die vorhandenen Forschungen sind \u00fcberwiegend quantitativ und fokussieren auf die Messung alltagsmathematischer Kompetenzen (vgl. ebd., 382f.). Jedoch gibt es auch qualitative Ans\u00e4tze, die darauf abzielen, die subjektiven Perspektiven und sozialen Einbettungen numeraler Praktiken zu erforschen (vgl. ebd., 380f.). Ein Beispiel hierf\u00fcr ist die Untersuchung numeraler Praktiken von Menschen mit Lernschwierigkeiten, die zeigt, wie diese Gruppe Numeralit\u00e4t im Alltag nutzt und welche Bedeutung sie ihr beimessen (vgl. ebd., 388f.).<\/span><\/p>\n<p><span style=\"color: #ffffff\"><\/span><\/p>\n<p>&nbsp;<\/p><\/div>\n\t\t\t<\/div><div class=\"et_pb_with_border et_pb_module et_d4_element et_pb_text et_pb_text_4  et_pb_text_align_left et_pb_bg_layout_light\">\n\t\t\t\t\n\t\t\t\t\n\t\t\t\t\n\t\t\t\t\n\t\t\t\t<div class=\"et_pb_text_inner\"><p style=\"text-align: left\"><span style=\"color: #ffffff;font-family: Abel;font-size: x-large\">Zusammenfassend l\u00e4sst sich sagen, dass Numeralit\u00e4t eine Schl\u00fcsselkompetenz darstellt, deren Verst\u00e4ndnis und F\u00f6rderung essenziell f\u00fcr die Bew\u00e4ltigung allt\u00e4glicher Anforderungen und die Teilhabe an der Gesellschaft ist. Die Forschung zeigt, dass ein breites Spektrum an numeralen Praktiken existiert, die stark von sozialen, kulturellen und historischen Kontexten beeinflusst sind. Es bedarf weiterer Forschung, um die theoretischen Grundlagen von Numeralit\u00e4t zu vertiefen und praxisrelevante Konzepte f\u00fcr ihre Vermittlung zu entwickeln.<\/span><\/p><\/div>\n\t\t\t<\/div>\n\t\t\t<\/div>\n\t\t\t\t\n\t\t\t\t\n\t\t\t\t\n\t\t\t\t\n\t\t\t<\/div>\n\t\t\t\t\n\t\t\t\t\n\t\t\t<\/div><div class=\"et_d4_element et_pb_section et_pb_section_2  et_pb_css_mix_blend_mode et_pb_fullwidth_section et_section_regular et_block_section\" >\n\t\t\t\t\n\t\t\t\t\n\t\t\t\t\n\t\t\t\t\n\t\t\t\t\n\t\t\t\t\n\t\t\t\t<section class=\"et_pb_module et_d4_element et_pb_fullwidth_header et_pb_fullwidth_header_0  et_pb_css_mix_blend_mode et_pb_text_align_left et_pb_bg_layout_dark\">\n\t\t\t\t\n\t\t\t\t\n\t\t\t\t\n\t\t\t\t\n\t\t\t\t<div class=\"et_pb_fullwidth_header_container left\">\n\t\t\t\t\t<div class=\"header-content-container center\">\n\t\t\t\t\t<div class=\"header-content\">\n\t\t\t\t\t\t\n\t\t\t\t\t\t<h1 class=\"et_pb_module_header\">Literatur<\/h1>\n\t\t\t\t\t\t\n\t\t\t\t\t\t<div class=\"et_pb_header_content_wrapper\"><p><span style=\"font-family: Abel;font-weight: normal;font-size: x-small\"><span style=\"color: #000000\">Grotl\u00fcschen, A., Buddeberg, K., &amp; Kaiser, G. (2019). Numeralit\u00e4t \u2013 eine untersch\u00e4tzte Dom\u00e4ne der Grundbildung? <\/span><em><span style=\"color: #000000\"><i>Zeitschrift f\u00fcr Weiterbildungsforschung, 42<\/i><\/span><\/em><span style=\"color: #000000\">, 319 - 342.<\/span><span style=\"color: #000000\"> <\/span><\/span><\/p>\n<p><span style=\"font-family: Abel;font-weight: normal;font-size: x-small\"><span style=\"color: #000000\">Pabst, A., Curdt, W., Benz-Gydat, M., Schreiber-Barsch, S., &amp; Zeuner, C. (2019). Numeralit\u00e4t als soziale Praxis \u2013 forschungstheoretische Einordnung und empirische Zug\u00e4nge. <\/span><em><span style=\"color: #000000\"><i>Zeitschrift f\u00fcr Weiterbildungsforschung, 42<\/i><\/span><\/em><span style=\"color: #000000\">, 379 - 395.<\/span><\/span><span style=\"color: #000000\"><span style=\"font-family: Times New Roman, serif\"><span style=\"font-size: medium\"> <\/span><\/span><\/span><\/p><\/div>\n\t\t\t\t\t\t\n\t\t\t\t\t<\/div>\n\t\t\t\t<\/div>\n\t\t\t\t\t\n\t\t\t\t<\/div>\n\t\t\t\t<div class=\"et_pb_fullwidth_header_overlay\"><\/div>\n\t\t\t\t<div class=\"et_pb_fullwidth_header_scroll\"><\/div>\n\t\t\t<\/section>\n\t\t\t\t\n\t\t\t\t\n\t\t\t<\/div><\/p>\n","protected":false},"excerpt":{"rendered":"","protected":false},"author":10873,"featured_media":0,"parent":0,"menu_order":0,"comment_status":"closed","ping_status":"closed","template":"","meta":{"_bbp_topic_count":0,"_bbp_reply_count":0,"_bbp_total_topic_count":0,"_bbp_total_reply_count":0,"_bbp_voice_count":0,"_bbp_anonymous_reply_count":0,"_bbp_topic_count_hidden":0,"_bbp_reply_count_hidden":0,"_bbp_forum_subforum_count":0,"_et_pb_use_builder":"on","_et_pb_old_content":"","_et_gb_content_width":"","footnotes":""},"class_list":["post-72","page","type-page","status-publish","hentry"],"_links":{"self":[{"href":"https:\/\/blogs.uni-bremen.de\/mathematikinderpraxis\/wp-json\/wp\/v2\/pages\/72","targetHints":{"allow":["GET"]}}],"collection":[{"href":"https:\/\/blogs.uni-bremen.de\/mathematikinderpraxis\/wp-json\/wp\/v2\/pages"}],"about":[{"href":"https:\/\/blogs.uni-bremen.de\/mathematikinderpraxis\/wp-json\/wp\/v2\/types\/page"}],"author":[{"embeddable":true,"href":"https:\/\/blogs.uni-bremen.de\/mathematikinderpraxis\/wp-json\/wp\/v2\/users\/10873"}],"replies":[{"embeddable":true,"href":"https:\/\/blogs.uni-bremen.de\/mathematikinderpraxis\/wp-json\/wp\/v2\/comments?post=72"}],"version-history":[{"count":9,"href":"https:\/\/blogs.uni-bremen.de\/mathematikinderpraxis\/wp-json\/wp\/v2\/pages\/72\/revisions"}],"predecessor-version":[{"id":366,"href":"https:\/\/blogs.uni-bremen.de\/mathematikinderpraxis\/wp-json\/wp\/v2\/pages\/72\/revisions\/366"}],"wp:attachment":[{"href":"https:\/\/blogs.uni-bremen.de\/mathematikinderpraxis\/wp-json\/wp\/v2\/media?parent=72"}],"curies":[{"name":"wp","href":"https:\/\/api.w.org\/{rel}","templated":true}]}}