{"id":55,"date":"2018-04-03T15:54:08","date_gmt":"2018-04-03T13:54:08","guid":{"rendered":"https:\/\/blogs.uni-bremen.de\/maesc\/?page_id=55"},"modified":"2018-04-17T01:15:45","modified_gmt":"2018-04-16T23:15:45","slug":"imprint","status":"publish","type":"page","link":"https:\/\/blogs.uni-bremen.de\/maesc\/imprint\/","title":{"rendered":"Imprint"},"content":{"rendered":"<div class=\"article\">\n<ul>\n<li>Anbieterin der Internet-Seiten des Fachbereich 10 ist im Rechtssinn die Universit\u00e4t Bremen, vertreten durch den Rektor.<\/li>\n<\/ul>\n<p>Universit\u00e4t Bremen<br \/>\nBibliothekstrasse 1<br \/>\n28359 Bremen<br \/>\nTelefon +49 421 218-1<br \/>\nInternet: www.uni-bremen.de<\/p>\n<p>Die Universit\u00e4t Bremen ist eine K\u00f6rperschaft \u00f6ffentlichen Rechts. Sie wird durch den Rektor Prof. Dr.-Ing. Bernd Scholz-Reiter gesetzlich vertreten. Zust\u00e4ndige Aufsichtsbeh\u00f6rde ist die Senatorin f\u00fcr Bildung und Wissenschaft, Rembertiring 8-12, 28195 Bremen. Umsatzsteuer-Identifikationsnummer gem\u00e4\u00df \u00a7 27 a UStG Umsatzsteuer-Nr.: DE 811 245 070.<\/p>\n<h3>Ansprechpartner \/ techn. Umsetzung<\/h3>\n<p>Prof. Dr. Marcus Callies, FB10, Studiengangsverantwortlicher<br \/>\nE-Mail: callies AT uni-bremen.de<\/p>\n<\/div>\n<p><span style=\"font-size: 12pt\"><strong>Credit<\/strong><\/span><\/p>\n<p>Image section in header image created by Michael Blanke. <em>Helix II. 2017.<\/em> Oil on canvas.<\/p>\n<p>&nbsp;<\/p>\n","protected":false},"excerpt":{"rendered":"<p>Anbieterin der Internet-Seiten des Fachbereich 10 ist im Rechtssinn die Universit\u00e4t Bremen, vertreten durch den Rektor. Universit\u00e4t Bremen Bibliothekstrasse 1 28359 Bremen Telefon +49 421 218-1 Internet: www.uni-bremen.de Die Universit\u00e4t Bremen ist eine K\u00f6rperschaft \u00f6ffentlichen Rechts. Sie wird durch den Rektor Prof. Dr.-Ing. Bernd Scholz-Reiter gesetzlich vertreten. Zust\u00e4ndige Aufsichtsbeh\u00f6rde ist die Senatorin f\u00fcr Bildung und [&hellip;]<\/p>\n","protected":false},"author":5245,"featured_media":0,"parent":0,"menu_order":0,"comment_status":"closed","ping_status":"closed","template":"","meta":{"_bbp_topic_count":0,"_bbp_reply_count":0,"_bbp_total_topic_count":0,"_bbp_total_reply_count":0,"_bbp_voice_count":0,"_bbp_anonymous_reply_count":0,"_bbp_topic_count_hidden":0,"_bbp_reply_count_hidden":0,"_bbp_forum_subforum_count":0,"footnotes":""},"class_list":["post-55","page","type-page","status-publish","hentry"],"_links":{"self":[{"href":"https:\/\/blogs.uni-bremen.de\/maesc\/wp-json\/wp\/v2\/pages\/55","targetHints":{"allow":["GET"]}}],"collection":[{"href":"https:\/\/blogs.uni-bremen.de\/maesc\/wp-json\/wp\/v2\/pages"}],"about":[{"href":"https:\/\/blogs.uni-bremen.de\/maesc\/wp-json\/wp\/v2\/types\/page"}],"author":[{"embeddable":true,"href":"https:\/\/blogs.uni-bremen.de\/maesc\/wp-json\/wp\/v2\/users\/5245"}],"replies":[{"embeddable":true,"href":"https:\/\/blogs.uni-bremen.de\/maesc\/wp-json\/wp\/v2\/comments?post=55"}],"version-history":[{"count":2,"href":"https:\/\/blogs.uni-bremen.de\/maesc\/wp-json\/wp\/v2\/pages\/55\/revisions"}],"predecessor-version":[{"id":211,"href":"https:\/\/blogs.uni-bremen.de\/maesc\/wp-json\/wp\/v2\/pages\/55\/revisions\/211"}],"wp:attachment":[{"href":"https:\/\/blogs.uni-bremen.de\/maesc\/wp-json\/wp\/v2\/media?parent=55"}],"curies":[{"name":"wp","href":"https:\/\/api.w.org\/{rel}","templated":true}]}}