{"id":12,"date":"2021-11-03T12:11:28","date_gmt":"2021-11-03T11:11:28","guid":{"rendered":"https:\/\/blogs.uni-bremen.de\/listenhunde\/?page_id=12"},"modified":"2021-11-23T16:48:51","modified_gmt":"2021-11-23T15:48:51","slug":"darum-geht-es","status":"publish","type":"page","link":"https:\/\/blogs.uni-bremen.de\/listenhunde\/","title":{"rendered":"Darum geht es!"},"content":{"rendered":"<p>Monster, Bestien, Kampfschmuser, Kuschelratten, falsch verstanden\u2026<\/p>\n<p>Hunde die auf DER Liste stehen haben es in ihrem Leben meist nicht leicht. Die Meinung der Welt teilt sich bei ihren Anblick. Wenn andern Menschen ihnen beim Spaziergang auf der Stra\u00dfe begegnen wird nicht selten die Stra\u00dfenseite gewechselt. Kinder werden hochgehoben oder zur Seite gezogen, oft mit den begleitetenden Worten \u201eVorsicht, der ist gef\u00e4hrlich\u201c. Das Klischee der \u201eBiestie\u201c\u00a0 ist bei den meisten Menschen fest verankert. Dabei sehen die meisten Listenhundebesitzer ein v\u00f6llig anderes Bild ihrer Lieblinge.<\/p>\n<p>Aber was sind Listenhunde denn jetzt? \u2013\u00a0<strong>B\u00f6swillige, aggressive Monster oder f\u00e4lschlicherweise verurteilte Hunde?<\/strong><\/p>\n<p>Das es \u00fcberhaupt Listen von potenziell gef\u00e4hrlichen Rassen gibt h\u00e4ngt mit einem Kampfrausch im 19.- 20. Jahrhundert zusammen. Damals wurden Hunde speziell gez\u00fcchtet um wilde, blutige Shows abzuliefern. Diese Hunde wurden abgerichtet um in einer Arena gegen andere Hunde, F\u00fcchse, W\u00f6lfe, B\u00e4ren und sonstige Gegner meist um Leben und Tod zu k\u00e4mpfen. Es wurde auf den Sieger gewettet und die Menschen str\u00f6mten in Scharen zu diesen Ereignissen. Inzwischen sind diese K\u00e4mpfe in vielen L\u00e4ndern, insbesondere Deutschland\u00a0<strong>illegal<\/strong>\u00a0und strengstens verboten. Um diese Rassen im Auge behalten wurden sie auf einer Liste festgehalten, ergo der Liste von Kampfhunden. Durch Wesentests, regelm\u00e4\u00dfige Kontrollen, Hundef\u00fchrerbescheinigungen und Beschr\u00e4nkung von Zucht, Export und Import konnte sichergestellt werden,\u00a0 das die Hundek\u00e4mpfe gr\u00f6\u00dftenteils unterbunden werden konnten. inzwischen haben diese Rasse ihre ehemalige Funktion als Showkampftiere vollst\u00e4ndig abgelegt. Das Bild von dem gef\u00e4hrlichen Hund ist nichtsdestotrotz weiterhin im Kopf vieler Menschen.<\/p>\n","protected":false},"excerpt":{"rendered":"<p>Monster, Bestien, Kampfschmuser, Kuschelratten, falsch verstanden\u2026 Hunde die auf DER Liste stehen haben es in ihrem Leben meist nicht leicht. Die Meinung der Welt teilt sich bei ihren Anblick. Wenn andern Menschen ihnen beim Spaziergang auf der Stra\u00dfe &hellip; <\/p>\n<div class=\"more-link-wrapper\"><a href=\"https:\/\/blogs.uni-bremen.de\/listenhunde\/\" class=\"more-link\">Continue reading<span class=\"screen-reader-text\"> &#8222;Darum geht es!&#8220;<\/span><\/a><\/div>\n","protected":false},"author":13618,"featured_media":0,"parent":0,"menu_order":0,"comment_status":"closed","ping_status":"closed","template":"","meta":{"_bbp_topic_count":0,"_bbp_reply_count":0,"_bbp_total_topic_count":0,"_bbp_total_reply_count":0,"_bbp_voice_count":0,"_bbp_anonymous_reply_count":0,"_bbp_topic_count_hidden":0,"_bbp_reply_count_hidden":0,"_bbp_forum_subforum_count":0,"footnotes":""},"class_list":["post-12","page","type-page","status-publish","hentry"],"_links":{"self":[{"href":"https:\/\/blogs.uni-bremen.de\/listenhunde\/wp-json\/wp\/v2\/pages\/12","targetHints":{"allow":["GET"]}}],"collection":[{"href":"https:\/\/blogs.uni-bremen.de\/listenhunde\/wp-json\/wp\/v2\/pages"}],"about":[{"href":"https:\/\/blogs.uni-bremen.de\/listenhunde\/wp-json\/wp\/v2\/types\/page"}],"author":[{"embeddable":true,"href":"https:\/\/blogs.uni-bremen.de\/listenhunde\/wp-json\/wp\/v2\/users\/13618"}],"replies":[{"embeddable":true,"href":"https:\/\/blogs.uni-bremen.de\/listenhunde\/wp-json\/wp\/v2\/comments?post=12"}],"version-history":[{"count":5,"href":"https:\/\/blogs.uni-bremen.de\/listenhunde\/wp-json\/wp\/v2\/pages\/12\/revisions"}],"predecessor-version":[{"id":75,"href":"https:\/\/blogs.uni-bremen.de\/listenhunde\/wp-json\/wp\/v2\/pages\/12\/revisions\/75"}],"wp:attachment":[{"href":"https:\/\/blogs.uni-bremen.de\/listenhunde\/wp-json\/wp\/v2\/media?parent=12"}],"curies":[{"name":"wp","href":"https:\/\/api.w.org\/{rel}","templated":true}]}}