{"id":5,"date":"2015-09-14T12:33:32","date_gmt":"2015-09-14T10:33:32","guid":{"rendered":"https:\/\/blogs.uni-bremen.de\/lingwerk\/?page_id=5"},"modified":"2015-10-30T21:56:00","modified_gmt":"2015-10-30T20:56:00","slug":"linguistic-landscape","status":"publish","type":"page","link":"https:\/\/blogs.uni-bremen.de\/lingwerk\/linguistic-landscape\/","title":{"rendered":"Linguistic Landscape"},"content":{"rendered":"<p>Hier sammeln wir die <em>Linguistic Landscape-<\/em>Fotodokumentationen, die\u00a0Studierende der Universit\u00e4t Bremen erstellt haben. Gehen\u00a0Sie oben im Men\u00fc auf die Unterseiten mit dem Namen des jeweiligen Ortes, um die Bilder sehen zu k\u00f6nnen. Demn\u00e4chst folgen zu den einzelnen Dokumentationen auch noch Texte\u00a0der Verfasserinnen zur Entstehung.<\/p>\n<p>Informationen zur Erstellung einer Fotodokumentation finden Sie\u00a0<a href=\"https:\/\/blogs.uni-bremen.de\/lingwerk\/?p=1787\">hier<\/a>.<\/p>\n","protected":false},"excerpt":{"rendered":"<p>Hier sammeln wir die Linguistic Landscape-Fotodokumentationen, die\u00a0Studierende der Universit\u00e4t Bremen erstellt haben. Gehen\u00a0Sie oben im Men\u00fc auf die Unterseiten mit dem Namen des jeweiligen Ortes, um die Bilder sehen zu k\u00f6nnen. Demn\u00e4chst folgen zu den einzelnen Dokumentationen auch noch Texte\u00a0der Verfasserinnen zur Entstehung. Informationen zur Erstellung einer Fotodokumentation finden Sie\u00a0hier.<\/p>\n","protected":false},"author":4425,"featured_media":0,"parent":0,"menu_order":0,"comment_status":"open","ping_status":"open","template":"","meta":{"_bbp_topic_count":0,"_bbp_reply_count":0,"_bbp_total_topic_count":0,"_bbp_total_reply_count":0,"_bbp_voice_count":0,"_bbp_anonymous_reply_count":0,"_bbp_topic_count_hidden":0,"_bbp_reply_count_hidden":0,"_bbp_forum_subforum_count":0,"ngg_post_thumbnail":0,"footnotes":""},"class_list":["post-5","page","type-page","status-publish","hentry"],"_links":{"self":[{"href":"https:\/\/blogs.uni-bremen.de\/lingwerk\/wp-json\/wp\/v2\/pages\/5","targetHints":{"allow":["GET"]}}],"collection":[{"href":"https:\/\/blogs.uni-bremen.de\/lingwerk\/wp-json\/wp\/v2\/pages"}],"about":[{"href":"https:\/\/blogs.uni-bremen.de\/lingwerk\/wp-json\/wp\/v2\/types\/page"}],"author":[{"embeddable":true,"href":"https:\/\/blogs.uni-bremen.de\/lingwerk\/wp-json\/wp\/v2\/users\/4425"}],"replies":[{"embeddable":true,"href":"https:\/\/blogs.uni-bremen.de\/lingwerk\/wp-json\/wp\/v2\/comments?post=5"}],"version-history":[{"count":8,"href":"https:\/\/blogs.uni-bremen.de\/lingwerk\/wp-json\/wp\/v2\/pages\/5\/revisions"}],"predecessor-version":[{"id":1973,"href":"https:\/\/blogs.uni-bremen.de\/lingwerk\/wp-json\/wp\/v2\/pages\/5\/revisions\/1973"}],"wp:attachment":[{"href":"https:\/\/blogs.uni-bremen.de\/lingwerk\/wp-json\/wp\/v2\/media?parent=5"}],"curies":[{"name":"wp","href":"https:\/\/api.w.org\/{rel}","templated":true}]}}