{"id":12,"date":"2023-04-06T09:28:04","date_gmt":"2023-04-06T07:28:04","guid":{"rendered":"https:\/\/blogs.uni-bremen.de\/lehren2023kopie\/?page_id=12"},"modified":"2023-05-30T21:26:46","modified_gmt":"2023-05-30T19:26:46","slug":"startseite","status":"publish","type":"page","link":"https:\/\/blogs.uni-bremen.de\/lehren2023kopie\/","title":{"rendered":"Startseite: Informationen zum Blog"},"content":{"rendered":"<div class=\"et_d4_element et_pb_section et_pb_section_0  et_pb_css_mix_blend_mode et_section_regular et_block_section\" >\n\t\t\t\t\n\t\t\t\t\n\t\t\t\t\n\t\t\t\t\n\t\t\t\t\n\t\t\t\t\n\t\t\t\t<div class=\"et_d4_element et_pb_row et_pb_row_0  et_pb_css_mix_blend_mode et_block_row\">\n\t\t\t\t<div class=\"et_d4_element et_pb_column_4_4 et_pb_column et_pb_column_0  et_pb_css_mix_blend_mode et-last-child et_block_column\">\n\t\t\t\t\n\t\t\t\t\n\t\t\t\t\n\t\t\t\t\n\t\t\t\t<div class=\"et_pb_module et_d4_element et_pb_text et_pb_text_0  et_pb_text_align_left et_pb_bg_layout_light\">\n\t\t\t\t\n\t\t\t\t\n\t\t\t\t\n\t\t\t\t\n\t\t\t\t<div class=\"et_pb_text_inner\"><h2><span class=\"et-fb-editable-element et-fb-editable-element__editing\" style=\"font-size: 36pt\" data-shortcode-id=\"0.0.1.0-1618001397046\"><strong>Moin und herzlich Willkommen...<\/strong><\/span><\/h2><\/div>\n\t\t\t<\/div>\n\t\t\t<\/div>\n\t\t\t\t\n\t\t\t\t\n\t\t\t\t\n\t\t\t\t\n\t\t\t<\/div><div class=\"et_d4_element et_pb_row et_pb_row_1  et_pb_css_mix_blend_mode et_block_row\">\n\t\t\t\t<div class=\"et_d4_element et_pb_column_1_3 et_pb_column et_pb_column_1  et_pb_css_mix_blend_mode et_block_column\">\n\t\t\t\t\n\t\t\t\t\n\t\t\t\t\n\t\t\t\t\n\t\t\t\t<div class=\"et_pb_module et_d4_element et_pb_image et_pb_image_0\">\n\t\t\t\t\n\t\t\t\t\n\t\t\t\t\n\t\t\t\t\n\t\t\t\t<span class=\"et_pb_image_wrap \"><img decoding=\"async\" src=\"https:\/\/seafile.zfn.uni-bremen.de\/f\/b5b4b3be07d34c3e8c40\/?dl=1\" alt=\"\" title=\"\" \/><\/span>\n\t\t\t<\/div><div class=\"et_pb_module et_d4_element et_pb_text et_pb_text_1  et_pb_text_align_left et_pb_bg_layout_light\">\n\t\t\t\t\n\t\t\t\t\n\t\t\t\t\n\t\t\t\t\n\t\t\t\t<div class=\"et_pb_text_inner\"><p><span class=\"rTNyH RZQOk\">Foto von <a href=\"https:\/\/unsplash.com\/@mrrrk_smith?utm_source=unsplash&amp;utm_medium=referral&amp;utm_content=creditCopyText\">Ioann-Mark Kuznietsov<\/a> auf <a href=\"https:\/\/unsplash.com\/de\/fotos\/P6uqpNyXcI4?utm_source=unsplash&amp;utm_medium=referral&amp;utm_content=creditCopyText\">Unsplash<\/a><\/span><\/p><\/div>\n\t\t\t<\/div>\n\t\t\t<\/div><div class=\"et_d4_element et_pb_column_2_3 et_pb_column et_pb_column_2  et_pb_css_mix_blend_mode et-last-child et_block_column\">\n\t\t\t\t\n\t\t\t\t\n\t\t\t\t\n\t\t\t\t\n\t\t\t\t<div class=\"et_pb_module et_d4_element et_pb_text et_pb_text_2  et_pb_text_align_left et_pb_bg_layout_light\">\n\t\t\t\t\n\t\t\t\t\n\t\t\t\t\n\t\t\t\t\n\t\t\t\t<div class=\"et_pb_text_inner\"><p>auf dem Blog zum Seminar \u201eLehren\u201c \u2013 Schwerpunkt \u201eAllgemeine Didaktik und Instructional Design\u201c \u2013 des B.A.-Studiengangs \u201eErziehungs- und Bildungswissenschaften\u201c (EBW).<\/p>\n<p>Im Laufe dieses Semesters wird sich dieser Blog mit Lehr-\/Lernmaterialien zu verschiedenen Themenbereichen des Lehrens f\u00fcllen.<\/p>\n<p>Dieses digitale Material (im Sinne eines \u201elernf\u00f6rderlichen Handouts\u201c) fungiert als Erg\u00e4nzung zu Ihren Pr\u00e4senzsitzungen und soll Ihnen und den anderen Seminarteilnehmer:innen erm\u00f6glichen, den Begriff \u201eLehren\u201c vor dem Hintergrund verschiedener didaktischer Modelle sowie Modellen des Instructional Design zu ergr\u00fcnden. Dabei k\u00f6nnen grundlegende theoretische Kenntnisse sowie ein Verst\u00e4ndnis f\u00fcr die Konzeption und Entwicklung von Lernumgebungen und f\u00fcr die Gelingensbedindungen klassischen Unterrichtens erworben werden.<\/p>\n<p>Das Material wird von Ihnen, den \u201eEBW\u201c-Bachelor-Studierenden, im Sommersemester 2023 in Kleingruppen unter Ber\u00fccksichtigung der bereitgestellten Basis- und Erg\u00e4nzungsliteratur (<a href=\"https:\/\/blogs.uni-bremen.de\/lehren2023kopie\/literatur-und-quellenangaben\">Literatur<\/a>) und\/oder ggf. eigenst\u00e4ndig recherchierten Quellen entwickelt.<\/p>\n<p>Erg\u00e4nzend zu diesen Lernmaterialien werden im sp\u00e4teren Verlauf des Semesters auf dem Blog auch sogenannte <em>One-Pager <\/em>erg\u00e4nzt. Diese Dokumente sind das Ergebnis von Ihnen und Ihren Kommiliton:innen, die Sie auf Basis der Literatur, des themenspezifischen Lernmaterialies und der Sitzungen erstellt haben. Darauf finden sich z. B. Zitate, Einsichten, Fragen und Erkenntnisse, aber auch Darstellungen\/Illustrationen, die aus der Bearbeitung des Materials zu einem bestimmten Themenbereich resultierten. Zusammen bringen diese individuellen, themenspezifischen One-Pager einerseits die unterschiedlichen Verarbeitungsweisen und Priorit\u00e4ten der Lernenden zu Tage und fassen die Seminarinhalte andererseits auf vielf\u00e4ltige Weise zusammen.<\/p>\n<p>Ich w\u00fcnsche viel Spa\u00df und Erfolg, sich \u00fcber diesen Blog im Bereich \u201eLehren\u201c zu bilden!<\/p>\n<p>Dr. Thomas Lehmann<br \/>(Seminarleitung)<\/p><\/div>\n\t\t\t<\/div>\n\t\t\t<\/div>\n\t\t\t\t\n\t\t\t\t\n\t\t\t\t\n\t\t\t\t\n\t\t\t<\/div>\n\t\t\t\t\n\t\t\t\t\n\t\t\t<\/div>\n","protected":false},"excerpt":{"rendered":"","protected":false},"author":11778,"featured_media":0,"parent":0,"menu_order":0,"comment_status":"closed","ping_status":"closed","template":"","meta":{"_bbp_topic_count":0,"_bbp_reply_count":0,"_bbp_total_topic_count":0,"_bbp_total_reply_count":0,"_bbp_voice_count":0,"_bbp_anonymous_reply_count":0,"_bbp_topic_count_hidden":0,"_bbp_reply_count_hidden":0,"_bbp_forum_subforum_count":0,"_et_pb_use_builder":"on","_et_pb_old_content":"","_et_gb_content_width":"","footnotes":""},"class_list":["post-12","page","type-page","status-publish","hentry"],"_links":{"self":[{"href":"https:\/\/blogs.uni-bremen.de\/lehren2023kopie\/wp-json\/wp\/v2\/pages\/12","targetHints":{"allow":["GET"]}}],"collection":[{"href":"https:\/\/blogs.uni-bremen.de\/lehren2023kopie\/wp-json\/wp\/v2\/pages"}],"about":[{"href":"https:\/\/blogs.uni-bremen.de\/lehren2023kopie\/wp-json\/wp\/v2\/types\/page"}],"author":[{"embeddable":true,"href":"https:\/\/blogs.uni-bremen.de\/lehren2023kopie\/wp-json\/wp\/v2\/users\/11778"}],"replies":[{"embeddable":true,"href":"https:\/\/blogs.uni-bremen.de\/lehren2023kopie\/wp-json\/wp\/v2\/comments?post=12"}],"version-history":[{"count":8,"href":"https:\/\/blogs.uni-bremen.de\/lehren2023kopie\/wp-json\/wp\/v2\/pages\/12\/revisions"}],"predecessor-version":[{"id":1432,"href":"https:\/\/blogs.uni-bremen.de\/lehren2023kopie\/wp-json\/wp\/v2\/pages\/12\/revisions\/1432"}],"wp:attachment":[{"href":"https:\/\/blogs.uni-bremen.de\/lehren2023kopie\/wp-json\/wp\/v2\/media?parent=12"}],"curies":[{"name":"wp","href":"https:\/\/api.w.org\/{rel}","templated":true}]}}