{"id":31,"date":"2022-06-23T17:06:14","date_gmt":"2022-06-23T15:06:14","guid":{"rendered":"https:\/\/blogs.uni-bremen.de\/laeman\/?page_id=31"},"modified":"2022-06-26T16:03:38","modified_gmt":"2022-06-26T14:03:38","slug":"hamburger-modell","status":"publish","type":"page","link":"https:\/\/blogs.uni-bremen.de\/laeman\/hamburger-modell\/","title":{"rendered":"Hamburger Modell"},"content":{"rendered":"<div class=\"\" data-block=\"true\" data-editor=\"fedfu\" data-offset-key=\"84eq8-0-0\">\n<div class=\"public-DraftStyleDefault-block public-DraftStyleDefault-ltr\" data-offset-key=\"84eq8-0-0\"><span data-offset-key=\"84eq8-0-0\">Das <span style=\"color: #ff9900\">Hamburger Modell<\/span> ist eine <span style=\"color: #ff9900\">Weiterentwicklung der <\/span><\/span><span style=\"color: #ff9900\"><span id=\"decorator-ignored-entity-id-39\" data-entity-key=\"39\" data-offset-key=\"84eq8-1-0\">Lerntheoretischen<\/span> Didaktik zur <span id=\"decorator-ignored-entity-id-46\" data-entity-key=\"46\" data-offset-key=\"84eq8-3-0\">Lehrtheoretischen<\/span><\/span><span data-offset-key=\"84eq8-4-0\"><span style=\"color: #ff9900\"> Didaktik<\/span>.<br \/>\nEs wird von Schulz als <span style=\"color: #ff9900\">Planungsmodell<\/span> formuliert.<\/span><\/div>\n<div data-offset-key=\"84eq8-0-0\"><\/div>\n<\/div>\n<div class=\"\" data-block=\"true\" data-editor=\"fedfu\" data-offset-key=\"7h3od-0-0\">\n<div class=\"public-DraftStyleDefault-block public-DraftStyleDefault-ltr\" data-offset-key=\"7h3od-0-0\">\n<p><span data-offset-key=\"7h3od-0-0\">Der <span style=\"color: #ff9900\">Ansatz<\/span> beinhaltet, dass <span style=\"color: #ff9900\">Eltern, Lehrer und Sch\u00fcler in den Prozess mit ein bezogen<\/span> werden. <span style=\"color: #ff9900\">Lernende<\/span> sollen <\/span><span id=\"decorator-corrected-entity-id-52\" data-entity-key=\"52\" data-offset-key=\"7h3od-1-0\"><span data-offset-key=\"7h3od-1-0\">lernen, <span style=\"color: #ff9900\">\u00fcber<\/span><\/span><\/span><span data-offset-key=\"7h3od-2-0\"><span style=\"color: #ff9900\"> sich selbst zu verf\u00fcgen<\/span> und sich <span style=\"color: #ff9900\">Kompetenz, Autonomie und Solidarit\u00e4t aneignen<\/span>.<\/span><\/p>\n<p>&nbsp;<\/p>\n<\/div>\n<\/div>\n<div class=\"\" data-block=\"true\" data-editor=\"fedfu\" data-offset-key=\"1shoq-0-0\">\n<div class=\"public-DraftStyleDefault-block public-DraftStyleDefault-ltr\" data-offset-key=\"1shoq-0-0\"><span data-offset-key=\"1shoq-0-0\"><span style=\"color: #ff9900\">Kompetenz<\/span>: <\/span><span id=\"decorator-corrected-entity-id-57\" data-entity-key=\"57\" data-offset-key=\"1shoq-1-0\"><span data-offset-key=\"1shoq-1-0\">Qualifikation, die<\/span><\/span><span data-offset-key=\"1shoq-2-0\"> man im Leben ben\u00f6tigt (Wissen, K\u00f6nnen und <\/span><span id=\"decorator-ignored-entity-id-61\" data-entity-key=\"61\" data-offset-key=\"1shoq-3-0\"><span data-offset-key=\"1shoq-3-0\">Einstellungen)<\/span><\/span><\/div>\n<\/div>\n<div class=\"\" data-block=\"true\" data-editor=\"fedfu\" data-offset-key=\"6g9li-0-0\">\n<div class=\"public-DraftStyleDefault-block public-DraftStyleDefault-ltr\" data-offset-key=\"6g9li-0-0\"><span id=\"decorator-ignored-entity-id-61\" data-entity-key=\"61\" data-offset-key=\"6g9li-0-0\"><span data-offset-key=\"6g9li-0-0\"><span style=\"color: #ff9900\">Autonomie<\/span>:<\/span><\/span> <span id=\"decorator-ignored-entity-id-64\" data-entity-key=\"64\" data-offset-key=\"6g9li-2-0\"><span data-offset-key=\"6g9li-2-0\">Selbstst\u00e4ndigkeit<\/span><\/span><\/div>\n<\/div>\n<div class=\"\" data-block=\"true\" data-editor=\"fedfu\" data-offset-key=\"dp50v-0-0\">\n<div class=\"public-DraftStyleDefault-block public-DraftStyleDefault-ltr\" data-offset-key=\"dp50v-0-0\">\n<p><span id=\"decorator-ignored-entity-id-64\" data-entity-key=\"64\" data-offset-key=\"dp50v-0-0\"><span data-offset-key=\"dp50v-0-0\"><span style=\"color: #ff9900\">Solidarit\u00e4t<\/span>:<\/span><\/span><span data-offset-key=\"dp50v-1-0\"> Wille und M\u00f6glichkeit der gegenseitigen Unterst\u00fctzung<\/span><\/p>\n<p>&nbsp;<\/p>\n<\/div>\n<\/div>\n<div class=\"\" data-block=\"true\" data-editor=\"fedfu\" data-offset-key=\"7st97-0-0\">\n<div class=\"public-DraftStyleDefault-block public-DraftStyleDefault-ltr\" data-offset-key=\"7st97-0-0\">\n<p><span id=\"decorator-ignored-entity-id-66\" data-entity-key=\"66\" data-offset-key=\"7st97-1-0\"><span data-offset-key=\"7st97-1-0\">Des<\/span><\/span><span data-offset-key=\"7st97-2-0\"> Weiteren sollen <span style=\"color: #ff9900\">Lehrende und Lernende<\/span> als <span style=\"color: #ff9900\">partnerschaftliche Gestalter des Lehr-Lern Prozesses<\/span> funktionieren.<\/span><\/p>\n<p>&nbsp;<\/p>\n<\/div>\n<\/div>\n<div class=\"\" data-block=\"true\" data-editor=\"fedfu\" data-offset-key=\"afd9q-0-0\">\n<div class=\"public-DraftStyleDefault-block public-DraftStyleDefault-ltr\" data-offset-key=\"afd9q-0-0\"><span data-offset-key=\"afd9q-0-0\">Schulz unterteilt in vier zeitliche Ebenen unterteilt:<\/span><\/div>\n<\/div>\n<div class=\"\" data-block=\"true\" data-editor=\"fedfu\" data-offset-key=\"4jc2v-0-0\">\n<ol>\n<li><span data-offset-key=\"4jc2v-0-0\">Die <span style=\"color: #ff9900\">Perspektivplanung<\/span> dient zum Ordnen der Unterrichtseinheit \u00fcber einen l\u00e4ngeren Zeitraum und soll ein \u201eroter Faden\u201c in der Themenabfolge sein. (Planung auf l\u00e4ngeren Zeitraum)<\/span><\/li>\n<li>Die <span style=\"color: #ff9900\">Umrissplanung<\/span> bezieht sich auf die einzelnen Unterrichtseinheiten. Es wird festgestellt, welche Unterrichtsziele verfolgt werden sollen und wie das Erreichen kontrolliert wird.<\/li>\n<li><span data-offset-key=\"e5nb2-0-0\">Die <span style=\"color: #ff9900\">Prozessplanung<\/span> ordnet die Handlungsm\u00f6glichkeiten in einem Handlungsablauf ein, welche bei der Umrissplanung erarbeitet wurden. Es werden einzelne Unterrichtsschritte, Methoden und Arbeitsformen definiert und festgelegt.<\/span><\/li>\n<li><span data-offset-key=\"e5nb2-0-0\">Die <span style=\"color: #ff9900\">Planungskorrektur<\/span> <span id=\"decorator-corrected-entity-id-71\" data-entity-key=\"71\" data-offset-key=\"4jc2v-1-0\"><span data-offset-key=\"4jc2v-1-0\">gibt w\u00e4hrend<\/span><\/span><span data-offset-key=\"4jc2v-2-0\"> des <\/span><span id=\"decorator-corrected-entity-id-73\" data-entity-key=\"73\" data-offset-key=\"4jc2v-3-0\"><span data-offset-key=\"4jc2v-3-0\">Unterrichts Offenheit<\/span><\/span><span data-offset-key=\"4jc2v-4-0\"> f\u00fcr aktuelle Entwicklungen. Es ist eine Korrektur f\u00fcr nicht vorhersehbare Planungswirkungen.<\/span><br \/>\n<\/span><\/li>\n<\/ol>\n<\/div>\n<div class=\"\" data-block=\"true\" data-editor=\"fedfu\" data-offset-key=\"6tpch-0-0\">\n<div class=\"\" data-block=\"true\" data-editor=\"fedfu\" data-offset-key=\"49gah-0-0\">\n<div class=\"public-DraftStyleDefault-block public-DraftStyleDefault-ltr\" data-offset-key=\"49gah-0-0\"><span data-offset-key=\"49gah-0-0\">Es wird f\u00fcr eine <span style=\"color: #ff9900\">Wechselbeziehung<\/span> zwischen den <span style=\"color: #ff9900\">Unterrichtszielen<\/span> (Ziele und Inhalte), der <span style=\"color: #ff9900\">Ausgangslage<\/span> (Voraussetzungen der Sch\u00fcler und Lehrperson), der <span style=\"color: #ff9900\">Vermittlungsvariablen<\/span> (Methoden, Medien und schulorganisatorische Hilfen) und der <span style=\"color: #ff9900\">Erfolgskontrolle<\/span> (dient der Korrektur des <\/span><span id=\"decorator-corrected-entity-id-75\" data-entity-key=\"75\" data-offset-key=\"49gah-1-0\"><span data-offset-key=\"49gah-1-0\">Handelns f\u00fcr<\/span><\/span><span data-offset-key=\"49gah-2-0\"> Lehrer und Sch\u00fcler) gesorgt.<\/span><\/div>\n<\/div>\n<\/div>\n<p><img loading=\"lazy\" decoding=\"async\" class=\"alignnone wp-image-89\" src=\"https:\/\/blogs.uni-bremen.de\/laeman\/files\/Bildschirmfoto-2022-06-20-um-09.23.53-300x289.png\" alt=\"\" width=\"424\" height=\"408\" \/><\/p>\n<p>(L= Lehrkraft ; S= Sch\u00fcler ; UZ= Unterrichtsziele ; AL= Ausgangslage ; VV=Vermittlungsvariablen ; EK=Erfolgskontrolle)<br \/>\n<span style=\"font-size: 10pt\">(Abbildung 2)<\/span><\/p>\n<p><strong><span style=\"font-size: 14pt\">Fragen:<\/span><\/strong><\/p>\n<p><span style=\"font-size: 12pt;color: #ff9900\">Wozu dient die Umrissplanung?<\/span><\/p>\n<ol style=\"list-style-type: lower-alpha\">\n<li>Zum Ordnen der Unterrichtseinheit \u00fcber einen l\u00e4ngeren Zeitraum, mit \u201eroten Faden\u201c.<\/li>\n<li>Zur Korrektur f\u00fcr nicht vorhersehbarer Planungswirkungen.<\/li>\n<li>Zur Feststellung der Unterrichtsziele und wie das Erreichen kontrolliert werden kann, in Bezug auf die einzelnen Unterrichtseinheiten.<\/li>\n<\/ol>\n<p><span style=\"color: #ff9900;font-size: 12pt\">Welche Ans\u00e4tze verfolgt das Hamburger Modell nicht?<\/span><\/p>\n<ol style=\"list-style-type: lower-alpha\">\n<li>Miteinbeziehen der Sch\u00fcler, Eltern und Lehrer.<\/li>\n<li>Die Entwicklung von Kategorien zur besseren Wahrnehmung.<\/li>\n<li>Lernenden sollen lernen \u00fcber sich selbst zu verf\u00fcgen.<\/li>\n<\/ol>\n<p>&nbsp;<\/p>\n<p><span style=\"font-size: 8pt;color: #d1d1d1\">(L\u00f6sung: 1. Frage: c. ; 2. Frage: b.)<\/span><\/p>\n","protected":false},"excerpt":{"rendered":"<p>Das Hamburger Modell ist eine Weiterentwicklung der Lerntheoretischen Didaktik zur Lehrtheoretischen Didaktik. Es wird von Schulz als Planungsmodell formuliert. Der Ansatz beinhaltet, dass Eltern, Lehrer und Sch\u00fcler in den Prozess mit ein bezogen werden. Lernende sollen lernen, \u00fcber sich selbst zu verf\u00fcgen und sich Kompetenz, Autonomie und Solidarit\u00e4t aneignen. &nbsp; Kompetenz: Qualifikation, die man im [&hellip;]<\/p>\n","protected":false},"author":14210,"featured_media":0,"parent":0,"menu_order":0,"comment_status":"closed","ping_status":"closed","template":"","meta":{"_bbp_topic_count":0,"_bbp_reply_count":0,"_bbp_total_topic_count":0,"_bbp_total_reply_count":0,"_bbp_voice_count":0,"_bbp_anonymous_reply_count":0,"_bbp_topic_count_hidden":0,"_bbp_reply_count_hidden":0,"_bbp_forum_subforum_count":0,"footnotes":""},"class_list":["post-31","page","type-page","status-publish","hentry"],"_links":{"self":[{"href":"https:\/\/blogs.uni-bremen.de\/laeman\/wp-json\/wp\/v2\/pages\/31","targetHints":{"allow":["GET"]}}],"collection":[{"href":"https:\/\/blogs.uni-bremen.de\/laeman\/wp-json\/wp\/v2\/pages"}],"about":[{"href":"https:\/\/blogs.uni-bremen.de\/laeman\/wp-json\/wp\/v2\/types\/page"}],"author":[{"embeddable":true,"href":"https:\/\/blogs.uni-bremen.de\/laeman\/wp-json\/wp\/v2\/users\/14210"}],"replies":[{"embeddable":true,"href":"https:\/\/blogs.uni-bremen.de\/laeman\/wp-json\/wp\/v2\/comments?post=31"}],"version-history":[{"count":9,"href":"https:\/\/blogs.uni-bremen.de\/laeman\/wp-json\/wp\/v2\/pages\/31\/revisions"}],"predecessor-version":[{"id":158,"href":"https:\/\/blogs.uni-bremen.de\/laeman\/wp-json\/wp\/v2\/pages\/31\/revisions\/158"}],"wp:attachment":[{"href":"https:\/\/blogs.uni-bremen.de\/laeman\/wp-json\/wp\/v2\/media?parent=31"}],"curies":[{"name":"wp","href":"https:\/\/api.w.org\/{rel}","templated":true}]}}