{"id":861,"date":"2018-11-20T11:20:00","date_gmt":"2018-11-20T10:20:00","guid":{"rendered":"https:\/\/blogs.uni-bremen.de\/kuwicapacities\/?page_id=861"},"modified":"2020-01-06T14:34:17","modified_gmt":"2020-01-06T13:34:17","slug":"literaturverzeichnis","status":"publish","type":"page","link":"https:\/\/blogs.uni-bremen.de\/kuwicapacities\/literaturverzeichnis\/","title":{"rendered":"Literaturverzeichnis"},"content":{"rendered":"<p><div class=\"et_d4_element et_pb_section et_pb_section_0 et_pb_with_background  et_pb_css_mix_blend_mode et_section_regular et_block_section\" >\n\t\t\t\t\n\t\t\t\t\n\t\t\t\t\n\t\t\t\t\n\t\t\t\t\n\t\t\t\t\n\t\t\t\t<div class=\"et_d4_element et_pb_row et_pb_row_0 et_pb_gutters2  et_pb_css_mix_blend_mode et_block_row\">\n\t\t\t\t<div class=\"et_d4_element et_pb_column_1_3 et_pb_column et_pb_column_0  et_pb_css_mix_blend_mode et_block_column\">\n\t\t\t\t\n\t\t\t\t\n\t\t\t\t\n\t\t\t\t\n\t\t\t\t<div class=\"et_pb_button_module_wrapper et_pb_button_0_wrapper et_pb_button_alignment_center et_pb_module \">\n\t\t\t\t<a class=\"et_pb_button et_d4_element et_pb_button_0 et_hover_enabled et_pb_bg_layout_light et_block_module\" href=\"https:\/\/blogs.uni-bremen.de\/kuwicapacities\/startseite\/kulturwissenschaftliche-fragestellung\/\">Fragestellung<\/a>\n\t\t\t<\/div><div class=\"et_pb_button_module_wrapper et_pb_button_1_wrapper et_pb_button_alignment_left et_pb_module \">\n\t\t\t\t<a class=\"et_pb_button et_d4_element et_pb_button_1 et_hover_enabled et_pb_bg_layout_light et_block_module\" href=\"https:\/\/blogs.uni-bremen.de\/kuwicapacities\/startseite\/selbstorganisation\/\">Selbstorganisation<\/a>\n\t\t\t<\/div><div class=\"et_pb_button_module_wrapper et_pb_button_2_wrapper et_pb_button_alignment_left et_pb_module \">\n\t\t\t\t<a class=\"et_pb_button et_d4_element et_pb_button_2 et_hover_enabled et_pb_bg_layout_light et_block_module\" href=\"https:\/\/blogs.uni-bremen.de\/kuwicapacities\/startseite\/arbeiten-mit-literatur\/\">Arbeit mit Literatur<\/a>\n\t\t\t<\/div><div class=\"et_pb_button_module_wrapper et_pb_button_3_wrapper et_pb_button_alignment_right et_pb_module \">\n\t\t\t\t<a class=\"et_pb_button et_d4_element et_pb_button_3 et_hover_enabled et_pb_bg_layout_dark et_block_module\" href=\"https:\/\/blogs.uni-bremen.de\/kuwicapacities\/schreibprozess\/\">Schreibprozess<\/a>\n\t\t\t<\/div>\n\t\t\t<\/div><div class=\"et_d4_element et_pb_column_1_3 et_pb_column et_pb_column_1  et_pb_css_mix_blend_mode et_block_column\">\n\t\t\t\t\n\t\t\t\t\n\t\t\t\t\n\t\t\t\t\n\t\t\t\t<div class=\"et_pb_module et_d4_element et_pb_text et_pb_text_0  et_pb_text_align_center et_pb_bg_layout_light\">\n\t\t\t\t\n\t\t\t\t\n\t\t\t\t\n\t\t\t\t\n\t\t\t\t<div class=\"et_pb_text_inner\"><h1>Literaturverzeichnis<\/h1><\/div>\n\t\t\t<\/div>\n\t\t\t<\/div><div class=\"et_d4_element et_pb_column_1_3 et_pb_column et_pb_column_2  et_pb_css_mix_blend_mode et-last-child et_block_column\">\n\t\t\t\t\n\t\t\t\t\n\t\t\t\t\n\t\t\t\t\n\t\t\t\t<div class=\"et_pb_module et_d4_element et_pb_image et_pb_image_0\">\n\t\t\t\t\n\t\t\t\t\n\t\t\t\t\n\t\t\t\t\n\t\t\t\t<a href=\"https:\/\/blogs.uni-bremen.de\/kuwicapacities\/\"><span class=\"et_pb_image_wrap \"><img loading=\"lazy\" decoding=\"async\" width=\"1600\" height=\"700\" src=\"https:\/\/blogs.uni-bremen.de\/kuwicapacities\/files\/2019\/08\/kuwilogo22_optimiert.png\" alt=\"\" title=\"\" srcset=\"https:\/\/blogs.uni-bremen.de\/kuwicapacities\/files\/2019\/08\/kuwilogo22_optimiert.png 1600w, https:\/\/blogs.uni-bremen.de\/kuwicapacities\/files\/2019\/08\/kuwilogo22_optimiert-1280x560.png 1280w, https:\/\/blogs.uni-bremen.de\/kuwicapacities\/files\/2019\/08\/kuwilogo22_optimiert-980x429.png 980w, https:\/\/blogs.uni-bremen.de\/kuwicapacities\/files\/2019\/08\/kuwilogo22_optimiert-480x210.png 480w\" sizes=\"(min-width: 0px) and (max-width: 480px) 480px, (min-width: 481px) and (max-width: 980px) 980px, (min-width: 981px) and (max-width: 1280px) 1280px, (min-width: 1281px) 1600px, 100vw\" class=\"wp-image-1713\" \/><\/span><\/a>\n\t\t\t<\/div>\n\t\t\t<\/div>\n\t\t\t\t\n\t\t\t\t\n\t\t\t\t\n\t\t\t\t\n\t\t\t<\/div>\n\t\t\t\t\n\t\t\t\t\n\t\t\t<\/div><div class=\"et_d4_element et_pb_section et_pb_section_1  et_pb_css_mix_blend_mode et_section_regular et_block_section\" >\n\t\t\t\t\n\t\t\t\t\n\t\t\t\t\n\t\t\t\t\n\t\t\t\t\n\t\t\t\t\n\t\t\t\t<div class=\"et_d4_element et_pb_row et_pb_row_1  et_pb_css_mix_blend_mode et_block_row\">\n\t\t\t\t<div class=\"et_d4_element et_pb_column_1_5 et_pb_column et_pb_column_3  et_pb_css_mix_blend_mode et_block_column et_pb_column_empty\">\n\t\t\t\t\n\t\t\t\t\n\t\t\t\t\n\t\t\t\t\n\t\t\t\t\n\t\t\t<\/div><div class=\"et_d4_element et_pb_column_3_5 et_pb_column et_pb_column_4  et_pb_css_mix_blend_mode et_block_column\">\n\t\t\t\t\n\t\t\t\t\n\t\t\t\t\n\t\t\t\t\n\t\t\t\t<div class=\"et_pb_module et_d4_element et_pb_text et_pb_text_1  et_pb_text_align_justified et_pb_bg_layout_light\">\n\t\t\t\t\n\t\t\t\t\n\t\t\t\t\n\t\t\t\t\n\t\t\t\t<div class=\"et_pb_text_inner\"><p style=\"text-align: justify\"><span style=\"font-size: 14pt\"><strong><span style=\"color: #000000;font-family: arial, helvetica, sans-serif\"><span lang=\"en-US\"><\/span><\/span><\/strong><\/span><strong>Am Institut f\u00fcr Ethnologie und Kulturwissenschaft zitieren wir \u00fcblicherweise nach nach dem Harvard Citation Style. Auf dieser Seite geht es darum, was du diesbez\u00fcglich beim Erstellen des Literaturverzeichnisses beachten solltest.<\/strong><\/p>\n<p style=\"text-align: center\"><span style=\"color: #000000;font-family: arial, helvetica, sans-serif;font-size: 14pt\"><\/span><\/p><\/div>\n\t\t\t<\/div>\n\t\t\t<\/div><div class=\"et_d4_element et_pb_column_1_5 et_pb_column et_pb_column_5  et_pb_css_mix_blend_mode et-last-child et_block_column et_pb_column_empty\">\n\t\t\t\t\n\t\t\t\t\n\t\t\t\t\n\t\t\t\t\n\t\t\t\t\n\t\t\t<\/div>\n\t\t\t\t\n\t\t\t\t\n\t\t\t\t\n\t\t\t\t\n\t\t\t<\/div><div class=\"et_d4_element et_pb_row et_pb_row_2  et_pb_css_mix_blend_mode et_block_row\">\n\t\t\t\t<div class=\"et_d4_element et_pb_column_1_5 et_pb_column et_pb_column_6  et_pb_css_mix_blend_mode et_block_column\">\n\t\t\t\t\n\t\t\t\t\n\t\t\t\t\n\t\t\t\t\n\t\t\t\t<div class=\"et_pb_module et_d4_element et_pb_image et_pb_image_1\">\n\t\t\t\t\n\t\t\t\t\n\t\t\t\t\n\t\t\t\t\n\t\t\t\t<span class=\"et_pb_image_wrap \"><img loading=\"lazy\" decoding=\"async\" width=\"600\" height=\"600\" src=\"https:\/\/blogs.uni-bremen.de\/kuwicapacities\/files\/2018\/11\/kuwiliteraturverwaltung1.png\" alt=\"\" title=\"\" srcset=\"https:\/\/blogs.uni-bremen.de\/kuwicapacities\/files\/2018\/11\/kuwiliteraturverwaltung1.png 600w, https:\/\/blogs.uni-bremen.de\/kuwicapacities\/files\/2018\/11\/kuwiliteraturverwaltung1-150x150.png 150w, https:\/\/blogs.uni-bremen.de\/kuwicapacities\/files\/2018\/11\/kuwiliteraturverwaltung1-300x300.png 300w\" sizes=\"(max-width: 600px) 100vw, 600px\" class=\"wp-image-745\" \/><\/span>\n\t\t\t<\/div>\n\t\t\t<\/div><div class=\"et_d4_element et_pb_column_3_5 et_pb_column et_pb_column_7  et_pb_css_mix_blend_mode et_block_column\">\n\t\t\t\t\n\t\t\t\t\n\t\t\t\t\n\t\t\t\t\n\t\t\t\t<div class=\"et_pb_module et_d4_element et_pb_text et_pb_text_2  et_pb_text_align_justified et_pb_bg_layout_light\">\n\t\t\t\t\n\t\t\t\t\n\t\t\t\t\n\t\t\t\t\n\t\t\t\t<div class=\"et_pb_text_inner\"><p>Beim Harvard Citation Style werden bei einer Quellenangabe im Text selbst nur kurz Autor*in, Erscheinungsjahr und ggf. Seitenzahl angegeben. Das Literaturverzeichnis ist dazu da, im Anschluss alle verwendeten Quellen \u00fcbersichtlich und im Detail aufzuf\u00fchren. Um es \u00fcbersichtlichtlich zu gestalten, halte dich an folgende Punkte:<\/p>\n<p><span style=\"color: #2ea3f2\"><strong>&gt;<\/strong><\/span> <strong>Inhaltlich gibt es feste Vorgaben<\/strong>. Beispielsweise werden bei Monografien Autor*in, Erscheinungsjahr, Titel, Erscheinungsort und Verlag genannt. Die Varianten (neben Monografien auch Beitr\u00e4ge aus Sammelb\u00e4nden, Internetquellen, Angaben bei mehreren Autorinnen etc.) sind unten aufgef\u00fchrt.<\/p>\n<p><span style=\"color: #2ea3f2\"><strong>&gt;<\/strong><\/span>\u00a0Das Verzeichnis ist <strong>alphabetisch<\/strong> nach den Nachnamen der Autor*innen aufgebaut.<\/p>\n<p><span style=\"color: #2ea3f2\"><strong>&gt;<\/strong><\/span> Nach der ersten Zeile werden alle weiteren Zeilen einger\u00fcckt (das kann hier wegen uneinheitlichen Zeilenumbr\u00fcchen auf verschiedenen Bildschirmen und Browsern nicht dargestellt werden. F\u00fcr Ansicht, siehe Leitfaden-Wissenschaftliches Arbeiten).<\/p>\n<p><span style=\"color: #2ea3f2\"><strong>&gt;<\/strong><\/span> Alle Angaben m\u00fcssen <strong>einheitlich<\/strong> und <strong>formal korrekt<\/strong> sein.<\/p>\n<p>Dabei werden verschiedene Textformen im Literaturverzeichnis unterschiedlich angegeben:<\/p><\/div>\n\t\t\t<\/div>\n\t\t\t<\/div><div class=\"et_d4_element et_pb_column_1_5 et_pb_column et_pb_column_8  et_pb_css_mix_blend_mode et-last-child et_block_column et_pb_column_empty\">\n\t\t\t\t\n\t\t\t\t\n\t\t\t\t\n\t\t\t\t\n\t\t\t\t\n\t\t\t<\/div>\n\t\t\t\t\n\t\t\t\t\n\t\t\t\t\n\t\t\t\t\n\t\t\t<\/div><div class=\"et_pb_with_border et_d4_element et_pb_row et_pb_row_3  et_pb_css_mix_blend_mode et_block_row\">\n\t\t\t\t<div class=\"et_d4_element et_pb_column_4_4 et_pb_column et_pb_column_9  et_pb_css_mix_blend_mode et-last-child et_block_column\">\n\t\t\t\t\n\t\t\t\t\n\t\t\t\t\n\t\t\t\t\n\t\t\t\t<div class=\"et_pb_module et_d4_element et_pb_text et_pb_text_3  et_pb_text_align_justified et_pb_bg_layout_light\">\n\t\t\t\t\n\t\t\t\t\n\t\t\t\t\n\t\t\t\t\n\t\t\t\t<div class=\"et_pb_text_inner\"><h3 style=\"margin-bottom: 0cm;line-height: 100%\">Monografien<\/h3>\n<p>Monographien sind Bu\u0308cher, die von einer\/m oder mehreren Autoren*Innen verfasst wurden.<\/p>\n<p><strong>Name, Vorname (Jahr): Titel. Untertitel. Erscheinungsort: Verlag.<\/strong><\/p>\n<p><span style=\"font-size: 18px\"><strong>Beispiel:<\/strong> <em>Foucault, Michel (1978): Dispositive der Macht. U\u0308ber Sexualita\u0308t, Wissen und Wahrheit.\u00a0<\/em><\/span><em style=\"font-size: 18px\">Berlin: Merve Verlag.<\/em><\/p>\n<p><strong><\/strong><\/p><\/div>\n\t\t\t<\/div>\n\t\t\t<\/div>\n\t\t\t\t\n\t\t\t\t\n\t\t\t\t\n\t\t\t\t\n\t\t\t<\/div><div class=\"et_pb_with_border et_d4_element et_pb_row et_pb_row_4  et_pb_css_mix_blend_mode et_block_row\">\n\t\t\t\t<div class=\"et_d4_element et_pb_column_4_4 et_pb_column et_pb_column_10  et_pb_css_mix_blend_mode et-last-child et_block_column\">\n\t\t\t\t\n\t\t\t\t\n\t\t\t\t\n\t\t\t\t\n\t\t\t\t<div class=\"et_pb_module et_d4_element et_pb_text et_pb_text_4  et_pb_text_align_justified et_pb_bg_layout_light\">\n\t\t\t\t\n\t\t\t\t\n\t\t\t\t\n\t\t\t\t\n\t\t\t\t<div class=\"et_pb_text_inner\"><h3 style=\"margin-bottom: 0cm;line-height: 100%\">Bei mehreren Autor*Innen<\/h3>\n<p>F\u00fcr alle Textformen, ob Monografie oder Sammelband, gilt bei mehreren Autor*Innen oder Herausgeber*Innen Folgendes: nur bei dem oder der ersten Autor*In oder\u00a0Herausgeber*In wird der Nachname zuerst gesetzt. Die weiteren Namen werden durch ein Semikolon getrennt, zwischen dem letzten und vorletzten Namen steht ein \u201e&amp;\u201c-Zeichen. Hier ist ein Beispiel von einer Monografie mit mehreren Autoren.<\/p>\n<p><strong>Name, Vorname; Vorname Name &amp; Vorname Name <\/strong><strong>(Jahr): Titel. Untertitel. Erscheinungsort: Verlag.<\/strong><\/p>\n<p><strong>Beispiel: <\/strong>Breidenstein, Georg; Stefan Hirschauer; Herbert Kalthoff &amp; Boris Nieswand (2015): Ethnografie. Praxis der Feldforschung. Konstanz: UVK Verlagsgesellschaft mbH.<\/p>\n<p><strong><\/strong><\/p><\/div>\n\t\t\t<\/div>\n\t\t\t<\/div>\n\t\t\t\t\n\t\t\t\t\n\t\t\t\t\n\t\t\t\t\n\t\t\t<\/div><div class=\"et_pb_with_border et_d4_element et_pb_row et_pb_row_5  et_pb_css_mix_blend_mode et_block_row\">\n\t\t\t\t<div class=\"et_d4_element et_pb_column_4_4 et_pb_column et_pb_column_11  et_pb_css_mix_blend_mode et-last-child et_block_column\">\n\t\t\t\t\n\t\t\t\t\n\t\t\t\t\n\t\t\t\t\n\t\t\t\t<div class=\"et_pb_module et_d4_element et_pb_text et_pb_text_5  et_pb_text_align_justified et_pb_bg_layout_light\">\n\t\t\t\t\n\t\t\t\t\n\t\t\t\t\n\t\t\t\t\n\t\t\t\t<div class=\"et_pb_text_inner\"><h3 style=\"margin-bottom: 0cm;line-height: 100%\">Beitr\u00e4ge aus einem Reader \/ Sammelband<span style=\"font-size: 16px\"> <br \/><\/span><\/h3>\n<div class=\"page\" title=\"Page 15\">\n<div class=\"layoutArea\">\n<div class=\"column\">\n<p><span>Reader oder Sammelba\u0308nde sind Bu\u0308cher, die von mehreren Autor*Innen herausgegeben wurden. Die einzelnen Kapitel stammen von unterschiedlichen Autor*Innen.<br \/><\/span><\/p>\n<p><span><\/span><\/p>\n<div class=\"page\" title=\"Page 15\">\n<div class=\"layoutArea\">\n<div class=\"column\">\n<p><strong>Name, Vorname (Jahr): Titel des Kapitels. In: Name, Vorname von Herausgeber*innen (Hrsg.)<\/strong><strong>:\u00a0Titel des Sammelbandes. Erscheinungsort: Verlag, Seitenzahl.<\/strong><\/p>\n<p><strong style=\"font-size: 18px\">Beispiel<\/strong><span style=\"font-size: 18px\">: <\/span><em style=\"font-size: 18px\">Miller, Daniel (1992): The Young and the Restless in Trinidad. A Case on the Local and the Global in Mass Consumption. In: Hirsch, Eric; Roger Silverstone (Hrsg.): Consuming Technologies. Media and Domestic Spaces. London: Routledge, 163- 182.<\/em><\/p>\n<\/div>\n<\/div>\n<\/div>\n<\/div>\n<\/div>\n<\/div><\/div>\n\t\t\t<\/div>\n\t\t\t<\/div>\n\t\t\t\t\n\t\t\t\t\n\t\t\t\t\n\t\t\t\t\n\t\t\t<\/div><div class=\"et_pb_with_border et_d4_element et_pb_row et_pb_row_6  et_pb_css_mix_blend_mode et_block_row\">\n\t\t\t\t<div class=\"et_d4_element et_pb_column_4_4 et_pb_column et_pb_column_12  et_pb_css_mix_blend_mode et-last-child et_block_column\">\n\t\t\t\t\n\t\t\t\t\n\t\t\t\t\n\t\t\t\t\n\t\t\t\t<div class=\"et_pb_module et_d4_element et_pb_text et_pb_text_6  et_pb_text_align_justified et_pb_bg_layout_light\">\n\t\t\t\t\n\t\t\t\t\n\t\t\t\t\n\t\t\t\t\n\t\t\t\t<div class=\"et_pb_text_inner\"><h3 style=\"margin-bottom: 0cm;line-height: 100%\">Artikel in Zeitschriften<\/h3>\n<p>Artikel aus (Fach)-Zeitschriften sind Texte von Wissenschaftler*Innen oder Journalist*Innen, die sich mit einem Inhalt besch\u00e4ftigen, der sich h\u00e4ufig am Kernthema einer Zeitschriftenausgabe orientiert.<\/p>\n<p><strong>Name, Vorname (Jahr): Titel. Name der Zeitschrift, Band, Heftnummer: Seitenzahlen.<\/strong><\/p>\n<p><strong>Beispiel:<\/strong> <em>Ricoeur, Paul (1971): The Model of the Text. Meaningful Action considered as Text. Social Research 38: 529-562.<\/em><\/p><\/div>\n\t\t\t<\/div>\n\t\t\t<\/div>\n\t\t\t\t\n\t\t\t\t\n\t\t\t\t\n\t\t\t\t\n\t\t\t<\/div><div class=\"et_pb_with_border et_d4_element et_pb_row et_pb_row_7  et_pb_css_mix_blend_mode et_block_row\">\n\t\t\t\t<div class=\"et_d4_element et_pb_column_4_4 et_pb_column et_pb_column_13  et_pb_css_mix_blend_mode et-last-child et_block_column\">\n\t\t\t\t\n\t\t\t\t\n\t\t\t\t\n\t\t\t\t\n\t\t\t\t<div class=\"et_pb_module et_d4_element et_pb_text et_pb_text_7  et_pb_text_align_justified et_pb_bg_layout_light\">\n\t\t\t\t\n\t\t\t\t\n\t\t\t\t\n\t\t\t\t\n\t\t\t\t<div class=\"et_pb_text_inner\"><h3 style=\"margin-bottom: 0cm;line-height: 100%\">Unver\u00f6ffentlichte Schriften<\/h3>\n<p>Bei Arbeiten, die nicht vero\u0308ffentlicht sind (z.B. Abschlussarbeiten von Studierenden), werden alle verfu\u0308gbaren Angaben gemacht. Fehlt das Erscheinungsjahr oder Abgabejahr, so kann (o.J.) angeben werden.<\/p>\n<p><strong>Name, Vorname (Jahr): Titel. Erscheinungsort: unvero\u0308ffentlicht.<\/strong><\/p>\n<div class=\"page\" title=\"Page 15\">\n<div class=\"layoutArea\">\n<div class=\"column\">\n<p><span><strong><\/strong><\/span><\/p>\n<p><span><strong>Beispiel:<\/strong> <em>Domani, Francesco (2011): Wege aus der Prokrastination. Bremen: unvero\u0308ffentlicht.<\/em><\/span><\/p>\n<\/div>\n<\/div>\n<\/div><\/div>\n\t\t\t<\/div>\n\t\t\t<\/div>\n\t\t\t\t\n\t\t\t\t\n\t\t\t\t\n\t\t\t\t\n\t\t\t<\/div><div class=\"et_pb_with_border et_d4_element et_pb_row et_pb_row_8  et_pb_css_mix_blend_mode et_block_row\">\n\t\t\t\t<div class=\"et_d4_element et_pb_column_4_4 et_pb_column et_pb_column_14  et_pb_css_mix_blend_mode et-last-child et_block_column\">\n\t\t\t\t\n\t\t\t\t\n\t\t\t\t\n\t\t\t\t\n\t\t\t\t<div class=\"et_pb_module et_d4_element et_pb_text et_pb_text_8  et_pb_text_align_justified et_pb_bg_layout_light\">\n\t\t\t\t\n\t\t\t\t\n\t\t\t\t\n\t\t\t\t\n\t\t\t\t<div class=\"et_pb_text_inner\"><h3 style=\"margin-bottom: 0cm;line-height: 100%\">Quellen im Internet<\/h3>\n<p>Bei Internetquellen m\u00fcssen so viele Angaben gemacht werden, dass die Webseite auffindbar ist. Daf\u00fcr reicht meist die URL. Aber auch Autor*in, Titel und Erscheinungsjahr m\u00fcssen angegeben werden. Sollte sich kein\/e Autor*in finden kannst du die ver\u00f6ffentlichende Seite nennen. Wichtig ist auch, dass du deinen letzten Besuch der Seite nennst. Denn m\u00f6glicherweise \u00e4ndert sich etwas auf der Seite, bis die Lehrenden die Seite besuchen und so stellst du klar, wann du die Informationen das letzte Mal gepr\u00fcft hast.<\/p>\n<p><strong>Name, Vorname (Jahr\/Datum): Titel. URL: (Datum des letzten Besuchs XX.XX.XXXX).<br \/><\/strong><\/p>\n<p style=\"text-align: left\"><strong>Beispiel:<\/strong> <em>Feld, Steven (2001): From Ethnomusicology to Echo-Muse-Ecology. URL:\u00a0http:\/\/www.acousticecology.org\/writings\/echomuseecology.html (Datum des letzten Besuchs 21.05.2019)<\/em><\/p><\/div>\n\t\t\t<\/div>\n\t\t\t<\/div>\n\t\t\t\t\n\t\t\t\t\n\t\t\t\t\n\t\t\t\t\n\t\t\t<\/div>\n\t\t\t\t\n\t\t\t\t\n\t\t\t<\/div><\/p>\n","protected":false},"excerpt":{"rendered":"","protected":false},"author":7083,"featured_media":0,"parent":0,"menu_order":0,"comment_status":"open","ping_status":"closed","template":"page-template-blank.php","meta":{"_bbp_topic_count":0,"_bbp_reply_count":0,"_bbp_total_topic_count":0,"_bbp_total_reply_count":0,"_bbp_voice_count":0,"_bbp_anonymous_reply_count":0,"_bbp_topic_count_hidden":0,"_bbp_reply_count_hidden":0,"_bbp_forum_subforum_count":0,"_et_pb_use_builder":"on","_et_pb_old_content":"","_et_gb_content_width":"","footnotes":""},"class_list":["post-861","page","type-page","status-publish","hentry"],"_links":{"self":[{"href":"https:\/\/blogs.uni-bremen.de\/kuwicapacities\/wp-json\/wp\/v2\/pages\/861","targetHints":{"allow":["GET"]}}],"collection":[{"href":"https:\/\/blogs.uni-bremen.de\/kuwicapacities\/wp-json\/wp\/v2\/pages"}],"about":[{"href":"https:\/\/blogs.uni-bremen.de\/kuwicapacities\/wp-json\/wp\/v2\/types\/page"}],"author":[{"embeddable":true,"href":"https:\/\/blogs.uni-bremen.de\/kuwicapacities\/wp-json\/wp\/v2\/users\/7083"}],"replies":[{"embeddable":true,"href":"https:\/\/blogs.uni-bremen.de\/kuwicapacities\/wp-json\/wp\/v2\/comments?post=861"}],"version-history":[{"count":10,"href":"https:\/\/blogs.uni-bremen.de\/kuwicapacities\/wp-json\/wp\/v2\/pages\/861\/revisions"}],"predecessor-version":[{"id":3197,"href":"https:\/\/blogs.uni-bremen.de\/kuwicapacities\/wp-json\/wp\/v2\/pages\/861\/revisions\/3197"}],"wp:attachment":[{"href":"https:\/\/blogs.uni-bremen.de\/kuwicapacities\/wp-json\/wp\/v2\/media?parent=861"}],"curies":[{"name":"wp","href":"https:\/\/api.w.org\/{rel}","templated":true}]}}