{"id":73,"date":"2025-02-02T08:33:17","date_gmt":"2025-02-02T07:33:17","guid":{"rendered":"https:\/\/blogs.uni-bremen.de\/konzertsommer2024\/?page_id=73"},"modified":"2025-03-01T16:00:10","modified_gmt":"2025-03-01T15:00:10","slug":"fazit","status":"publish","type":"page","link":"https:\/\/blogs.uni-bremen.de\/konzertsommer2024\/fazit\/","title":{"rendered":"Fazit"},"content":{"rendered":"<p><span style=\"font-weight: 400;color: #000000\">Im Hinblick auf unsere Forschungsfrage \u201cWie haben Bremer*innen den Konzertsommer 2024 in Bezug auf die Konzerte von Taylor Swift, Adele und Coldplay wahrgenommen?\u201d kommen wir zu dem Schluss, dass auch Bremer*innen bereit sind, viel Geld und Zeit aufzuwenden, um an den Konzerten teilzunehmen, obwohl der Weg zu den Shows, die alle in anderen St\u00e4dten stattfanden, teilweise sehr lang war.\u00a0<\/span><\/p>\n<p><span style=\"font-weight: 400;color: #000000\">Das hat viele Hintergr\u00fcnde: In unseren Kurzinterviews, die wir in der Bremer Innenstadt durchf\u00fchrten, konnten wir feststellen, dass alle Befragten aufgrund der intensiven Berichterstattung auf Social Media von den Konzerten mitbekommen haben. Viele von ihnen besuchten dar\u00fcber hinaus die Konzerte oder kennen Menschen, die an ihnen teilnahmen.\u00a0<\/span><\/p>\n<p><span style=\"font-weight: 400;color: #000000\">Au\u00dferdem stellten wir fest, dass selbst die Befragten, die keine Fans der Musiker*innen waren, Interesse an einer Konzertkarte hatten, was aufgrund der teilweise sehr hohen Ticketpreise jedoch nicht f\u00fcr alle m\u00f6glich war.<\/span><\/p>\n<p><span style=\"font-weight: 400;color: #000000\">Doch warum war das Interesse der Bremer*innen an den Konzerten so gro\u00df? Ein Teil der Antwort liegt wohl darin, dass Konzerte so viel mehr sein k\u00f6nnen als nur Musikveranstaltungen, f\u00fcr die \u00fcber die sozialen Medien geworben wird. Sie stellen reale Events dar, die ganz unabh\u00e4ngig von unserem Smartphone stattfinden. Ihr emotionaler und sozialer Wert ist unermesslich, f\u00fcr Superfans sogar identit\u00e4tsstiftend.\u00a0<\/span><\/p>\n<p><span style=\"font-weight: 400;color: #000000\">In den Interviews, die wir mit bremischen Konzertbesucher*innen von Taylor Swift, Coldplay und Adele f\u00fchrten, stellten wir fest: Die Erlebnisse, die rund um ein Konzert und die daf\u00fcr anstehenden Vorbereitungen entstehen, k\u00f6nnen immens pr\u00e4gend sein. W\u00e4hrend der Konzerte bilden sich Orte der Gemeinschaft; schon in den St\u00e4dten beginnt das Gemeinschaftsgef\u00fchl: In Stra\u00dfenbahnen, gef\u00fcllt von Menschen mit dem gleichen Interesse, gekleidet in Merchandise, machen sie sich auf den Weg, ein einmaliges Erlebnis miteinander zu teilen. Auch die gro\u00dfen B\u00fchnenshows, die von den Veranstalter*innen auf die Beine gestellt werden, mit spektakul\u00e4ren Kost\u00fcmen, Choreographien und Interaktionen mit dem Publikum, tragen zu diesen besonderen Momenten bei.<\/span><\/p>\n<p><span style=\"font-weight: 400;color: #000000\">Die emotional aufgeladene Stimmung w\u00e4hrend der Lieder schwei\u00dft zusammen. Wenn sich eine riesige Masse an Menschen in den Armen liegt, im Takt bewegt und das gleiche Lied mitsingt, entsteht ein Moment der Gemeinschaft, der verbindet &#8211; ein Safe Space f\u00fcr jegliche Fans, die sich in der Musik der K\u00fcnstler*innen aufgehoben und angekommen f\u00fchlen. Trotz der emotionalen und einzigartigen Erlebnisse stellen die hohen Ticketpreise eine H\u00fcrde f\u00fcr manche Fans dar, da diese nicht immer eine gute Sicht garantieren.\u00a0<\/span><\/p>\n<p><span style=\"font-weight: 400;color: #000000\">All dies sind Beobachtungen, die auch an den Bremer*innen nicht vorbeigezogen sind. So k\u00f6nnen einige von ihnen sich zu denjenigen z\u00e4hlen, die eine Karte ergattern und somit die Konzerte besuchen konnten. Demnach haben die Bremer*innen den Konzertsommer 2024 teilweise sogar in Person, doch definitiv \u00fcber die sozialen Medien mit gro\u00dfem Interesse wahrgenommen. <\/span><\/p>\n","protected":false},"excerpt":{"rendered":"<p>Im Hinblick auf unsere Forschungsfrage \u201cWie haben Bremer*innen den Konzertsommer 2024 in Bezug auf die Konzerte von Taylor Swift, Adele und Coldplay wahrgenommen?\u201d kommen wir zu dem Schluss, dass auch Bremer*innen bereit sind, viel Geld und Zeit aufzuwenden, um an den Konzerten teilzunehmen, obwohl der Weg zu den Shows, die alle in anderen St\u00e4dten stattfanden, [&hellip;]<\/p>\n","protected":false},"author":16092,"featured_media":0,"parent":0,"menu_order":6,"comment_status":"closed","ping_status":"closed","template":"","meta":{"_bbp_topic_count":0,"_bbp_reply_count":0,"_bbp_total_topic_count":0,"_bbp_total_reply_count":0,"_bbp_voice_count":0,"_bbp_anonymous_reply_count":0,"_bbp_topic_count_hidden":0,"_bbp_reply_count_hidden":0,"_bbp_forum_subforum_count":0,"footnotes":""},"class_list":["post-73","page","type-page","status-publish","hentry"],"_links":{"self":[{"href":"https:\/\/blogs.uni-bremen.de\/konzertsommer2024\/wp-json\/wp\/v2\/pages\/73","targetHints":{"allow":["GET"]}}],"collection":[{"href":"https:\/\/blogs.uni-bremen.de\/konzertsommer2024\/wp-json\/wp\/v2\/pages"}],"about":[{"href":"https:\/\/blogs.uni-bremen.de\/konzertsommer2024\/wp-json\/wp\/v2\/types\/page"}],"author":[{"embeddable":true,"href":"https:\/\/blogs.uni-bremen.de\/konzertsommer2024\/wp-json\/wp\/v2\/users\/16092"}],"replies":[{"embeddable":true,"href":"https:\/\/blogs.uni-bremen.de\/konzertsommer2024\/wp-json\/wp\/v2\/comments?post=73"}],"version-history":[{"count":6,"href":"https:\/\/blogs.uni-bremen.de\/konzertsommer2024\/wp-json\/wp\/v2\/pages\/73\/revisions"}],"predecessor-version":[{"id":304,"href":"https:\/\/blogs.uni-bremen.de\/konzertsommer2024\/wp-json\/wp\/v2\/pages\/73\/revisions\/304"}],"wp:attachment":[{"href":"https:\/\/blogs.uni-bremen.de\/konzertsommer2024\/wp-json\/wp\/v2\/media?parent=73"}],"curies":[{"name":"wp","href":"https:\/\/api.w.org\/{rel}","templated":true}]}}