{"id":22,"date":"2025-02-01T16:43:17","date_gmt":"2025-02-01T15:43:17","guid":{"rendered":"https:\/\/blogs.uni-bremen.de\/konzertsommer2024\/?page_id=22"},"modified":"2025-03-01T12:52:40","modified_gmt":"2025-03-01T11:52:40","slug":"taylor-swift","status":"publish","type":"page","link":"https:\/\/blogs.uni-bremen.de\/konzertsommer2024\/interviews\/taylor-swift\/","title":{"rendered":"Taylor Swift"},"content":{"rendered":"<p style=\"font-weight: 400\"><img loading=\"lazy\" decoding=\"async\" class=\"size-medium wp-image-97 aligncenter\" src=\"https:\/\/blogs.uni-bremen.de\/konzertsommer2024\/files\/Sitzplatz-169x300.jpg\" alt=\"\" width=\"169\" height=\"300\" srcset=\"https:\/\/blogs.uni-bremen.de\/konzertsommer2024\/files\/Sitzplatz-169x300.jpg 169w, https:\/\/blogs.uni-bremen.de\/konzertsommer2024\/files\/Sitzplatz-576x1024.jpg 576w, https:\/\/blogs.uni-bremen.de\/konzertsommer2024\/files\/Sitzplatz-768x1365.jpg 768w, https:\/\/blogs.uni-bremen.de\/konzertsommer2024\/files\/Sitzplatz-864x1536.jpg 864w, https:\/\/blogs.uni-bremen.de\/konzertsommer2024\/files\/Sitzplatz-624x1109.jpg 624w, https:\/\/blogs.uni-bremen.de\/konzertsommer2024\/files\/Sitzplatz.jpg 900w\" sizes=\"auto, (max-width: 169px) 100vw, 169px\" \/><\/p>\n<p style=\"text-align: center\"><span style=\"color: #000000\"><em>Foto: \u00a0Anna<\/em><\/span><\/p>\n<p style=\"font-weight: 400\"><span style=\"color: #000000\"><strong>I<\/strong>: Die Aufnahme hat jetzt gestartet.<\/span><\/p>\n<p style=\"font-weight: 400\"><span style=\"color: #000000\"><strong>B:<\/strong> Perfekt.<\/span><\/p>\n<p style=\"font-weight: 400\"><span style=\"color: #000000\"><strong>I:<\/strong> Wir wollen als Gruppe der Frage nachgehen, wie Bremer*innen den Konzertsommer 2024 in Bezug auf die Konzerte von Taylor Swift, Coldplay und Adele wahrgenommen haben und wollen daher hier ein paar Fragen dazu stellen. Deswegen m\u00f6chte ich dich erstmal fragen, wie alt du denn bist, woher du kommst und auf welchem der Konzerte du denn warst.<\/span><\/p>\n<p style=\"font-weight: 400\"><span style=\"color: #000000\"><strong>B<\/strong>: Ich bin Anna, 20 Jahre alt und bin zum Studieren nach Bremen gezogen, wo ich mittlerweile seit ungef\u00e4hr einem Jahr wohne. Letztes Jahr, also im Sommer 2024, war ich in Hamburg auf dem Taylor Swift Konzert. Das war irgendwann im Juli.<\/span><\/p>\n<p style=\"font-weight: 400\"><span style=\"color: #000000\"><strong>I:<\/strong> Wie hast du von dem Konzert mitbekommen und welche Rolle haben vielleicht auch die sozialen Medien bei der Entscheidung, ein Ticket zu kaufen, gespielt?<\/span><\/p>\n<p style=\"font-weight: 400\"><span style=\"color: #000000\"><strong>B<\/strong>: Tats\u00e4chlich habe ich durch ganz viele verschiedene Social-Media-Kan\u00e4le eigentlich schon viel von den Konzerten mitbekommen, vor allem durch TikTok. Hier gab es viele Videos zu den Konzerten, aber auch bei Instagram konnte man bei vielen Leuten, die auch schon auf einem Konzert waren, viele Storys dazu sehen. Bei mir war es dann so, dass eine Freundin von mir Konzerttickets gekauft hat und dann noch eine Karte \u00fcbrig war, weshalb sie mich gefragt hat, ob ich Lust h\u00e4tte, mitzukommen. Da ich ja, wie gerade schon gesagt, viel auf Social Media von den Konzerten mitbekommen und gesehen habe, hatte ich dann eigentlich auch direkt Lust mitzukommen, weil es in den Storys von anderen immer sehr cool aussah. Daher bin ich dann mitgekommen.<\/span><\/p>\n<p style=\"font-weight: 400\"><span style=\"color: #000000\"><strong>I:<\/strong> Warst du dann auch mit anderen bei dem Konzert?<\/span><\/p>\n<p style=\"font-weight: 400\"><span style=\"color: #000000\"><strong>B<\/strong>: Genau, wir waren insgesamt zu viert da. Drei Freundinnen von mir und ich sind da gemeinsam hingefahren.<\/span><\/p>\n<p><span style=\"color: #000000\"><b>I<\/b><span style=\"font-weight: 400\">: Hast du vielleicht auch etwas vom Ticketkauf in Bezug auf den Ablauf oder auch die Preise mitbekommen, obwohl du das Ticket von deiner Freundin bekommen hast?<\/span><\/span><\/p>\n<p><span style=\"color: #000000\"><b>B<\/b><span style=\"font-weight: 400\">: Ja, ich habe da ein bisschen was mitbekommen. Ich war jetzt nicht direkt an dem Kaufprozess mitbeteiligt, aber ich habe da auf jeden Fall mitbekommen, dass das wohl sehr stressig bei denen abgelaufen ist. Eine Freundin von mir, mit der ich dann auch auf dem Konzert war, war auch auf einem anderen Konzert in Gelsenkirchen und sie hat erz\u00e4hlt, dass sie f\u00fcr dieses Konzert am Flughafen, als sie in den Urlaub geflogen ist, sich extra irgendwo hingesetzt hat, wo es WLAN gab und dann so schnell wie m\u00f6glich versucht hat an Tickets zu kommen. Sie hat mir erz\u00e4hlt, dass das wohl sehr stressig war. Wie teuer unsere Tickets genau waren, wei\u00df ich gar nicht genau, aber ich meine, dass die knapp 100 Euro gekostet haben, also schon ziemlich viel Geld gekostet haben. F\u00fcr die, die die Tickets gekauft haben, war der Ticketerwerb also sehr stressig, da die Tickets sehr schnell ausverkauft waren, aber ich pers\u00f6nlich war nicht direkt bei dem Prozess des Ticketkaufs beteiligt.<\/span><\/span><\/p>\n<p><span style=\"color: #000000\"><b>I<\/b><span style=\"font-weight: 400\">: Was musstet ihr vielleicht noch zus\u00e4tzlich zu den Tickets organisieren? Hattet ihr noch weitere Kosten?<\/span><\/span><\/p>\n<p><span style=\"color: #000000\"><b>B<\/b><span style=\"font-weight: 400\">: Wir sind mit dem Auto dahingefahren, weshalb wir noch die Spritkosten zahlen mussten, aber nach Hamburg war es dann auch nicht allzu teuer, da das nicht so weit weg war. Abends sind wir wieder zur\u00fcck nach Bremen gefahren, weshalb wir auch kein Hotel oder \u00c4hnliches bezahlen mussten. Das h\u00e4tten wir nur machen m\u00fcssen, wenn wir in eine weiter entferntere Stadt gefahren w\u00e4ren. Wir haben uns in Hamburg aber etwas zu essen und zu trinken gekauft und mussten das dann noch bezahlen, aber wir waren vor Beginn des Konzerts noch in Hamburg etwas essen und haben das daher nicht direkt bei dem Konzert gekauft.<\/span><\/span><\/p>\n<p><span style=\"color: #000000\"><b>I<\/b><span style=\"font-weight: 400\">: Das klingt praktisch.<\/span><\/span><\/p>\n<p><span style=\"color: #000000\"><b>B<\/b><span style=\"font-weight: 400\">: Genau.<\/span><\/span><\/p>\n<p><span style=\"color: #000000\"><b>I<\/b><span style=\"font-weight: 400\">: Was waren f\u00fcr dich Gr\u00fcnde, das Ticket zu kaufen? Warum wolltest du dahin?<\/span><\/span><\/p>\n<audio class=\"wp-audio-shortcode\" id=\"audio-22-1\" preload=\"none\" style=\"width: 100%;\" controls=\"controls\"><source type=\"audio\/mpeg\" src=\"https:\/\/blogs.uni-bremen.de\/konzertsommer2024\/files\/Warum-Karte-gekauft-1-1.m4a?_=1\" \/><a href=\"https:\/\/blogs.uni-bremen.de\/konzertsommer2024\/files\/Warum-Karte-gekauft-1-1.m4a\">https:\/\/blogs.uni-bremen.de\/konzertsommer2024\/files\/Warum-Karte-gekauft-1-1.m4a<\/a><\/audio>\n<p><span style=\"color: #000000\"><b>I<\/b><span style=\"font-weight: 400\">: Waren das auch deine Erwartungen an das Konzert, dass das diese super Stimmung hat, und wurde das dann auch getroffen?<\/span><\/span><\/p>\n<p><span style=\"color: #000000\"><b>B<\/b><span style=\"font-weight: 400\">: Ja, genau. Ich hatte die Erwartung, dass es wirklich alles so bunt ist und es einfach gute Laune und eine Leichtigkeit gibt. Ich w\u00fcrde sagen, dass das auf jeden Fall auch gut getroffen wurde. Es war eigentlich genau so, wie ich es mir vorgestellt habe. Allerdings muss ich aber auch sagen, dass es fast schon anstrengend war, da das Konzert mehrere Stunden ging und daher ein sehr langes Konzert war. Daher muss ich sagen, dass ich am Ende sehr fertig war. W\u00e4hrend des Konzerts konnte man aber dauerhaft mitsingen und tanzen und man hat die gute Laune gesp\u00fcrt. Daher wurden meine Erwartungen definitiv getroffen.<\/span><\/span><\/p>\n<p><span style=\"color: #000000\"><img loading=\"lazy\" decoding=\"async\" class=\"size-medium wp-image-93 aligncenter\" src=\"https:\/\/blogs.uni-bremen.de\/konzertsommer2024\/files\/Titelbild-225x300.jpg\" alt=\"\" width=\"225\" height=\"300\" srcset=\"https:\/\/blogs.uni-bremen.de\/konzertsommer2024\/files\/Titelbild-225x300.jpg 225w, https:\/\/blogs.uni-bremen.de\/konzertsommer2024\/files\/Titelbild-768x1024.jpg 768w, https:\/\/blogs.uni-bremen.de\/konzertsommer2024\/files\/Titelbild-1152x1536.jpg 1152w, https:\/\/blogs.uni-bremen.de\/konzertsommer2024\/files\/Titelbild-624x832.jpg 624w, https:\/\/blogs.uni-bremen.de\/konzertsommer2024\/files\/Titelbild.jpg 1200w\" sizes=\"auto, (max-width: 225px) 100vw, 225px\" \/><\/span><\/p>\n<p style=\"text-align: center\"><span style=\"color: #000000\"><em>Foto: \u00a0Anna<\/em><\/span><\/p>\n<p><span style=\"color: #000000\"><b>I<\/b><span style=\"font-weight: 400\">: Hast du sonst noch irgendwelche Vorbereitungen f\u00fcr das Konzert getroffen? Bei Taylor Swift werden auch oft Freundschaftsarmb\u00e4nder gemacht. Hast du sowas auch gemacht?<\/span><\/span><\/p>\n<audio class=\"wp-audio-shortcode\" id=\"audio-22-2\" preload=\"none\" style=\"width: 100%;\" controls=\"controls\"><source type=\"audio\/mpeg\" src=\"https:\/\/blogs.uni-bremen.de\/konzertsommer2024\/files\/Vorbereitungen-fuer-Konzert-.m4a?_=2\" \/><a href=\"https:\/\/blogs.uni-bremen.de\/konzertsommer2024\/files\/Vorbereitungen-fuer-Konzert-.m4a\">https:\/\/blogs.uni-bremen.de\/konzertsommer2024\/files\/Vorbereitungen-fuer-Konzert-.m4a<\/a><\/audio>\n<p>&nbsp;<\/p>\n<p><span style=\"color: #000000\"><b>I<\/b><span style=\"font-weight: 400\">: Hattet ihr bei dem Konzert einen Steh- oder Sitzplatz?<\/span><\/span><\/p>\n<p><span style=\"color: #000000\"><b>B<\/b><span style=\"font-weight: 400\">: Wir hatten Sitzpl\u00e4tze, obwohl wir eigentlich die meiste Zeit trotzdem standen und dann auch von den Sitzpl\u00e4tzen aus mitgetanzt haben.<\/span><\/span><\/p>\n<p><span style=\"color: #000000\"><b>I<\/b><span style=\"font-weight: 400\">: Das klingt nach einem positiven Erlebnis oder Ereignis. Was hat dazu beigetragen, neben der bereits erw\u00e4hnten guten Stimmung?<\/span><\/span><\/p>\n<p><span style=\"color: #000000\"><b>B<\/b><span style=\"font-weight: 400\">: Ich w\u00fcrde auf jeden Fall sagen, dass die Stimmung dazu beigetragen hat, aber auch die vielen Gute-Laune-Lieder, von denen man auch viele kennt. Taylor Swift hat so viele Lieder, die man immer wieder im Radio h\u00f6rt und daher kennt, aber viele sind auch durch andere Wege sehr bekannt geworden. Ansonsten hat aber auch das gute Wetter dazu beigetragen, da das Konzert im Sommer war und es dadurch warm war. Daher war auch alles um das Konzert herum sehr sch\u00f6n. Au\u00dferdem waren wir den halben Tag in Hamburg und in der Stadt hat man bereits gemerkt, dass das Konzert an dem Tag ist, da viele Leute in der Stadt waren, die auch zu dem Konzert gegangen sind. Es waren daher schon viele Taylor Swift- Fans in Hamburg unterwegs, was unsere Vorfreude noch gesteigert hat.<\/span><\/span><\/p>\n<p><span style=\"color: #000000\"><b>I:<\/b><span style=\"font-weight: 400\"> Dann wart ihr also schon eher in Hamburg, wart ihr dann auch schon deutlich eher vor der Konzerthalle? Habt ihr euch fr\u00fch angestellt?<\/span><\/span><\/p>\n<p><span style=\"color: #000000\"><b>B<\/b><span style=\"font-weight: 400\">: Nein, tats\u00e4chlich nicht, da wir Sitzpl\u00e4tze hatten. Daher mussten wir um keine vorderen guten Pl\u00e4tze k\u00e4mpfen und es war entspannt. Aus diesem Grund waren wir noch in der Stadt etwas essen, um eine Grundlage zu haben, da das Konzert sehr lang und das Wetter sehr warm war. Anschlie\u00dfend sind wir entspannt zum Konzert gegangen und mussten in keiner langen Schlange warten.<\/span><\/span><\/p>\n<p><span style=\"color: #000000\"><b>I<\/b><span style=\"font-weight: 400\">: Wie hast du dich gef\u00fchlt, als das Konzert schlie\u00dflich losging? War das etwas Besonderes?<\/span><\/span><\/p>\n<p><span style=\"color: #000000\"><b>B<\/b><span style=\"font-weight: 400\">: Ja, ich finde Konzerte immer sehr aufregend. Man realisiert erst gar nicht, dass wirklich eine ber\u00fchmte Person vor einem steht. Als ich dann Taylor Swift gesehen habe, war das ein besonderer Moment f\u00fcr mich, da ich sie wirklich mit meinen eigenen Augen gesehen habe und nicht wie sonst \u00fcber einen Bildschirm oder auf meinem Handy. Das war erstmal sehr \u00fcberw\u00e4ltigend f\u00fcr mich, aber irgendwann habe ich mich dann daran gew\u00f6hnt. Zu Beginn war ich aber auf jeden Fall sehr aufgeregt. Au\u00dferdem ist die Zeit auf einem gro\u00dfen Timer dargestellt worden und dort wurden die Sekunden runter gez\u00e4hlt, was wirklich aufregend war.<\/span><\/span><\/p>\n<p><span style=\"color: #000000\"><b>I<\/b><span style=\"font-weight: 400\">: Hat sich das dann auch durch das Konzert durchgezogen oder was hattest du sonst so f\u00fcr Gef\u00fchle w\u00e4hrend des Konzerts?<\/span><\/span><\/p>\n<p><span style=\"color: #000000\"><b>B<\/b><span style=\"font-weight: 400\">: Ja, ich w\u00fcrde schon sagen, dass sich das durchgezogen hat. Ich wei\u00df nicht genau, ob dieses aufgeregte Gef\u00fchl die ganze Zeit geblieben ist, das war vor allem zu Beginn. Als jedoch Lieder gespielt wurden, die man sehr gut kannte und die wir gut und laut mitsingen konnten, war man aber wirklich in sehr guter Stimmung und hatte viel Adrenalin in sich. Ich muss aber ehrlich sagen, dass ich nicht alle Lieder kannte. Zwischendurch kamen auch ruhigere Lieder, was auch immer sehr sch\u00f6n war, da das dann zwischendrin entspannter war. Die Lieder und die Stimmung waren daher immer unterschiedlich. Am Ende war es bei mir aber so, dass ich ein bisschen m\u00fcde wurde und das Konzert dann irgendwann, da es so lange ging, auch etwas anstrengend wurde, da man die ganze Zeit mitgesungen und mitgetanzt hat. Daher war es am Ende auch angenehm zur\u00fcck zum Auto zu gehen und im Auto etwas zu entspannen, da es irgendwann wirklich anstrengend wurde.<\/span><\/span><\/p>\n<p><span style=\"color: #000000\"><b>I:<\/b><span style=\"font-weight: 400\"> Dann hast du dich am Ende auch ein bisschen gefreut, dass das Konzert zu Ende war oder wie hast du das Ende wahrgenommen und empfunden?<\/span><\/span><\/p>\n<p><span style=\"color: #000000\"><b>B<\/b><span style=\"font-weight: 400\">: Ja, genau. Nat\u00fcrlich war man auch ein bisschen traurig, dass es dann vorbei war. Obwohl ich aber von mir auch sagen kann, dass ich mir irgendwann dachte, dass es jetzt auch langsam reicht, da ich am Ende so m\u00fcde wurde.<\/span><\/span><\/p>\n<p><span style=\"color: #000000\"><b>I:<\/b><span style=\"font-weight: 400\"> Hast du mit Bildern oder Videos versucht, diese Stimmung einzufangen oder hast du dich wirklich voll auf das Konzert konzentriert und das Handy weggelegt?<\/span><\/span><\/p>\n<p><span style=\"color: #000000\"><b>B<\/b><span style=\"font-weight: 400\">: Nein, ich habe wirklich sehr viele Videos gemacht. Zwischendrin habe ich das Handy auch mal weggelegt und mich vollkommen auf das Konzert konzentriert, aber ich habe allgemein sehr viele Videos gemacht, um das Konzert festzuhalten und diese habe ich mir nach dem Konzert auch sehr oft angeschaut.<\/span><\/span><\/p>\n<p><span style=\"color: #000000\"><b>I<\/b><span style=\"font-weight: 400\">: Hast du dort auch zu erwerbende Produkte gekauft, also Merch oder \u00c4hnliches, um eine weitere Erinnerung zu haben?<\/span><\/span><\/p>\n<p><span style=\"color: #000000\"><b>B<\/b><span style=\"font-weight: 400\">: Nein, ich habe nur die leuchtenden Armb\u00e4nder, die w\u00e4hrend des Konzerts bunt geleuchtet haben und man zu Beginn des Konzerts umsonst bekommen hat, als Andenken behalten. Merch oder \u00c4hnliches habe ich mir nicht gekauft, da ich daf\u00fcr nicht genug Taylor Swift- Fan bin und mir die zu erhaltenden Produkte auch zu teuer waren.<\/span><\/span><\/p>\n<p><span style=\"color: #000000\"><b>I<\/b><span style=\"font-weight: 400\">: Hast du dann w\u00e4hrend des Konzerts auch den Zweck der Armb\u00e4nder mitbekommen? Haben die eine gro\u00dfe Rolle gespielt in Bezug auf Fangruppen oder hat das w\u00e4hrend des Konzerts keine allzu gro\u00dfe Bedeutung mehr gehabt?<\/span><\/span><\/p>\n<p><span style=\"color: #000000\"><b>B<\/b>: Ich w\u00fcrde sagen, dass es sehr viel ausgemacht hat, vor allem f\u00fcr die Stimmung und es sah sehr sch\u00f6n aus. Als es sp\u00e4ter im Verlauf des Konzerts dunkler wurde, hat man das Leuchten der Armb\u00e4nder immer mehr gesehen und die haben in passenden Farben zu den Liedern geleuchtet, was sehr sch\u00f6n war und viel zu der guten Atmosph\u00e4re beigetragen hat. Wenn ich mich umgeschaut habe, hat alles in bunten Farben geleuchtet und das war sehr sch\u00f6n.<\/span><\/p>\n<p><span style=\"color: #000000\"><img loading=\"lazy\" decoding=\"async\" class=\"size-medium wp-image-95 aligncenter\" style=\"font-size: 1rem\" src=\"https:\/\/blogs.uni-bremen.de\/konzertsommer2024\/files\/Bunte_Armbaender-225x300.jpg\" alt=\"\" width=\"225\" height=\"300\" srcset=\"https:\/\/blogs.uni-bremen.de\/konzertsommer2024\/files\/Bunte_Armbaender-225x300.jpg 225w, https:\/\/blogs.uni-bremen.de\/konzertsommer2024\/files\/Bunte_Armbaender-768x1024.jpg 768w, https:\/\/blogs.uni-bremen.de\/konzertsommer2024\/files\/Bunte_Armbaender-1152x1536.jpg 1152w, https:\/\/blogs.uni-bremen.de\/konzertsommer2024\/files\/Bunte_Armbaender-624x832.jpg 624w, https:\/\/blogs.uni-bremen.de\/konzertsommer2024\/files\/Bunte_Armbaender.jpg 1200w\" sizes=\"auto, (max-width: 225px) 100vw, 225px\" \/><\/span><\/p>\n<p style=\"text-align: center\"><span style=\"color: #000000\"><em>Foto: \u00a0Anna<\/em><\/span><\/p>\n<p><span style=\"color: #000000\"><b>I<\/b><span style=\"font-weight: 400\">: Viele Personen haben also die bunten Armb\u00e4nder getragen. Hast du dar\u00fcber hinaus auch etwas \u00fcber die selbstgemachten Armb\u00e4nder w\u00e4hrend des Konzerts mitbekommen?<\/span><\/span><\/p>\n<p><span style=\"color: #000000\"><b>B<\/b><span style=\"font-weight: 400\">: Ja, diese bunten und leuchtenden Armb\u00e4nder hatten, glaube ich, fast alle, da wir die beim Eintritt bekommen haben. Die selbstgemachten Armb\u00e4nder habe ich auch bei sehr vielen Leuten am Ende gesehen. Sehr viele Leute haben die Armb\u00e4nder am Arm getragen und manche Personen hatten zum Teil wirklich viele davon. Diese wurden auch untereinander getauscht, daher hat man davon wirklich sehr viel gesehen und mitbekommen.<\/span><\/span><\/p>\n<p><span style=\"color: #000000\"><b>I<\/b><span style=\"font-weight: 400\">: Wie hast du oder habt ihr euch dann gef\u00fchlt, als ihr nach dem Konzert das Gel\u00e4nde verlassen habt? Hat das Verlassen des Gel\u00e4ndes trotz der ganzen Menschen gut funktioniert?<\/span><\/span><\/p>\n<p style=\"font-weight: 400\"><span style=\"color: #000000\"><strong>B<\/strong>: Es hat schon ein bisschen gedauert, bis wir rausgekommen sind, da so viele Menschen bei dem Konzert waren, welche alle auf einmal rausgegangen sind und in die gleiche Richtung wollten. Wir hatten aber Gl\u00fcck und haben nicht auf dem Parkplatz bei der Konzerthalle geparkt, sondern in einer Siedlung in der N\u00e4he. Daher ging es f\u00fcr uns echt gut, da dort nicht allzu viele Menschen hingelaufen sind. Bei uns ging das somit, aber es hat auch etwas gedauert, bis wir aus der Konzerthalle rausgekommen sind.<\/span><\/p>\n<p><span style=\"color: #000000\"><b>I<\/b><span style=\"font-weight: 400\">: W\u00fcrdest du allgemein das gleiche Erlebnis nochmal erleben wollen?<\/span><\/span><\/p>\n<p><span style=\"color: #000000\"><b>B<\/b><span style=\"font-weight: 400\">: Ja, ich glaube, ich w\u00fcrde es auf jeden Fall nochmal machen, weil es eine gro\u00dfartige Stimmung war und so viel gute Laune verbreitet wurde. Ich w\u00fcrde es daher nochmal machen wollen. Bei uns hat es vor allem auch sehr gut mit Hamburg gepasst, da das von der Entfernung gut erreichbar war und Hamburg selbst auch sehr sch\u00f6n ist. Ich w\u00fcrde es daher auf jeden Fall nochmal machen.<\/span><\/span><\/p>\n<p><span style=\"color: #000000\"><b>I<\/b><span style=\"font-weight: 400\">: W\u00e4rst du dann auch bereit, diese Preise nochmal zu zahlen oder w\u00fcrdest du vielleicht auch noch h\u00f6here Preise zahlen?<\/span><\/span><\/p>\n<p><span style=\"color: #000000\"><b>B<\/b><span style=\"font-weight: 400\">: Ich glaube, dass ich h\u00f6here Preise nicht mehr unbedingt zahlen w\u00fcrde, da ich den gezahlten Preis schon hoch fand. Der Preis war aber auch angebracht. Vor allem, weil ich auch Sitzpl\u00e4tze gerne mag, besonders bei einem Konzert wie dem von Taylor Swift, da ich wenig Lust gehabt h\u00e4tte, so viel Geld auszugeben und dann so lange stehen zu m\u00fcssen. Das w\u00e4re sehr anstrengend gewesen. Mehr Geld h\u00e4tte ich daher nicht unbedingt ausgegeben, da ich auch kein riesengro\u00dfer \u201eSwiftie\u201c bin, aber f\u00fcr den gleichen Preis, den wir f\u00fcr das Konzert gezahlt haben, also so ungef\u00e4hr 100 Euro, w\u00fcrde ich auf jeden Fall nochmal zu einem Konzert von ihr gehen.<\/span><\/span><\/p>\n<p><span style=\"color: #000000\"><b>I:<\/b><span style=\"font-weight: 400\"> Hast du nach dem Konzert auch deine gemachten Erinnerungen mit anderen geteilt? Hast du davon erz\u00e4hlt oder auch Fotos und Videos anderen gezeigt?<\/span><\/span><\/p>\n<p><span style=\"color: #000000\"><b>B<\/b><span style=\"font-weight: 400\">: Ja, ich habe vor allem meiner Familie am Tag danach die ganzen Videos gezeigt und auch viel dar\u00fcber erz\u00e4hlt. Ich habe daher viel dar\u00fcber gesprochen, da das auch ein Erlebnis war, an welches ich mich lange erinnern werde und welches einmalig war. Ich war im Sommer auch nur bei diesem Konzert und daher hatte ich auch nochmal st\u00e4rker das Bed\u00fcrfnis, diese sch\u00f6ne Erfahrung mit anderen Menschen zu teilen.<\/span><\/span><\/p>\n<p><span style=\"color: #000000\"><b>I<\/b><span style=\"font-weight: 400\">: Hat es dann auch noch etwas mit dir gemacht, als du nach dem Konzert immer wieder in den sozialen Medien Bilder und Videos von diesen Konzerten gesehen hast?<\/span><\/span><\/p>\n<p><span style=\"color: #000000\"><b>B:<\/b><span style=\"font-weight: 400\"> Ja, auf jeden Fall. Ich w\u00fcrde sagen, dass vor allem die Surprise Songs bei jedem Konzert unterschiedlich waren und daher habe ich mich dann immer bei den anderen Konzerten informiert, welche Songs dort als Surprise Song gespielt wurden, da es sehr spannend war, zu schauen, wie das bei den anderen Konzerten abgelaufen ist. Au\u00dferdem habe ich auf TikTok auch an dem Tag danach ganz viele Videos von dem Konzert in Hamburg gesehen und das war dann auch nochmal so spannend zu sehen, was dort gepostet wurde, da ich das ja live erlebt habe und dort war. Daher w\u00fcrde ich auf jeden Fall sagen, dass ich mir die Tage danach sehr aktiv den Content \u00fcber die Konzerte angeschaut habe.<\/span><\/span><\/p>\n<p><span style=\"color: #000000\"><b>I<\/b><span style=\"font-weight: 400\">: Was w\u00fcrdest du jetzt nachtr\u00e4glich sagen, wenn du an das Konzert zur\u00fcckdenkst? Was ist heute noch deine sch\u00f6nste Erinnerung, wenn du an das Konzert denkst?<\/span><\/span><\/p>\n<audio class=\"wp-audio-shortcode\" id=\"audio-22-3\" preload=\"none\" style=\"width: 100%;\" controls=\"controls\"><source type=\"audio\/mpeg\" src=\"https:\/\/blogs.uni-bremen.de\/konzertsommer2024\/files\/Grund-fuer-positives-Erlebnis-.m4a?_=3\" \/><a href=\"https:\/\/blogs.uni-bremen.de\/konzertsommer2024\/files\/Grund-fuer-positives-Erlebnis-.m4a\">https:\/\/blogs.uni-bremen.de\/konzertsommer2024\/files\/Grund-fuer-positives-Erlebnis-.m4a<\/a><\/audio>\n<p>&nbsp;<\/p>\n<p><span style=\"color: #000000\"><b>I<\/b><span style=\"font-weight: 400\">: Das klingt auf jeden Fall richtig sch\u00f6n. Das war es dann auch schon mit den Fragen, es sei denn, du m\u00f6chtest noch irgendetwas loswerden oder noch etwas sagen?<\/span><\/span><\/p>\n<p><span style=\"color: #000000\"><b>B<\/b><span style=\"font-weight: 400\">: Nein, eigentlich war es das, denn mir f\u00e4llt nichts anderes Wichtiges mehr ein.<\/span><\/span><\/p>\n<p><span style=\"color: #000000\"><b>I<\/b><span style=\"font-weight: 400\">: Dann danke ich dir auf jeden Fall f\u00fcr die ausf\u00fchrlichen Antworten auf meine Fragen.<\/span><\/span><\/p>\n<p><span style=\"color: #000000\"><b>B<\/b><span style=\"font-weight: 400\">: Kein Problem.<\/span><\/span><\/p>\n<p><span style=\"color: #000000\"><b>I:<\/b><span style=\"font-weight: 400\"> Ich w\u00fcrde die Aufnahme dann jetzt stoppen.<\/span><\/span><\/p>\n<p><span style=\"color: #000000\"><b>B<\/b><span style=\"font-weight: 400\">: Okay, super.<\/span><\/span><\/p>\n<p><span style=\"color: #000000;font-size: 10pt\">Autorin: Kira Hartmann<\/span><\/p>\n","protected":false},"excerpt":{"rendered":"<p>Foto: \u00a0Anna I: Die Aufnahme hat jetzt gestartet. B: Perfekt. I: Wir wollen als Gruppe der Frage nachgehen, wie Bremer*innen den Konzertsommer 2024 in Bezug auf die Konzerte von Taylor Swift, Coldplay und Adele wahrgenommen haben und wollen daher hier ein paar Fragen dazu stellen. Deswegen m\u00f6chte ich dich erstmal fragen, wie alt du denn [&hellip;]<\/p>\n","protected":false},"author":16092,"featured_media":0,"parent":16,"menu_order":0,"comment_status":"closed","ping_status":"closed","template":"","meta":{"_bbp_topic_count":0,"_bbp_reply_count":0,"_bbp_total_topic_count":0,"_bbp_total_reply_count":0,"_bbp_voice_count":0,"_bbp_anonymous_reply_count":0,"_bbp_topic_count_hidden":0,"_bbp_reply_count_hidden":0,"_bbp_forum_subforum_count":0,"footnotes":""},"class_list":["post-22","page","type-page","status-publish","hentry"],"_links":{"self":[{"href":"https:\/\/blogs.uni-bremen.de\/konzertsommer2024\/wp-json\/wp\/v2\/pages\/22","targetHints":{"allow":["GET"]}}],"collection":[{"href":"https:\/\/blogs.uni-bremen.de\/konzertsommer2024\/wp-json\/wp\/v2\/pages"}],"about":[{"href":"https:\/\/blogs.uni-bremen.de\/konzertsommer2024\/wp-json\/wp\/v2\/types\/page"}],"author":[{"embeddable":true,"href":"https:\/\/blogs.uni-bremen.de\/konzertsommer2024\/wp-json\/wp\/v2\/users\/16092"}],"replies":[{"embeddable":true,"href":"https:\/\/blogs.uni-bremen.de\/konzertsommer2024\/wp-json\/wp\/v2\/comments?post=22"}],"version-history":[{"count":10,"href":"https:\/\/blogs.uni-bremen.de\/konzertsommer2024\/wp-json\/wp\/v2\/pages\/22\/revisions"}],"predecessor-version":[{"id":277,"href":"https:\/\/blogs.uni-bremen.de\/konzertsommer2024\/wp-json\/wp\/v2\/pages\/22\/revisions\/277"}],"up":[{"embeddable":true,"href":"https:\/\/blogs.uni-bremen.de\/konzertsommer2024\/wp-json\/wp\/v2\/pages\/16"}],"wp:attachment":[{"href":"https:\/\/blogs.uni-bremen.de\/konzertsommer2024\/wp-json\/wp\/v2\/media?parent=22"}],"curies":[{"name":"wp","href":"https:\/\/api.w.org\/{rel}","templated":true}]}}