{"id":20,"date":"2025-02-01T16:42:50","date_gmt":"2025-02-01T15:42:50","guid":{"rendered":"https:\/\/blogs.uni-bremen.de\/konzertsommer2024\/?page_id=20"},"modified":"2025-02-20T13:20:19","modified_gmt":"2025-02-20T12:20:19","slug":"coldplay","status":"publish","type":"page","link":"https:\/\/blogs.uni-bremen.de\/konzertsommer2024\/interviews\/coldplay\/","title":{"rendered":"Coldplay"},"content":{"rendered":"<p><img loading=\"lazy\" decoding=\"async\" class=\"wp-image-45 aligncenter\" src=\"https:\/\/blogs.uni-bremen.de\/konzertsommer2024\/files\/d6944c5a-e355-4b6a-9362-eff5cc59c645-246x300.jpg\" alt=\"\" width=\"327\" height=\"399\" srcset=\"https:\/\/blogs.uni-bremen.de\/konzertsommer2024\/files\/d6944c5a-e355-4b6a-9362-eff5cc59c645-246x300.jpg 246w, https:\/\/blogs.uni-bremen.de\/konzertsommer2024\/files\/d6944c5a-e355-4b6a-9362-eff5cc59c645-838x1024.jpg 838w, https:\/\/blogs.uni-bremen.de\/konzertsommer2024\/files\/d6944c5a-e355-4b6a-9362-eff5cc59c645-768x938.jpg 768w, https:\/\/blogs.uni-bremen.de\/konzertsommer2024\/files\/d6944c5a-e355-4b6a-9362-eff5cc59c645-624x762.jpg 624w, https:\/\/blogs.uni-bremen.de\/konzertsommer2024\/files\/d6944c5a-e355-4b6a-9362-eff5cc59c645.jpg 1151w\" sizes=\"auto, (max-width: 327px) 100vw, 327px\" \/><\/p>\n<p style=\"text-align: center\"><span style=\"color: #000000\"><em>Foto: Marie-Sofie<\/em><\/span><\/p>\n<p style=\"font-weight: 400\"><span style=\"color: #000000\"><strong>I:<\/strong> Wir besch\u00e4ftigen uns i<span style=\"font-size: 1rem\">n unserem Seminar mit dem Konzertsommer 2024 in Deutschland und wollen vor allem die Konzerte von Coldplay, Taylor Swift und Adele thematisieren. Mit den Interviews wollen wir einen \u00dcberblick dar\u00fcber bekommen, aus welchen Gr\u00fcnden Fans Tickets f\u00fcr die Konzerte gekauft haben und was den Tag so besonders gemacht hat. Daher vielen Dank an dich, dass du bereit bist, etwas \u00fcber dein Erlebnis zu erz\u00e4hlen! Stell dich gerne erst einmal vor.<\/span><\/span><\/p>\n<p style=\"font-weight: 400\"><span style=\"color: #000000\"><strong>B:<\/strong> Ich bin Marie-Sofie, bin 20 Jahre alt und war letztes Jahr im August auf einem Coldplay-Konzert in M\u00fcnchen.<\/span><\/p>\n<p style=\"font-weight: 400\"><span style=\"color: #000000\"><strong>I:<\/strong> Okay, dann fangen wir mal an mit der Zeit vor dem Konzert. Wie hast du denn davon mitbekommen, dass es \u00fcberhaupt diese Konzerte gibt und warum hast du entschieden, dass du zu dem Konzert gehen m\u00f6chtest?<\/span><\/p>\n<p style=\"font-weight: 400\"><span style=\"color: #000000\"><strong>B:<\/strong> Also ich w\u00fcrde sagen, dass Coldplay ja auf jeden Fall schon eine sehr bekannte Band ist und dadurch hat man ja schon oft auf TikTok oder Instagram sehr viel davon gesehen und nat\u00fcrlich auch im Radio immer viel davon geh\u00f6rt. Dann kam schon der Wunsch auf, dass man gerne mal auf so ein Konzert w\u00fcrde, auch weil man selbst die Musik ja auch h\u00f6rt. Deswegen war f\u00fcr mich dann klar, dass ich gerne Tickets f\u00fcr eines der Konzerte h\u00e4tte.<\/span><\/p>\n<p style=\"font-weight: 400\"><span style=\"color: #000000\"><strong>I:<\/strong> Also meinst du, dass Social Media mit TikTok oder Instagram schon eine Rolle gespielt hat bei der Entscheidung, Tickets zu kaufen?<\/span><\/p>\n<p style=\"font-weight: 400\"><span style=\"color: #000000\"><strong>B:<\/strong> Ja. Auf jeden Fall.<\/span><\/p>\n<p style=\"font-weight: 400\"><span style=\"color: #000000\"><strong>I:<\/strong> Okay. Bist du alleine zu einem Konzert gegangen oder gemeinsam in einer Gruppe?<\/span><\/p>\n<p style=\"font-weight: 400\"><span style=\"color: #000000\"><strong>B:<\/strong> Ich war mit zwei Freundinnen da.<\/span><\/p>\n<p style=\"font-weight: 400\"><span style=\"color: #000000\"><strong>I:<\/strong> Habt ihr das von Anfang an zusammen geplant?<\/span><\/p>\n<p style=\"font-weight: 400\"><span style=\"color: #000000\"><strong>B:<\/strong> Ja, wir haben zusammen diese Presale-Codes ergattern k\u00f6nnen und dann hat jede von uns versucht, an Tickets zu kommen. Wir haben daf\u00fcr auch einen ganzen Tag gebraucht, um an die Tickets zu kommen.<\/span><\/p>\n<p style=\"font-weight: 400\"><span style=\"color: #000000\"><strong>I:<\/strong> Wie war denn dann der Ticketkauf?<\/span><\/p>\n<p style=\"font-weight: 400\"><span style=\"color: #000000\"><strong>B:<\/strong> Der war schon 13 Monate vor dem Konzert. Wir haben uns sehr fr\u00fch morgens hingesetzt, um an die Tickets zu kommen und haben uns dann mit unseren Presale-Codes da angemeldet. Wir haben jeweils f\u00fcr D\u00fcsseldorf als auch f\u00fcr M\u00fcnchen diese Codes bekommen und dann sind wir alle mit mehreren Ger\u00e4ten auf Ticketmaster gegangen. Dann war man aber erstmal, ich wei\u00df gar nicht mehr, 200.000. oder so in der Warteschlange. F\u00fcr mich war es auch das erste Mal, so einen Ticketverkauf in der Gr\u00f6\u00dfe mitzubekommen. Wir haben dann stundenlang gewartet bis irgendwann die Zahlen kleiner wurden. Eine von uns ist dann irgendwann auf die Seite gekommen, aber die Preise f\u00fcr die Tickets, die es zu dem Zeitpunkt noch gab, waren sehr hoch. Da haben wir f\u00fcr uns dann festgelegt, dass das zu viel ist. Dann sind nach ein paar Stunden nochmal weitere Termine hinzugef\u00fcgt worden, weil die vorherigen schon ausverkauft waren. Wir hatten dann aber das Gl\u00fcck, dass wir diese Termine direkt am Anfang gesehen haben und so konnten wir direkt ohne Warteschlange auf die Seite kommen und haben bei Stehpl\u00e4tzen f\u00fcr jeweils 120 Euro zugeschlagen.<\/span><\/p>\n<p style=\"font-weight: 400\"><span style=\"color: #000000\"><strong>I:<\/strong> Gab es denn noch Kosten, die zus\u00e4tzlich zu den Tickets entstanden sind?<\/span><\/p>\n<p style=\"font-weight: 400\"><span style=\"color: #000000\"><strong>B:<\/strong> Dadurch, dass das Konzert in M\u00fcnchen war, ist es nat\u00fcrlich so gewesen, dass man dann schon eine \u00dcbernachtungsm\u00f6glichkeit braucht und ja auch erstmal nach M\u00fcnchen kommen und Zugtickets kaufen muss. Was wirklich krass war: Als wir uns auf die Suche nach einem Hotel gemacht haben mussten wir feststellen, dass die Preise nat\u00fcrlich f\u00fcr das Wochenende, wo gleich drei Coldplay-Konzerte waren, extrem angezogen wurden. Das war schon herausfordernd, noch was zu finden, was halbwegs in erreichbarer N\u00e4he mit \u00f6ffentlichen Verkehrsmitteln ist und preislich noch im Rahmen liegt.<\/span><\/p>\n<p style=\"font-weight: 400\"><span style=\"color: #000000\"><strong>I:<\/strong> Wei\u00dft du noch, wie viel ihr dann ungef\u00e4hr insgesamt bezahlt habt?<\/span><\/p>\n<p style=\"font-weight: 400\"><span style=\"color: #000000\"><strong>B:<\/strong> Boah, das ist eine sehr gute Frage. Jetzt muss ich kurz rechnen. Wir haben pro Person 250 Euro bezahlt, da waren dann die Zugtickets und das Hotel mit Fr\u00fchst\u00fcck mit drin. Plus die Tickets, 120 Euro, also so ca. 400 Euro haben wir pro Person gezahlt. Wir brauchten wegen der Entfernung aber auch zwei \u00dcbernachtungen. Wir sind am Tag vorher hingefahren, damit wir uns da, weil wir Stehpl\u00e4tze hatten, auch m\u00f6glichst fr\u00fch anstellen k\u00f6nnen. Wenn man schon mal da ist, will man nat\u00fcrlich auch eine gute Sicht haben und nicht in der letzten Reihe stehen.<\/span><\/p>\n<p style=\"font-weight: 400\"><span style=\"color: #000000\"><strong>I:<\/strong> Welche Erwartungen hattest du davor an das Konzert?<\/span><\/p>\n<audio class=\"wp-audio-shortcode\" id=\"audio-20-1\" preload=\"none\" style=\"width: 100%;\" controls=\"controls\"><source type=\"audio\/mpeg\" src=\"https:\/\/blogs.uni-bremen.de\/konzertsommer2024\/files\/Marie-ueber-die-Erwartungen-vor-dem-Konzert.m4a?_=1\" \/><a href=\"https:\/\/blogs.uni-bremen.de\/konzertsommer2024\/files\/Marie-ueber-die-Erwartungen-vor-dem-Konzert.m4a\">https:\/\/blogs.uni-bremen.de\/konzertsommer2024\/files\/Marie-ueber-die-Erwartungen-vor-dem-Konzert.m4a<\/a><\/audio>\n<p>&nbsp;<\/p>\n<p style=\"font-weight: 400\"><span style=\"color: #000000\"><strong>I:<\/strong> Hast du vorher noch irgendwelche Vorbereitungen getroffen? Hast du dir zum Beispiel Gedanken zu deinem Outfit f\u00fcr das Konzert gemacht?<\/span><\/p>\n<p style=\"font-weight: 400\"><span style=\"color: #000000\"><strong>B:<\/strong> Ja. F\u00fcr Merch waren wir ein bisschen zu sp\u00e4t wegen der Lieferzeit. Deswegen haben wir dann aber eigentlich noch coolere T-Shirts gefunden, die zwar nicht direkt Merch waren, aber passend zu dem Thema Coldplay mit Planeten waren. Die haben wir uns alle drei gekauft und dann auch beim Coldplay-Konzert angezogen.<\/span><\/p>\n<p style=\"font-weight: 400\"><span style=\"color: #000000\"><strong>I:<\/strong> Okay. Dann kommen wir jetzt zu der Zeit des Konzerts an sich. Erz\u00e4hl gerne erst einmal ganz frei, wie das Konzert f\u00fcr dich war.<\/span><\/p>\n<audio class=\"wp-audio-shortcode\" id=\"audio-20-2\" preload=\"none\" style=\"width: 100%;\" controls=\"controls\"><source type=\"audio\/mpeg\" src=\"https:\/\/blogs.uni-bremen.de\/konzertsommer2024\/files\/Marie-ueber-das-Konzert.m4a?_=2\" \/><a href=\"https:\/\/blogs.uni-bremen.de\/konzertsommer2024\/files\/Marie-ueber-das-Konzert.m4a\">https:\/\/blogs.uni-bremen.de\/konzertsommer2024\/files\/Marie-ueber-das-Konzert.m4a<\/a><\/audio>\n<p>&nbsp;<\/p>\n<p style=\"font-weight: 400\"><span style=\"color: #000000\"><strong>I:<\/strong> Was hat alles zu diesem positiven Erlebnis beigetragen?<\/span><\/p>\n<p style=\"font-weight: 400\"><span style=\"color: #000000\"><strong>B:<\/strong> Also ich w\u00fcrde sagen, die Show an sich ist halt einfach sehr krass. Das Publikum wird ja auch viel miteinbezogen. Es ist ja eben nicht nur so, dass sie dann ihre Songs spielen, sondern Chris Martin spricht dann ja manchmal auch pl\u00f6tzlich auf Deutsch. Und das Gef\u00fchl, dabei sein zu d\u00fcrfen, ist einfach cool. Auch in dieser Masse zu sein und die Songs mitsingen zu k\u00f6nnen. Man verbindet ja manchmal auch etwas Pers\u00f6nliches mit den Songs. Das ist dann schon einfach auch emotional.<\/span><\/p>\n<p style=\"font-weight: 400\"><span style=\"color: #000000\"><strong>I:<\/strong> Bei Coldplay gibt es ja auch diese sehr bekannte Lichter-Show mit den Armb\u00e4ndern, die es bei Taylor Swift ja zum Beispiel auch gibt. Hat die auch dazu beigetragen, dass es nochmal emotionaler auf dich gewirkt hat?<\/span><\/p>\n<p style=\"font-weight: 400\"><span style=\"color: #000000\"><strong>B:<\/strong> Ja. Ich w\u00fcrde schon sagen, dass es auf jeden Fall einfach schon nochmal einen ganz anderen Eindruck macht, weil du dann diese ganzen Lichter von den 80.000 Menschen siehst. Du guckst dich so um und es ist einfach krass, vor allem, weil sich das dann ja auch immer passend zu den Songs jeweils ver\u00e4ndert. Es kommt halt immer wieder was Neues und du guckst dich immer wieder um und wei\u00dft eigentlich gar nicht, wo du zuerst hingucken sollst, weil irgendwie \u00fcberall gleichzeitig was passiert.<\/span><\/p>\n<p><span style=\"color: #000000\"><strong style=\"font-size: 1rem\"><img loading=\"lazy\" decoding=\"async\" class=\" wp-image-41 aligncenter\" src=\"https:\/\/blogs.uni-bremen.de\/konzertsommer2024\/files\/f97c353b-07de-452d-932b-42ae908b5147-300x275.jpg\" alt=\"\" width=\"452\" height=\"414\" srcset=\"https:\/\/blogs.uni-bremen.de\/konzertsommer2024\/files\/f97c353b-07de-452d-932b-42ae908b5147-300x275.jpg 300w, https:\/\/blogs.uni-bremen.de\/konzertsommer2024\/files\/f97c353b-07de-452d-932b-42ae908b5147-1024x940.jpg 1024w, https:\/\/blogs.uni-bremen.de\/konzertsommer2024\/files\/f97c353b-07de-452d-932b-42ae908b5147-768x705.jpg 768w, https:\/\/blogs.uni-bremen.de\/konzertsommer2024\/files\/f97c353b-07de-452d-932b-42ae908b5147-624x573.jpg 624w, https:\/\/blogs.uni-bremen.de\/konzertsommer2024\/files\/f97c353b-07de-452d-932b-42ae908b5147.jpg 1536w\" sizes=\"auto, (max-width: 452px) 100vw, 452px\" \/><\/strong><\/span><\/p>\n<p style=\"text-align: center\"><span style=\"color: #000000\"><em>Foto: Marie-Sofie<\/em><\/span><\/p>\n<p style=\"font-weight: 400\"><span style=\"color: #000000\"><strong>I:<\/strong> Wie war denn dann der Ablauf an dem Tag des Konzerts?<\/span><\/p>\n<p style=\"font-weight: 400\"><span style=\"color: #000000\"><strong>B:<\/strong> Wir hatten, weil wir vorher schon den Wetterbericht studiert hatten, gesehen, dass es wettertechnisch sehr bescheiden aussehen wird. Deswegen hatten wir uns wenigstens insoweit vorbereitet, dass wir g\u00fcnstige Regenschirme gekauft hatten, die wir auch am Eingang liegen lassen k\u00f6nnen. F\u00fcr 50 Cent haben wir uns dann noch Regenponchos gekauft. Im Nachhinein h\u00e4tten wir vielleicht doch lieber die f\u00fcr 7 Euro mit besserer Qualit\u00e4t gekauft, aber es war okay. Um 13 Uhr waren wir dann am Olympiastadion. Es gibt ja ganz unterschiedliche Eing\u00e4nge und es war noch erstaunlich leer, als wir gekommen sind, zumindest bei dem Eingang, wo wir dann waren. Wir sa\u00dfen dann wirklich in der N\u00e4he von dem Punkt, wo man letztendlich reingelassen wurde. Einlass war um 17 Uhr glaube ich. Am Anfang war es noch ganz okay vom Wetter her, aber ab circa 14 Uhr oder 14:30 Uhr hat es dann angefangen zu sch\u00fctten und nie wieder aufgeh\u00f6rt. Und nicht nur ein bisschen nieseln, sondern es hat wirklich gesch\u00fcttet wie aus Eimern. Wir wollten uns erst auch noch vor dem Einlass was zu essen holen. Leider durften wir das dann nicht mehr, weil wir dann nicht mehr zur\u00fcck nach vorne in die Schlange gedurft h\u00e4tten, sondern uns wieder h\u00e4tten hinten anstellen m\u00fcssen. Das hei\u00dft, wir sind mit drei M\u00fcsliriegeln in das Konzert gegangen. Bei der Sicherheitskontrolle mussten wir dann auch unsere Regenschirme und Getr\u00e4nkeflaschen abgeben und dann ging es ins Stadion. Wir mussten dann ja auch Treppen runtergehen, wo man dann aber langsam Schritt f\u00fcr Schritt runtergef\u00fchrt wurden, damit keine Panik entsteht, wenn alle gelichzeitig nach vorne st\u00fcrmen. Wir hatten das Gl\u00fcck, dass wir uns an eine Barrikade stellen konnten, weil wir so ein bisschen freien Platz vor uns hatten, immer noch weit vorne standen und einen sehr guten Blick hatten. Um 18 Uhr kam dann die erste Vors\u00e4ngerin, das war Wilhelmine, also eine deutsche S\u00e4ngerin. Dann gab es nochmal eine zweite Vorband und dann wieder kurz Pause. In der Zeit gab es dann auch noch, was f\u00fcr Coldplay typisch ist, dass man hinten im Stadion Fahrrad fahren kann f\u00fcr den Nachhaltigkeitsaspekt, auf den die Ban<span style=\"font-size: 1rem\">d ja auch gro\u00dfen Wert legt und den sie versuchen, bestm\u00f6glich umzusetzen, auch mit di<\/span><span style=\"font-size: 1rem\">esen Kinetic-Dancefloors. Dann fing um 20:45 Uhr das eigentliche Konzert an, wo man sich schon die ganze Zeit so sehr drauf gefreut hatte. Auch wenn wir mittlerweile schon komplett durchn\u00e4sst waren, aber es war ab dem Moment sowieso egal. Ja, dann ging das Konzert los und es ging viel zu schnell vorbei. Danach ist man wieder raus aus dem Stadion und dann hat man sich mit 70.000 anderen Menschen auf den Weg zur U-Bahn gemacht. Auch wenn das sehr traurig war, als das Konzert vorbei war, die Stimmung an der U-Bahn war immer noch richtig geil, auch die, die das da an der U-Bahn-Station koordiniert hat. Die hat dann noch richtig gute Stimmung gemacht und ich wei\u00df nicht, auch wenn man, wie gesagt, schon sehr traurig war, dass es jetzt vorbei ist: Die Stimmung war noch richtig gut. Das konnte man immer noch nicht so ganz realisieren.<\/span><\/span><\/p>\n<p style=\"font-weight: 400\"><span style=\"color: #000000\"><strong>I:<\/strong> Was war das f\u00fcr ein Gef\u00fchl, als das Konzert dann wirklich anfing? Hat es sich unrealistisch angef\u00fchlt oder hast du dich einfach drauf gefreut?<\/span><\/p>\n<p style=\"font-weight: 400\"><span style=\"color: #000000\"><strong>B:<\/strong> Am Anfang war es trotzdem noch total surreal, irgendwie konnte man sich immer noch nicht vorstellen, dass man gerade wirklich hier ist, wo man \u00fcber ein Jahr drauf gewartet hat. Aber man war nat\u00fcrlich trotzdem total voller Vorfreude, als sie dann auf die B\u00fchne gekommen sind und so langsam hat man es dann auch vielleicht ein bisschen realisiert. Man hat sich einfach mega gefreut. Man hat das Wetter und den Regen auch gar nicht mehr wahrgenommen, sondern war so in der eigenen Bubble dann irgendwie drin.<\/span><\/p>\n<p style=\"font-weight: 400\"><span style=\"color: #000000\"><strong>I:<\/strong> Wie war es dann w\u00e4hrend des Konzerts? Du hast ja schon gesagt, dass da auch viel Interaktion mit den Fans ist. Gab es irgendwelche Songs, die dann noch besonderer waren? Welche Rolle hat da vielleicht auch die Masse an Fans gespielt?<\/span><\/p>\n<p style=\"font-weight: 400\"><span style=\"color: #000000\"><strong>B:<\/strong> Also ich w\u00fcrde sagen, Coldplay hat ja schon sehr verschiedene Arten von Songs, also manche, die sehr laut und so richtige Stimmungsmacher sind, aber zum Beispiel dann auch welche wie \u201eYellow\u201c oder so, was halt irgendwie nochmal so eine ganz andere Stimmung im ganzen Stadion gemacht hat. Man guckt ja auch um sich und sieht die Leute, wie die sich in den Arm nehmen. Das ist schon toll, wenn es dann auch emotionaler wird. Also diese gute Mischung dann irgendwie, ja.<\/span><\/p>\n<p><span style=\"color: #000000\"><strong style=\"font-size: 1rem\"><img loading=\"lazy\" decoding=\"async\" class=\"aligncenter wp-image-42\" src=\"https:\/\/blogs.uni-bremen.de\/konzertsommer2024\/files\/d8d6d70c-5d54-45e3-ba64-5a6a98c87231-776x1024.jpg\" alt=\"\" width=\"452\" height=\"596\" srcset=\"https:\/\/blogs.uni-bremen.de\/konzertsommer2024\/files\/d8d6d70c-5d54-45e3-ba64-5a6a98c87231-776x1024.jpg 776w, https:\/\/blogs.uni-bremen.de\/konzertsommer2024\/files\/d8d6d70c-5d54-45e3-ba64-5a6a98c87231-227x300.jpg 227w, https:\/\/blogs.uni-bremen.de\/konzertsommer2024\/files\/d8d6d70c-5d54-45e3-ba64-5a6a98c87231-768x1013.jpg 768w, https:\/\/blogs.uni-bremen.de\/konzertsommer2024\/files\/d8d6d70c-5d54-45e3-ba64-5a6a98c87231-624x823.jpg 624w, https:\/\/blogs.uni-bremen.de\/konzertsommer2024\/files\/d8d6d70c-5d54-45e3-ba64-5a6a98c87231.jpg 1150w\" sizes=\"auto, (max-width: 452px) 100vw, 452px\" \/><\/strong><\/span><\/p>\n<p style=\"text-align: center\"><span style=\"color: #000000\"><em>Foto: Marie-Sofie<\/em><\/span><\/p>\n<p style=\"font-weight: 400\"><span style=\"color: #000000\"><strong>I:<\/strong> Hast du versucht mit Bildern oder Videos diese Stimmung einzufangen? Oder wolltest du es in dem Moment einfach genie\u00dfen?<\/span><\/p>\n<p style=\"font-weight: 400\"><span style=\"color: #000000\"><strong>B:<\/strong> Also aufgrund des Regens war es sowieso etwas schwierig. Meine eine Freundin hat da Gott sei Dank sehr flei\u00dfig mitgefilmt. Aber es ging schon auch darum, dass man den Moment wirklich genie\u00dfen will. Also klar, man wollte nat\u00fcrlich diesen Moment irgendwo auch festgehalten haben, aber man wollte auch das Handy einfach mal beiseitelegen, weil es einfach so ein krasses Erlebnis ist. Und das einfach so in sich aufnehmen und ohne Handy mal genie\u00dfen.<\/span><\/p>\n<p style=\"font-weight: 400\"><span style=\"color: #000000\"><strong>I:<\/strong> Hast du im Rahmen des Konzerts irgendwas gekauft zur Erinnerung?<\/span><\/p>\n<p style=\"font-weight: 400\"><span style=\"color: #000000\"><strong>B:<\/strong> Ja, da haben wir uns alle drei ein Merch-T-Shirt gekauft, so als Erinnerung, auch wenn es nicht so wertvoll ist nat\u00fcrlich wie die eigentlichen Erinnerungen, die man so durch das Konzert hatte. Aber es ist schon cool, wenn man seinen Kleiderschrank aufmacht und das Merch-T-Shirt da sieht. Ja, es ist schon sch\u00f6n, das so als Erinnerungsst\u00fcck zu haben.<\/span><\/p>\n<p style=\"font-weight: 400\"><span style=\"color: #000000\"><strong>I:<\/strong> Okay, dann zu der Zeit nach dem Konzert: W\u00fcrdest du jetzt ein halbes Jahr sp\u00e4ter das gleiche Erlebnis genauso nochmal erleben wollen?<\/span><\/p>\n<p style=\"font-weight: 400\"><span style=\"color: #000000\"><strong>B:<\/strong> Ja. Eindeutig, ja. Also wenn sich irgendwann nochmal die M\u00f6glichkeit auftun sollte, dass die auch nochmal nach Deutschland oder vielleicht in die Niederlanden kommen, dann w\u00e4re ich auf jeden Fall sofort wieder bereit, Tickets zu kaufen. Auch wenn es nat\u00fcrlich schon nochmal was anderes ist als das allererste Mal, das ist klar. Aber ich glaube, davon kann man nie genug haben, dann nochmal auf ein Konzert zu gehen.<\/span><\/p>\n<p style=\"font-weight: 400\"><span style=\"color: #000000\"><strong>I:<\/strong> W\u00e4rst du dann auch bereit, die Preise, die du jetzt gezahlt hast, oder sogar noch h\u00f6here zu zahlen?<\/span><\/p>\n<p style=\"font-weight: 400\"><span style=\"color: #000000\"><strong>B:<\/strong> Ich h\u00e4tte immer noch ein Preislimit, also ich w\u00e4re jetzt immer noch nicht bereit, die 300 Euro oder so f\u00fcr ein Ticket zu bezahlen. Bei 200 Euro w\u00fcrde es schon wehtun. Ich w\u00fcrde sagen, ich w\u00fcrde schon bei der \u00e4hnlichen Preisgrenze bleiben. Es kommt aber auch auf die Situation an, in welcher finanziellen Lage ich mich gerade als Studentin befinde, aber ich w\u00fcrde schon noch bis 150 oder 160 Euro hochgehen, wenn sonst alles passt. Aber irgendwo w\u00e4re bei mir auf jeden Fall schon eine Grenze, wo ich sagen w\u00fcrde, okay, f\u00fcr das Geld dann doch nicht.<\/span><\/p>\n<p style=\"font-weight: 400\"><span style=\"color: #000000\"><strong>I:<\/strong> Hast du deine Erfahrungen und die Erinnerungen an dieses Konzert mit anderen geteilt?<\/span><\/p>\n<p style=\"font-weight: 400\"><span style=\"color: #000000\"><strong>B:<\/strong> Ja. Also ich glaube, als ich nach Hause gekommen bin, bin ich meinen Eltern damit schon ziemlich auf die Nerven gegangen, weil ich sie dazu gezwungen habe, die ganzen Videos und so anzugucken. Ich glaube, irgendwann hat&#8217;s ihnen auch gereicht. Aber auch alle anderen, wenn ich irgendjemanden treffe, dem ich noch nicht davon erz\u00e4hlt habe, kommt meistens das Coldplay-Konzert eigentlich zur Sprache. Es hat einen schon wirklich gepr\u00e4gt. Mittlerweile ist man so empfindlich, wenn irgendwo Coldplay l\u00e4uft, man h\u00f6rt es einfach sofort und hat direkt so einen Flashback irgendwie zu dem Konzert.<\/span><\/p>\n<p style=\"font-weight: 400\"><span style=\"color: #000000\"><strong>I:<\/strong> Was hat das mit dir gemacht, wenn du zum Beispiel nach dem Konzert durch Social Media Bilder und Videos von den Konzerten gesehen hast, vielleicht auch speziell von dem Konzert, wo du selbst warst?<\/span><\/p>\n<p style=\"font-weight: 400\"><span style=\"color: #000000\"><strong>B:<\/strong> Es war nochmal interessant, das auch manchmal aus anderen Blickwinkeln nochmal zu sehen und es war irgendwie schon krass, das nochmal von anderen Leuten zu sehen, die da auch waren. Die haben dann auch manchmal noch andere Momente festgehalten als man selbst. Es war schon krass, das auch nochmal auf TikTok zu sehen, wenn man so durchscrollt, und zu wissen, dass man auch da war. Das ist schon sehr besonders.<\/span><\/p>\n<p style=\"font-weight: 400\"><span style=\"color: #000000\"><strong>I:<\/strong> Und abschlie\u00dfend: Was ist die sch\u00f6nste Erinnerung, wenn du an das Konzert zur\u00fcckdenkst?<\/span><\/p>\n<audio class=\"wp-audio-shortcode\" id=\"audio-20-3\" preload=\"none\" style=\"width: 100%;\" controls=\"controls\"><source type=\"audio\/mpeg\" src=\"https:\/\/blogs.uni-bremen.de\/konzertsommer2024\/files\/Marie-ueber-die-schoenste-Erinnerung.m4a?_=3\" \/><a href=\"https:\/\/blogs.uni-bremen.de\/konzertsommer2024\/files\/Marie-ueber-die-schoenste-Erinnerung.m4a\">https:\/\/blogs.uni-bremen.de\/konzertsommer2024\/files\/Marie-ueber-die-schoenste-Erinnerung.m4a<\/a><\/audio>\n<p>&nbsp;<\/p>\n<p style=\"font-weight: 400\"><span style=\"color: #000000\"><strong>I:<\/strong> Okay, dann war&#8217;s das auch schon. Danke f\u00fcr das Interview und die Einblicke!<\/span><\/p>\n<p>&nbsp;<\/p>\n<p><span style=\"font-size: 10pt;color: #000000\">Autorin: Viktoria Strakeljahn<\/span><\/p>\n","protected":false},"excerpt":{"rendered":"<p>Foto: Marie-Sofie I: Wir besch\u00e4ftigen uns in unserem Seminar mit dem Konzertsommer 2024 in Deutschland und wollen vor allem die Konzerte von Coldplay, Taylor Swift und Adele thematisieren. Mit den Interviews wollen wir einen \u00dcberblick dar\u00fcber bekommen, aus welchen Gr\u00fcnden Fans Tickets f\u00fcr die Konzerte gekauft haben und was den Tag so besonders gemacht hat. [&hellip;]<\/p>\n","protected":false},"author":16092,"featured_media":0,"parent":16,"menu_order":0,"comment_status":"closed","ping_status":"closed","template":"","meta":{"_bbp_topic_count":0,"_bbp_reply_count":0,"_bbp_total_topic_count":0,"_bbp_total_reply_count":0,"_bbp_voice_count":0,"_bbp_anonymous_reply_count":0,"_bbp_topic_count_hidden":0,"_bbp_reply_count_hidden":0,"_bbp_forum_subforum_count":0,"footnotes":""},"class_list":["post-20","page","type-page","status-publish","hentry"],"_links":{"self":[{"href":"https:\/\/blogs.uni-bremen.de\/konzertsommer2024\/wp-json\/wp\/v2\/pages\/20","targetHints":{"allow":["GET"]}}],"collection":[{"href":"https:\/\/blogs.uni-bremen.de\/konzertsommer2024\/wp-json\/wp\/v2\/pages"}],"about":[{"href":"https:\/\/blogs.uni-bremen.de\/konzertsommer2024\/wp-json\/wp\/v2\/types\/page"}],"author":[{"embeddable":true,"href":"https:\/\/blogs.uni-bremen.de\/konzertsommer2024\/wp-json\/wp\/v2\/users\/16092"}],"replies":[{"embeddable":true,"href":"https:\/\/blogs.uni-bremen.de\/konzertsommer2024\/wp-json\/wp\/v2\/comments?post=20"}],"version-history":[{"count":10,"href":"https:\/\/blogs.uni-bremen.de\/konzertsommer2024\/wp-json\/wp\/v2\/pages\/20\/revisions"}],"predecessor-version":[{"id":260,"href":"https:\/\/blogs.uni-bremen.de\/konzertsommer2024\/wp-json\/wp\/v2\/pages\/20\/revisions\/260"}],"up":[{"embeddable":true,"href":"https:\/\/blogs.uni-bremen.de\/konzertsommer2024\/wp-json\/wp\/v2\/pages\/16"}],"wp:attachment":[{"href":"https:\/\/blogs.uni-bremen.de\/konzertsommer2024\/wp-json\/wp\/v2\/media?parent=20"}],"curies":[{"name":"wp","href":"https:\/\/api.w.org\/{rel}","templated":true}]}}