{"id":2,"date":"2024-05-21T21:13:03","date_gmt":"2024-05-21T19:13:03","guid":{"rendered":"https:\/\/blogs.uni-bremen.de\/kommunikation\/?page_id=2"},"modified":"2024-07-31T15:05:28","modified_gmt":"2024-07-31T13:05:28","slug":"beispiel-seite","status":"publish","type":"page","link":"https:\/\/blogs.uni-bremen.de\/kommunikation\/","title":{"rendered":"Startseite"},"content":{"rendered":"<p>&nbsp;<\/p>\n<p>&nbsp;<\/p>\n<p><span style=\"font-size: 18pt\">Hallo Besucher:in, sch\u00f6n, dass du da bist.<\/span><\/p>\n<p>&nbsp;<\/p>\n<p><span style=\"font-size: 18pt\"><strong>Wirksam lehren, lenken und beraten durch effektive Kommunikation.<\/strong><\/span><\/p>\n<p><span style=\"font-size: 18pt\"><strong>Von Mittelbau bis F\u00fchrungsebene, in Lehre, Wissenschaft, \u00d6ffentlichkeit und Administration.<\/strong><\/span><\/p>\n<p>&nbsp;<\/p>\n<p><span style=\"font-size: 24px\">Diese Seiten geben eine \u00dcbersicht \u00fcber unsere Angebote an der Universit\u00e4t Bremen. Die Navigation erfolgt \u00fcber die graue Leiste oben auf der Seite.<\/span><\/p>\n<p><span style=\"font-size: 18pt\">Wir freuen uns auf ein gemeinsames Training!<\/span><\/p>\n<p><span style=\"font-size: 18pt\">Andra Thiel und Ferdinand Soethe<\/span><\/p>\n","protected":false},"excerpt":{"rendered":"<p>&nbsp; &nbsp; Hallo Besucher:in, sch\u00f6n, dass du da bist. &nbsp; Wirksam lehren, lenken und beraten durch effektive Kommunikation. Von Mittelbau bis F\u00fchrungsebene, in Lehre, Wissenschaft, \u00d6ffentlichkeit und Administration. &nbsp; Diese Seiten geben eine \u00dcbersicht \u00fcber unsere Angebote an der Universit\u00e4t Bremen. Die Navigation erfolgt \u00fcber die graue Leiste oben auf der Seite. Wir freuen uns [&hellip;]<\/p>\n","protected":false},"author":3226,"featured_media":0,"parent":0,"menu_order":0,"comment_status":"closed","ping_status":"open","template":"","meta":{"_bbp_topic_count":0,"_bbp_reply_count":0,"_bbp_total_topic_count":0,"_bbp_total_reply_count":0,"_bbp_voice_count":0,"_bbp_anonymous_reply_count":0,"_bbp_topic_count_hidden":0,"_bbp_reply_count_hidden":0,"_bbp_forum_subforum_count":0,"footnotes":""},"class_list":["post-2","page","type-page","status-publish","hentry"],"_links":{"self":[{"href":"https:\/\/blogs.uni-bremen.de\/kommunikation\/wp-json\/wp\/v2\/pages\/2","targetHints":{"allow":["GET"]}}],"collection":[{"href":"https:\/\/blogs.uni-bremen.de\/kommunikation\/wp-json\/wp\/v2\/pages"}],"about":[{"href":"https:\/\/blogs.uni-bremen.de\/kommunikation\/wp-json\/wp\/v2\/types\/page"}],"author":[{"embeddable":true,"href":"https:\/\/blogs.uni-bremen.de\/kommunikation\/wp-json\/wp\/v2\/users\/3226"}],"replies":[{"embeddable":true,"href":"https:\/\/blogs.uni-bremen.de\/kommunikation\/wp-json\/wp\/v2\/comments?post=2"}],"version-history":[{"count":10,"href":"https:\/\/blogs.uni-bremen.de\/kommunikation\/wp-json\/wp\/v2\/pages\/2\/revisions"}],"predecessor-version":[{"id":170,"href":"https:\/\/blogs.uni-bremen.de\/kommunikation\/wp-json\/wp\/v2\/pages\/2\/revisions\/170"}],"wp:attachment":[{"href":"https:\/\/blogs.uni-bremen.de\/kommunikation\/wp-json\/wp\/v2\/media?parent=2"}],"curies":[{"name":"wp","href":"https:\/\/api.w.org\/{rel}","templated":true}]}}