{"id":141,"date":"2020-02-20T18:50:08","date_gmt":"2020-02-20T17:50:08","guid":{"rendered":"https:\/\/blogs.uni-bremen.de\/ikfklehre\/?page_id=141"},"modified":"2020-12-22T17:31:11","modified_gmt":"2020-12-22T16:31:11","slug":"forschende-haltung","status":"publish","type":"page","link":"https:\/\/blogs.uni-bremen.de\/ikfklehre\/forschende-haltung\/","title":{"rendered":"Forschende Haltung"},"content":{"rendered":"<div class=\"et_d4_element et_pb_section et_pb_section_0 et_pb_with_background  et_pb_css_mix_blend_mode et_section_regular et_block_section\" >\n\t\t\t\t\n\t\t\t\t\n\t\t\t\t\n\t\t\t\t\n\t\t\t\t\n\t\t\t\t\n\t\t\t\t<div class=\"et_d4_element et_pb_row et_pb_row_0  et_pb_css_mix_blend_mode et_block_row\">\n\t\t\t\t<div class=\"et_d4_element et_pb_column_4_4 et_pb_column et_pb_column_0  et_pb_css_mix_blend_mode et-last-child et_block_column\">\n\t\t\t\t\n\t\t\t\t\n\t\t\t\t\n\t\t\t\t\n\t\t\t\t<div class=\"et_pb_module et_d4_element et_pb_text et_pb_text_0  et_pb_text_align_left et_pb_bg_layout_light\">\n\t\t\t\t\n\t\t\t\t\n\t\t\t\t\n\t\t\t\t\n\t\t\t\t<div class=\"et_pb_text_inner\"><p style=\"text-align: center\"><span style=\"color: #000000\">Forschende Haltung<\/span><\/p><\/div>\n\t\t\t<\/div>\n\t\t\t<\/div>\n\t\t\t\t\n\t\t\t\t\n\t\t\t\t\n\t\t\t\t\n\t\t\t<\/div><div class=\"et_d4_element et_pb_row et_pb_row_1  et_pb_css_mix_blend_mode et_block_row\">\n\t\t\t\t<div class=\"et_d4_element et_pb_column_1_5 et_pb_column et_pb_column_1  et_pb_css_mix_blend_mode et_block_column\">\n\t\t\t\t\n\t\t\t\t\n\t\t\t\t\n\t\t\t\t\n\t\t\t\t<div class=\"et_pb_module et_d4_element et_pb_text et_pb_text_1  et_pb_text_align_left et_pb_bg_layout_light\">\n\t\t\t\t\n\t\t\t\t\n\t\t\t\t\n\t\t\t\t\n\t\t\t\t\n\t\t\t<\/div><div class=\"et_pb_button_module_wrapper et_pb_button_0_wrapper et_pb_button_alignment_center et_pb_module \">\n\t\t\t\t<a class=\"et_pb_button et_d4_element et_pb_button_0 et_pb_bg_layout_light et_block_module\" href=\"https:\/\/blogs.uni-bremen.de\/ikfklehre\/wissenschaftlicheforschung\/\" data-icon=\"&#x3d;\">Wissenschaft-liche Forschung<\/a>\n\t\t\t<\/div>\n\t\t\t<\/div><div class=\"et_d4_element et_pb_column_3_5 et_pb_column et_pb_column_2  et_pb_css_mix_blend_mode et_block_column\">\n\t\t\t\t\n\t\t\t\t\n\t\t\t\t\n\t\t\t\t\n\t\t\t\t<div class=\"et_pb_module et_d4_element et_pb_text et_pb_text_2  et_pb_text_align_justified et_pb_bg_layout_light\">\n\t\t\t\t\n\t\t\t\t\n\t\t\t\t\n\t\t\t\t\n\t\t\t\t<div class=\"et_pb_text_inner\"><p><span style=\"font-family: helvetica, arial, sans-serif;color: #000000\">Das <span style=\"color: #e02b20\">Forschende Studieren<\/span> ist grundlegend f\u00fcr das Studium am IKFK der Universit\u00e4t Bremen. Forschend studieren, das hei\u00dft, dass Studierende sich im Verlauf ihres Studiums nicht nur Arbeitsweisen und Strategien des Forschens aneignen, um am Ende fit f\u00fcr die Wissenschaft zu sein. Forschend studieren bedeutet, dass das Studiums selbst bereits auf Forschungsprozessen beruht, dass Studierende sich das Feld der Kunst \u2013 Medien \u2013 \u00c4sthetischen Bildung forschend erschlie\u00dfen. Daf\u00fcr ist es wichtig, eine eigene forschende Haltung zu entwickeln, Fragen zu stellen, diese zu verfolgen und die eigene Haltung zu reflektieren. Die forschenden Haltung liegt dem <span style=\"color: #e02b20\">wissenschaftlichen Arbeiten<\/span> zugrunde, kann aber auch in der <span style=\"color: #e02b20\">k\u00fcnstlerischen Forschung<\/span> nach Erkenntnissen streben oder als eine Strategie des Unterrichtens in der Schule eingesetzt werden.<\/span><\/p><\/div>\n\t\t\t<\/div>\n\t\t\t<\/div><div class=\"et_d4_element et_pb_column_1_5 et_pb_column et_pb_column_3  et_pb_css_mix_blend_mode et-last-child et_block_column\">\n\t\t\t\t\n\t\t\t\t\n\t\t\t\t\n\t\t\t\t\n\t\t\t\t<div class=\"et_pb_module et_d4_element et_pb_text et_pb_text_3  et_pb_text_align_left et_pb_bg_layout_light\">\n\t\t\t\t\n\t\t\t\t\n\t\t\t\t\n\t\t\t\t\n\t\t\t\t\n\t\t\t<\/div><div class=\"et_pb_button_module_wrapper et_pb_button_1_wrapper et_pb_button_alignment_center et_pb_module \">\n\t\t\t\t<a class=\"et_pb_button et_d4_element et_pb_button_1 et_pb_bg_layout_light et_block_module\" href=\"https:\/\/blogs.uni-bremen.de\/ikfklehre\/kuenstlerische-forschung\/\" data-icon=\"&#x3d;\">K\u00fcnstlerische Forschung<\/a>\n\t\t\t<\/div>\n\t\t\t<\/div>\n\t\t\t\t\n\t\t\t\t\n\t\t\t\t\n\t\t\t\t\n\t\t\t<\/div>\n\t\t\t\t\n\t\t\t\t\n\t\t\t<\/div>\n","protected":false},"excerpt":{"rendered":"","protected":false},"author":10597,"featured_media":0,"parent":0,"menu_order":0,"comment_status":"closed","ping_status":"closed","template":"","meta":{"_bbp_topic_count":0,"_bbp_reply_count":0,"_bbp_total_topic_count":0,"_bbp_total_reply_count":0,"_bbp_voice_count":0,"_bbp_anonymous_reply_count":0,"_bbp_topic_count_hidden":0,"_bbp_reply_count_hidden":0,"_bbp_forum_subforum_count":0,"_et_pb_use_builder":"on","_et_pb_old_content":"","_et_gb_content_width":"","footnotes":""},"coauthors":[722196],"class_list":["post-141","page","type-page","status-publish","hentry"],"_links":{"self":[{"href":"https:\/\/blogs.uni-bremen.de\/ikfklehre\/wp-json\/wp\/v2\/pages\/141","targetHints":{"allow":["GET"]}}],"collection":[{"href":"https:\/\/blogs.uni-bremen.de\/ikfklehre\/wp-json\/wp\/v2\/pages"}],"about":[{"href":"https:\/\/blogs.uni-bremen.de\/ikfklehre\/wp-json\/wp\/v2\/types\/page"}],"author":[{"embeddable":true,"href":"https:\/\/blogs.uni-bremen.de\/ikfklehre\/wp-json\/wp\/v2\/users\/10597"}],"replies":[{"embeddable":true,"href":"https:\/\/blogs.uni-bremen.de\/ikfklehre\/wp-json\/wp\/v2\/comments?post=141"}],"version-history":[{"count":9,"href":"https:\/\/blogs.uni-bremen.de\/ikfklehre\/wp-json\/wp\/v2\/pages\/141\/revisions"}],"predecessor-version":[{"id":4039,"href":"https:\/\/blogs.uni-bremen.de\/ikfklehre\/wp-json\/wp\/v2\/pages\/141\/revisions\/4039"}],"wp:attachment":[{"href":"https:\/\/blogs.uni-bremen.de\/ikfklehre\/wp-json\/wp\/v2\/media?parent=141"}],"wp:term":[{"taxonomy":"author","embeddable":true,"href":"https:\/\/blogs.uni-bremen.de\/ikfklehre\/wp-json\/wp\/v2\/coauthors?post=141"}],"curies":[{"name":"wp","href":"https:\/\/api.w.org\/{rel}","templated":true}]}}