{"id":45,"date":"2022-12-04T10:37:13","date_gmt":"2022-12-04T09:37:13","guid":{"rendered":"https:\/\/blogs.uni-bremen.de\/how2kmw\/?page_id=45"},"modified":"2023-01-21T14:17:22","modified_gmt":"2023-01-21T13:17:22","slug":"survival-guide-kmw","status":"publish","type":"page","link":"https:\/\/blogs.uni-bremen.de\/how2kmw\/","title":{"rendered":"KMW Survival-Guide"},"content":{"rendered":"<h1><span style=\"font-size: 21pt;color: #1f8fc6\">Moin, ihr \u00dcberlebensk\u00fcnstler der Kommunikations- und Medienwissenschaft!<\/span><\/h1>\n<p>Egal, ob alte Hasen oder KMW-K\u00fcken, auf unserem Blog findet ihr alle wichtigen Informationen auf einen Blick zu eurem Studium in der Kommunikations- und Medienwissenschaft an der Universit\u00e4t Bremen. Von dem Namen der Keksdose bis zum Speisesplan in Mensa der Uni Bremen, bei uns erfahrt ihr mehr als auf den blauen S\u00e4ulen des Uni-Boulevard.<\/p>\n<p>Wir wollen helfen, euch zu Beginn aber auch im weiteren Verlauf des KMW-Studiums, im Uni-Alltag zurechtzufinden.<\/p>\n<p>Als alte KMW-Hasen wollen wir euch Tipps und Tricks, die wir gerne gehabt h\u00e4tten, mit auf den Weg geben. Deswegen\u00a0 gibt&#8217;s hier: <a href=\"https:\/\/blogs.uni-bremen.de\/how2kmw\/survival-guide-fuer-kmw-erstis\/\"><span style=\"color: #e5ac57\">Tipps f\u00fcrs Studium f\u00fcr Erstsemester<\/span><\/a><span style=\"color: #e5ac57\">!<\/span><\/p>\n<p>Bei offenen Fragen schreibt uns gerne einen Kommentar. Viel Gl\u00fcck!<\/p>\n<p>&nbsp;<\/p>\n<p>&nbsp;<\/p>\n","protected":false},"excerpt":{"rendered":"<p>Moin, ihr \u00dcberlebensk\u00fcnstler der Kommunikations- und Medienwissenschaft! Egal, ob alte Hasen oder KMW-K\u00fcken, auf unserem Blog findet ihr alle wichtigen Informationen auf einen Blick zu eurem Studium in der Kommunikations- und Medienwissenschaft an der Universit\u00e4t Bremen. Von dem Namen der Keksdose bis zum Speisesplan in Mensa der Uni Bremen, bei uns erfahrt ihr mehr als [&hellip;]<\/p>\n","protected":false},"author":12594,"featured_media":0,"parent":0,"menu_order":0,"comment_status":"closed","ping_status":"closed","template":"","meta":{"_bbp_topic_count":0,"_bbp_reply_count":0,"_bbp_total_topic_count":0,"_bbp_total_reply_count":0,"_bbp_voice_count":0,"_bbp_anonymous_reply_count":0,"_bbp_topic_count_hidden":0,"_bbp_reply_count_hidden":0,"_bbp_forum_subforum_count":0,"footnotes":""},"class_list":["post-45","page","type-page","status-publish","hentry","post-preview"],"yoast_head":"<!-- This site is optimized with the Yoast SEO plugin v27.3 - https:\/\/yoast.com\/product\/yoast-seo-wordpress\/ -->\n<title>How2KMW - Kommunikations- und Medienwissenschaft<\/title>\n<meta name=\"description\" content=\"Infos &amp; Tipps zu eurem Studium in der Kommunikations- und Medienwissenschaft an der Universit\u00e4t Bremen. Erfahrt jetzt mehr!\" class=\"yoast-seo-meta-tag\" \/>\n<meta name=\"robots\" content=\"index, follow, max-snippet:-1, max-image-preview:large, max-video-preview:-1\" \/>\n<link rel=\"canonical\" href=\"https:\/\/blogs.uni-bremen.de\/how2kmw\/\" class=\"yoast-seo-meta-tag\" \/>\n<meta property=\"og:locale\" content=\"de_DE\" class=\"yoast-seo-meta-tag\" \/>\n<meta property=\"og:type\" content=\"article\" class=\"yoast-seo-meta-tag\" \/>\n<meta property=\"og:title\" content=\"How2KMW - Kommunikations- und Medienwissenschaft\" class=\"yoast-seo-meta-tag\" \/>\n<meta property=\"og:description\" content=\"Infos &amp; Tipps zu eurem Studium in der Kommunikations- und Medienwissenschaft an der Universit\u00e4t Bremen. Erfahrt jetzt mehr!\" class=\"yoast-seo-meta-tag\" \/>\n<meta property=\"og:url\" content=\"https:\/\/blogs.uni-bremen.de\/how2kmw\/\" class=\"yoast-seo-meta-tag\" \/>\n<meta property=\"og:site_name\" content=\"How 2 KMW\" class=\"yoast-seo-meta-tag\" \/>\n<meta property=\"article:modified_time\" content=\"2023-01-21T13:17:22+00:00\" class=\"yoast-seo-meta-tag\" \/>\n<meta name=\"twitter:card\" content=\"summary_large_image\" class=\"yoast-seo-meta-tag\" \/>\n<meta name=\"twitter:label1\" content=\"Gesch\u00e4tzte Lesezeit\" class=\"yoast-seo-meta-tag\" \/>\n\t<meta name=\"twitter:data1\" content=\"1\u00a0Minute\" class=\"yoast-seo-meta-tag\" \/>\n<script type=\"application\/ld+json\" class=\"yoast-schema-graph\">{\"@context\":\"https:\\\/\\\/schema.org\",\"@graph\":[{\"@type\":\"WebPage\",\"@id\":\"https:\\\/\\\/blogs.uni-bremen.de\\\/how2kmw\\\/\",\"url\":\"https:\\\/\\\/blogs.uni-bremen.de\\\/how2kmw\\\/\",\"name\":\"How2KMW - Kommunikations- und Medienwissenschaft\",\"isPartOf\":{\"@id\":\"https:\\\/\\\/blogs.uni-bremen.de\\\/how2kmw\\\/#website\"},\"datePublished\":\"2022-12-04T09:37:13+00:00\",\"dateModified\":\"2023-01-21T13:17:22+00:00\",\"description\":\"Infos & Tipps zu eurem Studium in der Kommunikations- und Medienwissenschaft an der Universit\u00e4t Bremen. Erfahrt jetzt mehr!\",\"breadcrumb\":{\"@id\":\"https:\\\/\\\/blogs.uni-bremen.de\\\/how2kmw\\\/#breadcrumb\"},\"inLanguage\":\"de\",\"potentialAction\":[{\"@type\":\"ReadAction\",\"target\":[\"https:\\\/\\\/blogs.uni-bremen.de\\\/how2kmw\\\/\"]}]},{\"@type\":\"BreadcrumbList\",\"@id\":\"https:\\\/\\\/blogs.uni-bremen.de\\\/how2kmw\\\/#breadcrumb\",\"itemListElement\":[{\"@type\":\"ListItem\",\"position\":1,\"name\":\"Startseite\",\"item\":\"https:\\\/\\\/blogs.uni-bremen.de\\\/how2kmw\\\/\"},{\"@type\":\"ListItem\",\"position\":2,\"name\":\"KMW Survival-Guide\"}]},{\"@type\":\"WebSite\",\"@id\":\"https:\\\/\\\/blogs.uni-bremen.de\\\/how2kmw\\\/#website\",\"url\":\"https:\\\/\\\/blogs.uni-bremen.de\\\/how2kmw\\\/\",\"name\":\"How 2 KMW\",\"description\":\" Survival Guide f\u00fcr Studierende [Bild: Carlo Kanthak \\\/ Universit\u00e4t Bremen]\",\"potentialAction\":[{\"@type\":\"SearchAction\",\"target\":{\"@type\":\"EntryPoint\",\"urlTemplate\":\"https:\\\/\\\/blogs.uni-bremen.de\\\/how2kmw\\\/?s={search_term_string}\"},\"query-input\":{\"@type\":\"PropertyValueSpecification\",\"valueRequired\":true,\"valueName\":\"search_term_string\"}}],\"inLanguage\":\"de\"}]}<\/script>\n<!-- \/ Yoast SEO plugin. -->","yoast_head_json":{"title":"How2KMW - Kommunikations- und Medienwissenschaft","description":"Infos & Tipps zu eurem Studium in der Kommunikations- und Medienwissenschaft an der Universit\u00e4t Bremen. Erfahrt jetzt mehr!","robots":{"index":"index","follow":"follow","max-snippet":"max-snippet:-1","max-image-preview":"max-image-preview:large","max-video-preview":"max-video-preview:-1"},"canonical":"https:\/\/blogs.uni-bremen.de\/how2kmw\/","og_locale":"de_DE","og_type":"article","og_title":"How2KMW - Kommunikations- und Medienwissenschaft","og_description":"Infos & Tipps zu eurem Studium in der Kommunikations- und Medienwissenschaft an der Universit\u00e4t Bremen. Erfahrt jetzt mehr!","og_url":"https:\/\/blogs.uni-bremen.de\/how2kmw\/","og_site_name":"How 2 KMW","article_modified_time":"2023-01-21T13:17:22+00:00","twitter_card":"summary_large_image","twitter_misc":{"Gesch\u00e4tzte Lesezeit":"1\u00a0Minute"},"schema":{"@context":"https:\/\/schema.org","@graph":[{"@type":"WebPage","@id":"https:\/\/blogs.uni-bremen.de\/how2kmw\/","url":"https:\/\/blogs.uni-bremen.de\/how2kmw\/","name":"How2KMW - Kommunikations- und Medienwissenschaft","isPartOf":{"@id":"https:\/\/blogs.uni-bremen.de\/how2kmw\/#website"},"datePublished":"2022-12-04T09:37:13+00:00","dateModified":"2023-01-21T13:17:22+00:00","description":"Infos & Tipps zu eurem Studium in der Kommunikations- und Medienwissenschaft an der Universit\u00e4t Bremen. Erfahrt jetzt mehr!","breadcrumb":{"@id":"https:\/\/blogs.uni-bremen.de\/how2kmw\/#breadcrumb"},"inLanguage":"de","potentialAction":[{"@type":"ReadAction","target":["https:\/\/blogs.uni-bremen.de\/how2kmw\/"]}]},{"@type":"BreadcrumbList","@id":"https:\/\/blogs.uni-bremen.de\/how2kmw\/#breadcrumb","itemListElement":[{"@type":"ListItem","position":1,"name":"Startseite","item":"https:\/\/blogs.uni-bremen.de\/how2kmw\/"},{"@type":"ListItem","position":2,"name":"KMW Survival-Guide"}]},{"@type":"WebSite","@id":"https:\/\/blogs.uni-bremen.de\/how2kmw\/#website","url":"https:\/\/blogs.uni-bremen.de\/how2kmw\/","name":"How 2 KMW","description":" Survival Guide f\u00fcr Studierende [Bild: Carlo Kanthak \/ Universit\u00e4t Bremen]","potentialAction":[{"@type":"SearchAction","target":{"@type":"EntryPoint","urlTemplate":"https:\/\/blogs.uni-bremen.de\/how2kmw\/?s={search_term_string}"},"query-input":{"@type":"PropertyValueSpecification","valueRequired":true,"valueName":"search_term_string"}}],"inLanguage":"de"}]}},"_links":{"self":[{"href":"https:\/\/blogs.uni-bremen.de\/how2kmw\/wp-json\/wp\/v2\/pages\/45","targetHints":{"allow":["GET"]}}],"collection":[{"href":"https:\/\/blogs.uni-bremen.de\/how2kmw\/wp-json\/wp\/v2\/pages"}],"about":[{"href":"https:\/\/blogs.uni-bremen.de\/how2kmw\/wp-json\/wp\/v2\/types\/page"}],"author":[{"embeddable":true,"href":"https:\/\/blogs.uni-bremen.de\/how2kmw\/wp-json\/wp\/v2\/users\/12594"}],"replies":[{"embeddable":true,"href":"https:\/\/blogs.uni-bremen.de\/how2kmw\/wp-json\/wp\/v2\/comments?post=45"}],"version-history":[{"count":10,"href":"https:\/\/blogs.uni-bremen.de\/how2kmw\/wp-json\/wp\/v2\/pages\/45\/revisions"}],"predecessor-version":[{"id":117,"href":"https:\/\/blogs.uni-bremen.de\/how2kmw\/wp-json\/wp\/v2\/pages\/45\/revisions\/117"}],"wp:attachment":[{"href":"https:\/\/blogs.uni-bremen.de\/how2kmw\/wp-json\/wp\/v2\/media?parent=45"}],"curies":[{"name":"wp","href":"https:\/\/api.w.org\/{rel}","templated":true}]}}