{"id":9996,"date":"2023-05-16T13:59:49","date_gmt":"2023-05-16T11:59:49","guid":{"rendered":"https:\/\/blogs.uni-bremen.de\/hilfestudipbremen\/?page_id=9996"},"modified":"2026-02-27T15:07:36","modified_gmt":"2026-02-27T14:07:36","slug":"basis-vips","status":"publish","type":"page","link":"https:\/\/blogs.uni-bremen.de\/hilfestudipbremen\/basis-vips\/","title":{"rendered":"Vips &#8211; Aufgaben und Tests gestalten"},"content":{"rendered":"\n<div class=\"et_pb_section_0 et_pb_section et_section_regular et_block_section\"><div class=\"et_pb_row_0 et_pb_row et_pb_row_1-4_3-4 et_block_row et_block_row_1-4_3-4\"><div class=\"et_pb_column_0 et_pb_column et_pb_column_1_4 et_block_column et_pb_column_empty et_pb_css_mix_blend_mode_passthrough\"><\/div><div class=\"et_pb_column_1 et_pb_column et_pb_column_3_4 et-last-child et_block_column et_pb_css_mix_blend_mode_passthrough\"><div class=\"et_pb_post_title_0 et_pb_post_title et_pb_bg_layout_light et_pb_text_align_center et_pb_module et_block_module\"><div class=\"et_pb_title_container\"><h1 class=\"entry-title\">Vips \u2013 Aufgaben und Tests gestalten<\/h1><\/div><\/div><div class=\"et_pb_text_0 et_pb_text et_pb_bg_layout_light et_pb_module et_block_module\"><div class=\"et_pb_text_inner\"><h4><span style=\"color: #2e4a7c;\"><strong class=\"shortdesc\">\u00a0Vips <\/strong><\/span><\/h4>\n<p><span style=\"color: #2e4a7c;\"><strong class=\"shortdesc\">Selbsttests und Aufgaben\u00a0<\/strong><\/span><\/p>\n<p>In Vips k\u00f6nnen \u00dcbungen und (Selbst)Tests vorbereitet und durchgef\u00fchrt werden. Die Lehrenden erhalten eine \u00dcbersicht dar\u00fcber, welche Teilnehmer:innen eine \u00dcbung oder einen Test mit welchem Ergebnis abgeschlossen haben. Im Gegensatz zu herk\u00f6mmlichen \u00dcbungszetteln sind mit Vips alle Texte gut lesbar und sortiert abgelegt. Neben allgemein \u00fcblichen Fragetypen wie Multiple Choice und Freitextantwort verf\u00fcgt Vips auch \u00fcber ungew\u00f6hnlichere, aber didaktisch durchaus sinnvolle Fragetypen wie L\u00fcckentext und Zuordnung.<\/p>\n<p><strong>Hier nochmal die Funktionen im \u00dcberblick:<\/strong><\/p>\n<ul>\n<li>Weiteres zum autodidaktischen Lernen durch Selbsttests<\/li>\n<li>reduzierten Arbeitsaufwand bei der Auswertung<\/li>\n<li>Single-, Multiple-Choice- und Textaufgaben, L\u00fcckentexte und Zuordnungen<\/li>\n<\/ul>\n<p><strong>So integrieren Sie Vips als Plugin in Ihre Veranstaltung:<\/strong><\/p>\n<ul>\n<li>Gehen Sie auf den Reiter \u201eMehr\"<\/li>\n<li>Aktivieren Sie gegebenenfalls die Kategorie \u201eInhalte und Aufgabenstellungen\" links im Stud.IP-Men\u00fc.<\/li>\n<li>Aktivieren Sie die Checkbox von \u201eVips\".<\/li>\n<li>Sie finden nun das Plugin oben als Reiter in der Toolliste und k\u00f6nnen erste Aufgabenbl\u00e4tter und Aufgaben erstellen.<\/li>\n<\/ul>\n<p>Die <span style=\"color: #2e4a7c;\"><a style=\"color: #2e4a7c;\" href=\"https:\/\/hilfe.studip.de\/help\/4.0\/de\/Basis\/Vips\"><strong>Anleitung zu Vips<\/strong><\/a><\/span> von Stud.IP e. V. bietet eine ausf\u00fchrliche Dokumentation \u00fcber Vips an. Mit dieser <span style=\"color: #2e4a7c;\"><a style=\"color: #2e4a7c;\" href=\"https:\/\/blogs.uni-bremen.de\/hilfestudipbremen\/files\/Einfuehrung-in-Vips_Juni_2020_final-3.pdf\"><strong>\"Einf\u00fchrung in Vips\"<\/strong><\/a><\/span> lernen Sie das Werkzeug genauer kennen. Einen <strong><span style=\"color: #2e4a7c;\">\u00dcberblick und weitere Anleitungen zu Vips<\/span><\/strong> finden Sie auf den Seiten der Universit\u00e4t Osnabr\u00fcck.<\/p>\n<p>In Vips erstellte Aufgaben k\u00f6nnen in dem Tool <strong><span style=\"color: #2e4a7c;\"><a style=\"color: #2e4a7c;\" href=\"https:\/\/blogs.uni-bremen.de\/hilfestudipbremen\/basis-courseware\/\">Courseware<\/a><\/span><\/strong> als <strong><span style=\"color: #2e4a7c;\"><a style=\"color: #2e4a7c;\" href=\"https:\/\/blogs.uni-bremen.de\/hilfestudipbremen\/courseware-bloecke\/#cw_block_vips\">Block Vips-Tests<\/a><\/span><\/strong> eingebunden werden. Damit erhalten Sie die M\u00f6glichkeit, Inhalte mit Aufgaben zu verbinden.<\/p>\n<p>&nbsp;<\/p>\n<\/div><\/div><div class=\"et_pb_divider_0 et_pb_divider et_pb_space et_pb_divider_position_top et_pb_module\"><div class=\"et_pb_divider_internal\"><\/div><\/div><div class=\"et_pb_text_1 et_pb_text et_pb_bg_layout_light et_pb_module et_block_module et_pb_text_align_justified\"><div class=\"et_pb_text_inner\"><p style=\"text-align: left\">Bei weiteren Fragen, Anregungen und\/oder Unterst\u00fctzungsbedarf wenden Sie sich bitte an den Stud.IP-Support:<\/p>\n<p style=\"text-align: left\"><a class=\"link-intern\" href=\"&#x6d;&#97;&#x69;&#x6c;&#116;&#x6f;&#58;i&#x6e;&#102;o&#x40;&#101;l&#x65;&#97;r&#x6e;&#105;&#x6e;&#x67;&#46;&#x75;&#x6e;&#105;&#x2d;&#98;r&#x65;&#109;e&#x6e;&#46;d&#x65;\">&#105;&#x6e;&#x66;o&#64;&#x65;l&#101;&#x61;&#x72;n&#105;&#x6e;g&#46;&#x75;&#x6e;i&#45;&#x62;r&#101;&#x6d;&#x65;&#110;&#46;&#x64;e<\/a><\/p>\n<\/div><\/div><div class=\"et_pb_text_2 et_pb_text et_pb_bg_layout_light et_pb_module et_block_module et_pb_text_align_justified\"><div class=\"et_pb_text_inner\"><p><img loading=\"lazy\" decoding=\"async\" src=\"https:\/\/blogs.uni-bremen.de\/hilfestudipbremen\/files\/xiplvtl2.png\" width=\"153\" height=\"45\" alt=\"\" class=\"wp-image-12580 alignnone size-full\" srcset=\"https:\/\/blogs.uni-bremen.de\/hilfestudipbremen\/files\/xiplvtl2.png 153w, https:\/\/blogs.uni-bremen.de\/hilfestudipbremen\/files\/xiplvtl2-150x45.png 150w\" sizes=\"(max-width: 153px) 100vw, 153px\" \/><\/p>\n<\/div><\/div><\/div><\/div><\/div>\n","protected":false},"excerpt":{"rendered":"","protected":false},"author":12845,"featured_media":0,"parent":0,"menu_order":0,"comment_status":"closed","ping_status":"closed","template":"","meta":{"_bbp_topic_count":0,"_bbp_reply_count":0,"_bbp_total_topic_count":0,"_bbp_total_reply_count":0,"_bbp_voice_count":0,"_bbp_anonymous_reply_count":0,"_bbp_topic_count_hidden":0,"_bbp_reply_count_hidden":0,"_bbp_forum_subforum_count":0,"footnotes":""},"class_list":["post-9996","page","type-page","status-publish","hentry"],"_links":{"self":[{"href":"https:\/\/blogs.uni-bremen.de\/hilfestudipbremen\/wp-json\/wp\/v2\/pages\/9996","targetHints":{"allow":["GET"]}}],"collection":[{"href":"https:\/\/blogs.uni-bremen.de\/hilfestudipbremen\/wp-json\/wp\/v2\/pages"}],"about":[{"href":"https:\/\/blogs.uni-bremen.de\/hilfestudipbremen\/wp-json\/wp\/v2\/types\/page"}],"author":[{"embeddable":true,"href":"https:\/\/blogs.uni-bremen.de\/hilfestudipbremen\/wp-json\/wp\/v2\/users\/12845"}],"replies":[{"embeddable":true,"href":"https:\/\/blogs.uni-bremen.de\/hilfestudipbremen\/wp-json\/wp\/v2\/comments?post=9996"}],"version-history":[{"count":12,"href":"https:\/\/blogs.uni-bremen.de\/hilfestudipbremen\/wp-json\/wp\/v2\/pages\/9996\/revisions"}],"predecessor-version":[{"id":14334,"href":"https:\/\/blogs.uni-bremen.de\/hilfestudipbremen\/wp-json\/wp\/v2\/pages\/9996\/revisions\/14334"}],"wp:attachment":[{"href":"https:\/\/blogs.uni-bremen.de\/hilfestudipbremen\/wp-json\/wp\/v2\/media?parent=9996"}],"curies":[{"name":"wp","href":"https:\/\/api.w.org\/{rel}","templated":true}]}}