{"id":56,"date":"2018-03-06T13:41:12","date_gmt":"2018-03-06T12:41:12","guid":{"rendered":"https:\/\/blogs.uni-bremen.de\/hilfestudipbremen\/?page_id=56"},"modified":"2026-02-27T15:06:33","modified_gmt":"2026-02-27T14:06:33","slug":"anmeldung","status":"publish","type":"page","link":"https:\/\/blogs.uni-bremen.de\/hilfestudipbremen\/anmeldung\/","title":{"rendered":"Anmeldung"},"content":{"rendered":"\n<div class=\"et_pb_section_0 et_pb_section et_section_regular et_block_section\"><div class=\"et_pb_row_0 et_pb_row et_pb_row_1-4_3-4 et_block_row et_block_row_1-4_3-4\"><div class=\"et_pb_column_0 et_pb_column et_pb_column_1_4 et_block_column et_pb_css_mix_blend_mode_passthrough\"><div class=\"et_pb_module et_pb_button_module_wrapper et_pb_button_0_wrapper\"><a class=\"et_pb_button_0 et_pb_button et_pb_bg_layout_light et_pb_module et_block_module taste\" href=\"#anmeldung\" id=\"#anmeldung\">Anmeldung<\/a><\/div><div class=\"et_pb_module et_pb_button_module_wrapper et_pb_button_1_wrapper\"><a class=\"et_pb_button_1 et_pb_button et_pb_bg_layout_light et_pb_module et_block_module taste\" href=\"#zugangf\u00fcrexterne\" id=\"#zugangf\u00fcrexterne\">Zugang f\u00fcr Externe<\/a><\/div><\/div><div class=\"et_pb_column_1 et_pb_column et_pb_column_3_4 et-last-child et_block_column et_pb_css_mix_blend_mode_passthrough\"><div class=\"et_pb_post_title_0 et_pb_post_title et_pb_bg_layout_light et_pb_text_align_center et_pb_module et_block_module\"><div class=\"et_pb_title_container\"><h1 class=\"entry-title\">Anmeldung<\/h1><\/div><\/div><div class=\"et_pb_text_0 et_pb_text et_pb_bg_layout_light et_pb_module et_block_module\" id=\"anmeldung\"><div class=\"et_pb_text_inner\"><p>Um sich bei Stud.IP einzuloggen, ben\u00f6tigen Sie Ihren Benutzernamen und das Passwort Ihres Uni-Accounts der Universit\u00e4t Bremen, welcher durch die <a href=\"https:\/\/www.uni-bremen.de\/zfn\/ihr-uni-account\/ueberblick-uni-account\">Account-Verwaltung des Zentrum f\u00fcr Netze (ZfN)<\/a> vergeben und verwaltet wird.<\/p>\n<p class=\"vspace\">Der Benutzername entspricht dem vorderen Teil der E-Mail-Adresse (also bei &#109;&#x75;s&#116;&#x65;r&#64;&#x75;n&#x69;&#x2d;&#98;&#x72;e&#109;&#x65;n&#46;&#x64;e nur muster). Bei Fragen zu Account und Passwort wenden Sie sich bitte an die Account-Verwaltung des ZfN.<\/p>\n<\/div><\/div><div class=\"et_pb_image_0 et_pb_image et_pb_module et_block_module\"><a href=\"https:\/\/blogs.uni-bremen.de\/hilfestudipbremen\/files\/Screenshot-Startseite-Stud.IP_.png\" class=\"et_pb_lightbox_image\" data-rel=\"lightbox-image-0\" data-rl_title=\"\" data-rl_caption=\"\"><span class=\"et_pb_image_wrap\"><img loading=\"lazy\" decoding=\"async\" src=\"https:\/\/blogs.uni-bremen.de\/hilfestudipbremen\/files\/Screenshot-Startseite-Stud.IP_.png\" width=\"1343\" height=\"664\" srcset=\"https:\/\/blogs.uni-bremen.de\/hilfestudipbremen\/files\/Screenshot-Startseite-Stud.IP_.png 1343w, https:\/\/blogs.uni-bremen.de\/hilfestudipbremen\/files\/Screenshot-Startseite-Stud.IP_-1280x633.png 1280w, https:\/\/blogs.uni-bremen.de\/hilfestudipbremen\/files\/Screenshot-Startseite-Stud.IP_-980x485.png 980w, https:\/\/blogs.uni-bremen.de\/hilfestudipbremen\/files\/Screenshot-Startseite-Stud.IP_-480x237.png 480w\" sizes=\"(min-width: 0px) and (max-width: 480px) 480px, (min-width: 481px) and (max-width: 980px) 980px, (min-width: 981px) and (max-width: 1280px) 1280px, (min-width: 1281px) 1343px, 100vw\" class=\"wp-image-8190\" title=\"\" \/><\/span><\/a><\/div><div class=\"et_pb_text_1 et_pb_text et_pb_bg_layout_light et_pb_module et_block_module\"><div class=\"et_pb_text_inner\"><p class=\"vspace\">Alle <strong>Erstsemester<\/strong> erhalten auf dem sogenannten Leporello mit Studienausweis und Semester-Ticket auch eine Aktivierungskennung und ein Aktivierungspasswort. Damit kann nach dem Login auf der Aktivierungs-Webseite ein Nutzername ausgew\u00e4hlt und das pers\u00f6nliche Passwort eingetragen werden. Bitte sehen Sie auf den per Post zugesandten Unterlagen des Leporello nach Ihren Aktivierungsdaten. Sie k\u00f6nnen sich ggf. viel Wartezeit erparen!<\/p>\n<p class=\"vspace\">F\u00fcr <strong>Lehrende und Lehrbeauftragte<\/strong>, die noch nicht \u00fcber einen Uni-Account des ZfN verf\u00fcgen, aber eine Stud.IP-Veranstaltung administrieren wollen, erfolgt eine Ersteintragung durch eine\/n Lehrveranstaltungsplaner\/in (des jeweiligen Fachbereichs direkt beim Anlegen der Veranstaltung in Stud.IP). Dadurch wird automatisch ein ZfN-Account erzeugt, der durch pers\u00f6nliches Erscheinen und Vorlage eines Lichtbildausweises zu den \u00d6ffnungszeiten der Account-Verwaltung aktiviert werden kann. Die Zugangsdaten werden Ihnen vor Ort ausgeh\u00e4ndigt.<\/p>\n<p class=\"vspace\">Alle weiteren <strong>Mitarbeiter:innen der Universit\u00e4t Bremen<\/strong> k\u00f6nnen den Antrag auf Einrichtung eines Nutzerkontos online ausf\u00fcllen. Dieser ist auf den Seiten des ZfN zu finden: <a class=\"urllink\" href=\"http:\/\/www.uni-bremen.de\/zfn\/ihr-uni-account.html\" rel=\"nofollow\">http:\/\/www.uni-bremen.de\/zfn\/ihr-uni-account.html<\/a><\/p>\n<\/div><\/div><div class=\"et_pb_text_2 et_pb_text et_pb_bg_layout_light et_pb_module et_block_module\" id=\"zugangf\u00fcrexterne\"><div class=\"et_pb_text_inner\"><p><strong>Zugang<\/strong><strong> f\u00fcr Externe (inklusive YUFE)<\/strong><\/p>\n<p><strong>Universit\u00e4t Oldenburg<\/strong><br \/>Studierende der Universit\u00e4t Oldenburg k\u00f6nnen sich einfach mit ihrem E-Mail-Account der Universit\u00e4t Oldenburg \u00fcber den <strong>Shibboleth Login<\/strong> in das Bremer Stud.IP einw\u00e4hlen und sich f\u00fcr alle Veranstaltungen anmelden.<\/p>\n<p><strong>Hochschule Bremen und Jacobs <\/strong><strong>University<\/strong><strong><br \/><\/strong>Studierende der Hochschule Bremen und der Jacobs University k\u00f6nnen sich mit dem E-Mail-Account ihrer Hochschule \u00fcber den <strong>Shibboleth Login<\/strong> in das Bremer Stud.IP einw\u00e4hlen, sich aber nur f\u00fcr Veranstaltungen anmelden, die f\u00fcr die jeweilige Hochschule freigegeben wurden (<strong>Nutzerdom\u00e4ne<\/strong>).<\/p>\n<p><strong>Nutzerdom\u00e4ne<\/strong><strong><br \/><\/strong>Nutzerdom\u00e4nen werden von den Lehrveranstaltungs-Planerinnen und -Planern des Fachbereiche (siehe Impressum von Stud.IP) oder den Lehrenden selber in der Veranstaltung ausgew\u00e4hlt. Falls sich Studierende also nicht in einer f\u00fcr sie vorgesehenen Veranstaltung anmelden k\u00f6nnen, sollten sie die Lehrenden dar\u00fcber informieren. <strong>Workflow<\/strong> f\u00fcr die Lehrenden \/ LV-Planenden: Veranstaltung =&gt; Verwaltung =&gt; Zugangsberechtigungen: Zugelassene Nutzerdom\u00e4nen. Hier bitte die gew\u00fcnschte Nutzerdom\u00e4ne ausw\u00e4hlen.<\/p>\n<\/div><\/div><div class=\"et_pb_divider_0 et_pb_divider et_pb_space et_pb_divider_position_top et_pb_module\"><div class=\"et_pb_divider_internal\"><\/div><\/div><div class=\"et_pb_text_3 et_pb_text et_pb_bg_layout_light et_pb_module et_block_module et_pb_text_align_justified\"><div class=\"et_pb_text_inner\"><p style=\"text-align: left\">Bei weiteren Fragen, Anregungen und\/oder Unterst\u00fctzungsbedarf wenden Sie sich bitte an den Stud.IP-Support:<\/p>\n<p style=\"text-align: left\"><a class=\"link-intern\" href=\"m&#97;&#105;&#x6c;&#x74;&#x6f;:&#105;&#110;&#x66;&#x6f;&#x40;el&#101;&#x61;&#x72;&#x6e;in&#103;&#46;&#x75;&#x6e;&#x69;-&#98;&#114;&#x65;&#x6d;&#x65;n&#46;&#100;&#x65;\">&#x69;&#x6e;&#x66;&#x6f;&#x40;&#x65;&#108;&#101;&#97;&#114;ning&#x2e;&#x75;&#x6e;&#x69;&#x2d;&#x62;&#114;&#101;&#109;&#101;&#110;&#46;de<\/a><\/p>\n<\/div><\/div><div class=\"et_pb_text_4 et_pb_text et_pb_bg_layout_light et_pb_module et_block_module et_pb_text_align_justified\"><div class=\"et_pb_text_inner\"><p><img loading=\"lazy\" decoding=\"async\" src=\"https:\/\/blogs.uni-bremen.de\/hilfestudipbremen\/files\/xiplvtl2.png\" width=\"153\" height=\"45\" alt=\"\" class=\"wp-image-12580 alignnone size-full\" srcset=\"https:\/\/blogs.uni-bremen.de\/hilfestudipbremen\/files\/xiplvtl2.png 153w, https:\/\/blogs.uni-bremen.de\/hilfestudipbremen\/files\/xiplvtl2-150x45.png 150w\" sizes=\"(max-width: 153px) 100vw, 153px\" \/><\/p>\n<\/div><\/div><\/div><\/div><\/div>\n","protected":false},"excerpt":{"rendered":"","protected":false},"author":6383,"featured_media":0,"parent":0,"menu_order":0,"comment_status":"closed","ping_status":"closed","template":"","meta":{"_bbp_topic_count":0,"_bbp_reply_count":0,"_bbp_total_topic_count":0,"_bbp_total_reply_count":0,"_bbp_voice_count":0,"_bbp_anonymous_reply_count":0,"_bbp_topic_count_hidden":0,"_bbp_reply_count_hidden":0,"_bbp_forum_subforum_count":0,"footnotes":""},"class_list":["post-56","page","type-page","status-publish","hentry"],"_links":{"self":[{"href":"https:\/\/blogs.uni-bremen.de\/hilfestudipbremen\/wp-json\/wp\/v2\/pages\/56","targetHints":{"allow":["GET"]}}],"collection":[{"href":"https:\/\/blogs.uni-bremen.de\/hilfestudipbremen\/wp-json\/wp\/v2\/pages"}],"about":[{"href":"https:\/\/blogs.uni-bremen.de\/hilfestudipbremen\/wp-json\/wp\/v2\/types\/page"}],"author":[{"embeddable":true,"href":"https:\/\/blogs.uni-bremen.de\/hilfestudipbremen\/wp-json\/wp\/v2\/users\/6383"}],"replies":[{"embeddable":true,"href":"https:\/\/blogs.uni-bremen.de\/hilfestudipbremen\/wp-json\/wp\/v2\/comments?post=56"}],"version-history":[{"count":12,"href":"https:\/\/blogs.uni-bremen.de\/hilfestudipbremen\/wp-json\/wp\/v2\/pages\/56\/revisions"}],"predecessor-version":[{"id":14290,"href":"https:\/\/blogs.uni-bremen.de\/hilfestudipbremen\/wp-json\/wp\/v2\/pages\/56\/revisions\/14290"}],"wp:attachment":[{"href":"https:\/\/blogs.uni-bremen.de\/hilfestudipbremen\/wp-json\/wp\/v2\/media?parent=56"}],"curies":[{"name":"wp","href":"https:\/\/api.w.org\/{rel}","templated":true}]}}