{"id":48,"date":"2018-03-06T13:11:21","date_gmt":"2018-03-06T12:11:21","guid":{"rendered":"https:\/\/blogs.uni-bremen.de\/hilfestudipbremen\/?page_id=48"},"modified":"2026-02-27T15:06:32","modified_gmt":"2026-02-27T14:06:32","slug":"grundlagen","status":"publish","type":"page","link":"https:\/\/blogs.uni-bremen.de\/hilfestudipbremen\/grundlagen\/","title":{"rendered":"Erste Schritte"},"content":{"rendered":"\n<div class=\"et_pb_section_0 et_pb_section et_section_regular et_block_section\"><div class=\"et_pb_row_0 et_pb_row et_pb_row_1-4_3-4 et_block_row et_block_row_1-4_3-4\"><div class=\"et_pb_column_0 et_pb_column et_pb_column_1_4 et_block_column et_pb_column_empty et_pb_css_mix_blend_mode_passthrough\"><\/div><div class=\"et_pb_column_1 et_pb_column et_pb_column_3_4 et-last-child et_block_column et_pb_css_mix_blend_mode_passthrough\"><div class=\"et_pb_post_title_0 et_pb_post_title et_pb_bg_layout_light et_pb_text_align_center et_pb_module et_block_module\"><div class=\"et_pb_title_container\"><h1 class=\"entry-title\">Erste Schritte<\/h1><\/div><\/div><div class=\"et_pb_text_0 et_pb_text et_pb_bg_layout_light et_pb_module et_block_module\"><div class=\"et_pb_text_inner\"><p class=\"vspace\">Stud.IP ist ein Open-Source-Projekt und steht unter der GPL (GNU Public License). Das Programm befindet sich in einem Prozess der st\u00e4ndigen Weiterentwicklung.<\/p>\n<p>Stud.IP steht f\u00fcr \u201eStudienbegleitender Internetsupport von Pr\u00e4senzlehre\u201c und unterst\u00fctzt die veranstaltungsbezogene Kommunikation und Interaktion zwischen Studierenden und Lehrenden.<\/p>\n<p class=\"vspace\">Um den Funktionsumfang von Stud.IP nutzen zu k\u00f6nnen, m\u00fcssen Sie sich im System anmelden. Das hat f\u00fcr Sie viele Vorteile:<\/p>\n<div class=\"vspace\">\u00a0<\/div>\n<ul>\n<li>Zugriff auf Ihre Daten von jedem internetf\u00e4higen Rechner weltweit,<\/li>\n<li>Anzeige neuer Mitteilungen oder Dateien seit Ihrem letzten Besuch,<\/li>\n<li>eine eigene Profilseite in Stud.IP,<\/li>\n<li>die M\u00f6glichkeit, anderen Teilnehmenden Nachrichten zu schicken, miteninander zu kommunizieren, an Diskussionen teilzunehmen...<\/li>\n<li>...und noch sehr viel mehr.<\/li>\n<\/ul>\n<\/div><\/div><div class=\"et_pb_divider_0 et_pb_divider et_pb_space et_pb_divider_position_top et_pb_module\"><div class=\"et_pb_divider_internal\"><\/div><\/div><div class=\"et_pb_text_1 et_pb_text et_pb_bg_layout_light et_pb_module et_block_module et_pb_text_align_justified\"><div class=\"et_pb_text_inner\"><p style=\"text-align: left\">Bei weiteren Fragen, Anregungen und\/oder Unterst\u00fctzungsbedarf wenden Sie sich bitte an den Stud.IP-Support:<\/p>\n<p style=\"text-align: left\"><a class=\"link-intern\" href=\"&#109;a&#105;l&#116;o&#x3a;i&#x6e;f&#x6f;&#64;&#x65;l&#x65;a&#x72;n&#x69;n&#x67;&#46;&#x75;n&#x69;&#45;&#x62;&#114;&#x65;&#109;&#x65;&#110;&#x2e;&#100;&#x65;\">in&#102;&#111;&#x40;&#x65;&#x6c;&#x65;ar&#110;&#105;&#x6e;&#x67;&#x2e;&#x75;ni&#45;&#98;&#114;&#x65;&#x6d;&#x65;&#x6e;&#46;d&#101;<\/a><\/p>\n<\/div><\/div><div class=\"et_pb_text_2 et_pb_text et_pb_bg_layout_light et_pb_module et_block_module et_pb_text_align_justified\"><div class=\"et_pb_text_inner\"><p><img loading=\"lazy\" decoding=\"async\" src=\"https:\/\/blogs.uni-bremen.de\/hilfestudipbremen\/files\/xiplvtl2.png\" width=\"153\" height=\"45\" alt=\"\" class=\"wp-image-12580 alignnone size-full\" srcset=\"https:\/\/blogs.uni-bremen.de\/hilfestudipbremen\/files\/xiplvtl2.png 153w, https:\/\/blogs.uni-bremen.de\/hilfestudipbremen\/files\/xiplvtl2-150x45.png 150w\" sizes=\"(max-width: 153px) 100vw, 153px\" \/><\/p>\n<\/div><\/div><\/div><\/div><\/div>\n","protected":false},"excerpt":{"rendered":"","protected":false},"author":6383,"featured_media":0,"parent":0,"menu_order":0,"comment_status":"closed","ping_status":"closed","template":"","meta":{"_bbp_topic_count":0,"_bbp_reply_count":0,"_bbp_total_topic_count":0,"_bbp_total_reply_count":0,"_bbp_voice_count":0,"_bbp_anonymous_reply_count":0,"_bbp_topic_count_hidden":0,"_bbp_reply_count_hidden":0,"_bbp_forum_subforum_count":0,"footnotes":""},"class_list":["post-48","page","type-page","status-publish","hentry"],"_links":{"self":[{"href":"https:\/\/blogs.uni-bremen.de\/hilfestudipbremen\/wp-json\/wp\/v2\/pages\/48","targetHints":{"allow":["GET"]}}],"collection":[{"href":"https:\/\/blogs.uni-bremen.de\/hilfestudipbremen\/wp-json\/wp\/v2\/pages"}],"about":[{"href":"https:\/\/blogs.uni-bremen.de\/hilfestudipbremen\/wp-json\/wp\/v2\/types\/page"}],"author":[{"embeddable":true,"href":"https:\/\/blogs.uni-bremen.de\/hilfestudipbremen\/wp-json\/wp\/v2\/users\/6383"}],"replies":[{"embeddable":true,"href":"https:\/\/blogs.uni-bremen.de\/hilfestudipbremen\/wp-json\/wp\/v2\/comments?post=48"}],"version-history":[{"count":12,"href":"https:\/\/blogs.uni-bremen.de\/hilfestudipbremen\/wp-json\/wp\/v2\/pages\/48\/revisions"}],"predecessor-version":[{"id":14289,"href":"https:\/\/blogs.uni-bremen.de\/hilfestudipbremen\/wp-json\/wp\/v2\/pages\/48\/revisions\/14289"}],"wp:attachment":[{"href":"https:\/\/blogs.uni-bremen.de\/hilfestudipbremen\/wp-json\/wp\/v2\/media?parent=48"}],"curies":[{"name":"wp","href":"https:\/\/api.w.org\/{rel}","templated":true}]}}