{"id":19,"date":"2023-11-01T16:47:40","date_gmt":"2023-11-01T15:47:40","guid":{"rendered":"https:\/\/blogs.uni-bremen.de\/goodit2024\/?page_id=19"},"modified":"2024-07-22T10:03:53","modified_gmt":"2024-07-22T08:03:53","slug":"organising-commitee","status":"publish","type":"page","link":"https:\/\/blogs.uni-bremen.de\/goodit2024\/organising-commitee\/","title":{"rendered":"Committees"},"content":{"rendered":"<p><span style=\"font-size: 18pt\"><strong>Organizing Committee<\/strong><\/span><\/p>\n<ul>\n<li><span style=\"font-size: 14pt\"><strong>General chair<\/strong>:<\/span><br \/>\nAnna F\u00f6rster, University of Bremen, Germany<\/li>\n<li><strong>TPC co-chairs<\/strong>:<br \/>\nPietro Manzoni, Universitat Polit\u00e8cnica de Val\u00e8ncia, Spain<br \/>\nJo\u00e3o Pedro Leal Abalada De Matos Carvalho, Universidade Lus\u00f3fona, Lisbon, Portugal<br \/>\nKyriaki Kalimeri, ISI Foundation, Italy<\/li>\n<li><span style=\"font-size: 14pt\"><strong>Keynote chair<\/strong><\/span><br \/>\nMarco Zennaro, ICTP, Italy<\/li>\n<li><span style=\"font-size: 14pt\"><strong>Special session co-chairs:<\/strong><\/span><br \/>\nJochen Meyer, OFFIS Germany<br \/>\nOmbretta Gaggi, University of Padova, Italy<\/li>\n<li><span style=\"font-size: 14pt\"><strong>Publicity co-chairs:\u00a0<\/strong><\/span><br \/>\nJean Louis Fendji, University of Ngaoundere, Cameroon<br \/>\nGibson Kimutai, Moi University, Kenya<br \/>\nMirko Franco, University of Padua, Italy<br \/>\nAsanga Udugama, University of Bremen, Germany<\/li>\n<li><span style=\"font-size: 14pt\"><strong>Publication co-chairs:<\/strong><\/span><br \/>\nThenuka Karunathilake, University of Bremen,\u00a0Germany<br \/>\nShadi Attarha, University of Bremen, Germany<\/li>\n<li><span style=\"font-size: 14pt\"><strong>Web co-chairs:<\/strong><\/span><br \/>\nAsanga Udugama, University of Bremen, Germany<br \/>\nShadi Attarha, University of Bremen, Germany<br \/>\nThenuka Karunathilake, University of Bremen,\u00a0Germany<\/li>\n<\/ul>\n<p><span style=\"font-size: 18pt\"><strong>Steering Committee<\/strong><\/span><\/p>\n<ul>\n<li><span style=\"font-size: 14pt\"><strong>Chairs<\/strong>:<\/span><br \/>\nOmbretta Gaggi, Universit\u00e0 degli Studi di Padova, Italy<br \/>\nClaudio Palazzi, Universit\u00e0 degli Studi di Padova, Italy<br \/>\nPietro Manzoni, Universitat Polit\u00e8cnica de Val\u00e8ncia, Spain<\/li>\n<li><strong>Advisors<\/strong>:<br \/>\nCatia Prandi, Universit\u00e0 di Bologna, Italy<br \/>\nArmir Bujari, Universit\u00e0 di Bologna, Italy<\/li>\n<\/ul>\n<p><span style=\"font-size: 18pt\"><strong>TPC Members<\/strong><\/span><\/p>\n<p style=\"padding-left: 40px\">\u00c1gnes Karolina Bakk, Moholy-Nagy University of Art and Design, Hungary<br \/>\nAlan Guedes, Reading, United Kingdom<br \/>\nAlessandro Redondi, Politecnico di Milano, Italy<br \/>\nAlessandro Russo, University of Padova, Italy<br \/>\nAlexander Norta, University of Technology &amp; Dymaxion ltd., Estonia<br \/>\nAlexandros Paspatis, Manchester Metropolitan University, United Kingdom<br \/>\nAna Pires, Interactive Technologies Institute, Universidade de Lisboa, Portugal<br \/>\nAnca Serbanescu, Politecnico di Milano, Italy<br \/>\nAndrea Bracciali, University of Torino, Italy<br \/>\nAndrea Franceschini, University of Padova, Italy<br \/>\nAndrea Melis, University of Bologna, Italy<br \/>\nAndrea Michienzi, University of Pisa, Italy<br \/>\nAndrea Sabbioni, University of Bologna, Italy<br \/>\nAndreas Savva, University of Nicosia, Cyprus<br \/>\nAndriani Piki, UCLan Cyprus, Cyprus<br \/>\nAngel Perles, Universitat Politecnica de Valencia, Spain<br \/>\nAnna Zuccante, University of Padova, Italy<br \/>\nAnna Maria Vegni, Roma Tre University, Italy<br \/>\nAntonio Rod\u00e0, University of Padova, Italy<br \/>\nArmir Bujari, University of Bologna, Italy<br \/>\nAthena Stassopoulou, University of Nicosia, Cyprus<br \/>\nBarbara Guidi, University of Pisa, Italy<br \/>\nBrendan O&#8217;Flynn, Tyndall National Institute, Ireland<br \/>\nCarlo Alberto Boano, Graz University of Technology, Austria<br \/>\nCarlos Calafate, Universitat Polit\u00e8cnica de Val\u00e8ncia, Spain<br \/>\nCarlos D\u00edaz, Aalborg University, Denmark<br \/>\nCatia Prandi, University of Bologna \/ ITI\/LARSyS, Italy<br \/>\nCheick Ba, Queen Mary University of London, United Kingdom<br \/>\nChiara Ceccarini, University of Bologna, Italy<br \/>\nChristian Krupitzer, University of Hohenheim, Germany<br \/>\nChristian Roth, University of the Arts Utrecht, Netherlands<br \/>\nClaudio Schifanella, University of Turin, Italy<br \/>\nClaudio E. Palazzi, Universit\u00e0 degli Studi di Padova, Italy<br \/>\nConstantinos K. Coursaris, HEC Montreal, Canada<br \/>\nCristina Viano, University of Turin, Italy<br \/>\nDamien Sambo, INRIA France, Cameroon<br \/>\nDaniela Fogli, Universit\u00e0 di Brescia, Italy<br \/>\nDaniela Iacopino, Tyndall National Institute, Ireland<br \/>\nDavide Mancino, University of Milano-Bicocca, Italy<br \/>\nDejan Vukobratovic, University of Novi Sad, Serbia<br \/>\nDimitris Gouscos, National and Kapodistrian University of Athens, Greece, Greece<br \/>\nDirk Pesch, University of College Cork, Ireland<br \/>\nDomenico Tortola, University of Pisa,<br \/>\nEleni Berki, University of Jyv\u00e4skyl\u00e4, Finland<br \/>\nFabio Pittarello, Ca&#8217; Foscari University of Venice, Italy<br \/>\nFabio Salice, Politecnico di Milano, Italy<br \/>\nFadi Barbara, University of Turin, Italy<br \/>\nFilippo Carnovalini, Vrije Universiteit Brussel, Belgium<br \/>\nFlavia Fredda, University of Camerino, Italy<br \/>\nFl\u00e1via Delicato, Fluminense Federal University (UFF), Brazil<br \/>\nFlorent Domenach, Akita International University, Japan<br \/>\nFrancisco Martinez, Universidad de Zaragoza, Spain<br \/>\nGaowei Zhang, Beijing University of Posts and Telecommunications, China<br \/>\nGeorge Angelos Papadopoulos, University of Cyprus, Cyprus<br \/>\nGeorgios Palamas, Malm\u00f6 University, Sweden<br \/>\nGiada Zuccolo, University of Padova, Italy<br \/>\nGiovanni Delnevo, University of Bologna, Italy<br \/>\nGiuliana Vitiello, University of Salerno, Italy<br \/>\nGiulio Pitteri, University of Padova, Italy<br \/>\nGiuseppe Galano, Banca d\u2019Italia, Italy<br \/>\nIrene Domenicale, University of Turin, Italy<br \/>\nIvan Mezei, University of Novi Sad, Serbia<br \/>\nJacopo Mauro, University of Southern Denmark, Denmark<br \/>\nJakub Trojan, Czech Academy of Sciences, Czech Republic<br \/>\nJean Louis Fendji, University of Ngaoundere, Cameroon, Cameroon<br \/>\nJochen Meyer, OFFIS, Germany<br \/>\nJorge Herrera-Tapia, Universidad Laica Eloy Alfaro de Manab\u00ed, Ecuador<br \/>\nJos\u00e9 Garc\u00eda Rodr\u00edguez, University of Alicante, Spain<br \/>\nJuan Carlos Cano, Universitat Politecnica de Valencia, Spain<br \/>\nJulian Vicens, Eurecat &#8211; Technology Centre of Catalonia, Spain<br \/>\nKarin Anna Hummel, Johannes Kepler University Linz, Austria<br \/>\nKate Sangwon Lee, National University of Singapore, Singapore<br \/>\nK\u00e9vin Bouchard, Universit\u00e9 du Qu\u00e9bec \u00e0 Chicoutimi, Canada<br \/>\nKuldar Taveter, University of Tartu, Estonia<br \/>\nLissa Holloway-Attaway, University of Sk\u00f6vde, Sweden<br \/>\nLorenzo Rinieri, University of Bologna Italy, Italy<br \/>\nLuca Bedogni, University of Modena and Reggio Emilia, Italy<br \/>\nLucio La Cava, University of Calabria, Italy<br \/>\nMamello Thinyane, University of South Australia, Australia<br \/>\nManuela Montangero, Universit\u00e0 di Modena e Reggio Emilia, Italy<br \/>\nMarco Furini, University of Modena and Reggio Emilia, Italy<br \/>\nMarco Mamei, University of Modena and Reggio Emilia, Italy<br \/>\nMarco Prandini, University of Bologna, Italy<br \/>\nMaria Mannone, National Research Council (CNR), Italy<br \/>\nMarisa Ponti, University of Gothenburg, Sweden<br \/>\nMary Barreto, University of Madeira, Portugal<br \/>\nMatteo Loporchio, University of Pisa, Italy<br \/>\nMattia Bellini, University of Tartu, Estonia<br \/>\nMichael Baddeley, Technology Innovation Institute, United Arab Emirates<br \/>\nMichela Meo, Polytechnic University of Turin, Italy, Italy<br \/>\nMirko Franco, University of Padua, Italy<br \/>\nMonica Divitini, Norwegian University of Science and Technology, Norway<br \/>\nMuhammad Atif Ur Rehman, Manchester Metropolitan University, Manchester, United Kingdom<br \/>\nMukuntha Narayanan Sundararaman, Pinterest Search, United States of America<br \/>\nNikumani Choudhury, BITS Pilani Hyderabad Campus, India<br \/>\nOana Iova, INSA Lyon, France<br \/>\nOctavian Machidon, University of Ljubljana, Slovenia<br \/>\nOlga Chukhno, University Mediterranea of Reggio Calabria, Italy<br \/>\nOmar Gatera, University of Rwanda Rwanda, Rwanda<br \/>\nOmbretta Gaggi, University of Padua, Italy<br \/>\nPanagiotis Sarigiannidis, University of Western Macedonia, Macedonia<br \/>\nPaola Vocca, University of Rome &#8216;Tor Vergata&#8217;, Italy<br \/>\nParvaneh Parvin, Wageningen University and Research, Netherlands<br \/>\nPaul Dayang, The University of Ngaound\u00e9r\u00e9, Cameroon<br \/>\nPeter Haddawy, Mahidol University, Thailand<br \/>\nPietro Manzoni, Universitat Politecnica de Valencia, Spain<br \/>\nRadu Prodan, University of Klagenfurt, Austria<br \/>\nRamona Marfievici, Digital Catapult UK, United Kingdom<br \/>\nRicarda Schlimbach, Heilbronn University of Applied Sciences, Germany<br \/>\nSara Comai, Politecnico di Milano, Italy<br \/>\nScott DeJong, Concordia University, Canada<br \/>\nS\u00e9rgio Correia, Portalegre Polytechnic University, Portugal<br \/>\nShadi Attarha, University of Bremen, Germany<br \/>\nShintaro Mori, Fukuoka University, Japan<br \/>\nSilvia Mirri, University of Bologna, Italy<br \/>\nSimon Cutajar, Resolution Games, Sweden<br \/>\nSlavisa Tomic, Universidade Lus\u00f3fona, Portugal<br \/>\nSowelu Avanzo, University of Turin, Italy<br \/>\nSpyridon Mastorakis, Notre Dame University, United States of America<br \/>\nStefano Ferretti, University of Urbino, Italy<br \/>\nSteffen Knoblauch, Heidelberg Graduate School of Mathematical and Computational Methods, Germany<br \/>\nStephania Loizidou, Frederick University, Cyprus<br \/>\nTeodoro Criscione, Freiburg Institute for Basic Income Studies Germany, Germany<br \/>\nThenuka Karunathilake, University of Bremen, Germany<br \/>\nTommaso Zambon, University of Bologna, Italy<br \/>\nValeria Cardellini, University of Roma Tor Vergata, Italy<br \/>\nValeria Garro, Blekinge Institute of Technology, Sweden<br \/>\nVasso Stylianou, University of Nicosia, Cyprus<br \/>\nVeljko Pejovic, University of Ljubljana, Slovenia<br \/>\nVincenzo Lombardo, University of Turin, Italy<\/p>\n","protected":false},"excerpt":{"rendered":"<p>Organizing Committee General chair: Anna F\u00f6rster, University of Bremen, Germany TPC co-chairs: Pietro Manzoni, Universitat Polit\u00e8cnica de Val\u00e8ncia, Spain Jo\u00e3o Pedro Leal Abalada De Matos Carvalho, Universidade Lus\u00f3fona, Lisbon, Portugal Kyriaki Kalimeri, ISI Foundation, Italy Keynote chair Marco Zennaro, ICTP, Italy Special session co-chairs: Jochen Meyer, OFFIS Germany Ombretta Gaggi, University of Padova, Italy Publicity [&hellip;]<\/p>\n","protected":false},"author":11629,"featured_media":0,"parent":0,"menu_order":0,"comment_status":"closed","ping_status":"closed","template":"","meta":{"_bbp_topic_count":0,"_bbp_reply_count":0,"_bbp_total_topic_count":0,"_bbp_total_reply_count":0,"_bbp_voice_count":0,"_bbp_anonymous_reply_count":0,"_bbp_topic_count_hidden":0,"_bbp_reply_count_hidden":0,"_bbp_forum_subforum_count":0,"footnotes":""},"class_list":["post-19","page","type-page","status-publish","hentry","post-preview"],"_links":{"self":[{"href":"https:\/\/blogs.uni-bremen.de\/goodit2024\/wp-json\/wp\/v2\/pages\/19","targetHints":{"allow":["GET"]}}],"collection":[{"href":"https:\/\/blogs.uni-bremen.de\/goodit2024\/wp-json\/wp\/v2\/pages"}],"about":[{"href":"https:\/\/blogs.uni-bremen.de\/goodit2024\/wp-json\/wp\/v2\/types\/page"}],"author":[{"embeddable":true,"href":"https:\/\/blogs.uni-bremen.de\/goodit2024\/wp-json\/wp\/v2\/users\/11629"}],"replies":[{"embeddable":true,"href":"https:\/\/blogs.uni-bremen.de\/goodit2024\/wp-json\/wp\/v2\/comments?post=19"}],"version-history":[{"count":11,"href":"https:\/\/blogs.uni-bremen.de\/goodit2024\/wp-json\/wp\/v2\/pages\/19\/revisions"}],"predecessor-version":[{"id":336,"href":"https:\/\/blogs.uni-bremen.de\/goodit2024\/wp-json\/wp\/v2\/pages\/19\/revisions\/336"}],"wp:attachment":[{"href":"https:\/\/blogs.uni-bremen.de\/goodit2024\/wp-json\/wp\/v2\/media?parent=19"}],"curies":[{"name":"wp","href":"https:\/\/api.w.org\/{rel}","templated":true}]}}