{"id":72,"date":"2024-02-18T14:29:51","date_gmt":"2024-02-18T13:29:51","guid":{"rendered":"https:\/\/blogs.uni-bremen.de\/fashion\/?page_id=72"},"modified":"2024-03-15T12:18:35","modified_gmt":"2024-03-15T11:18:35","slug":"interview-3","status":"publish","type":"page","link":"https:\/\/blogs.uni-bremen.de\/fashion\/hallo-2\/interview-3\/","title":{"rendered":"\u026a\u0274\u1d1b\u1d07\u0280\u1d20\u026a\u1d07\u1d21 3"},"content":{"rendered":"<p>Interview mit: Anna, she\/her, 19 Jahre alt<\/p>\n<hr \/>\n<p><span style=\"color: #993366\"><em><strong>Was bedeutet Mode f\u00fcr dich?<\/strong><\/em><\/span><\/p>\n<p>\u201eMode ist f\u00fcr mich etwas sehr pers\u00f6nliches. Die Bedeutung dessen hat sich f\u00fcr mich \u00fcber die Jahre au\u00dferdem stark ver\u00e4ndert. Mir ist aufgefallen, dass sich mein Kleidungsstil mit mir gemeinsam ver\u00e4ndert hat. Immer wenn ich \u00fcber mich als Person hinausgewachsen bin, hat sich das auch in meiner Kleidung widergespiegelt hat. \u00dcber die Jahre ist mein Selbstbewusstsein gewachsen und das sieht man auch in meinem Kleidungsstil.\u201c<\/p>\n<hr \/>\n<p><span style=\"color: #993366\"><em><strong>Wie wichtig ist dir Kleidung bzw. wie viel Wert legst du darauf?<\/strong><\/em><\/span><\/p>\n<p>\u201eMir ist die Kleidung die ich trage sehr wichtig, weil ich mich zum einen selber dadurch gut f\u00fchle und zum anderen, weil fremde Menschen dadurch einen ersten Eindruck von mir kriegen.\u201c<\/p>\n<hr \/>\n<p><span style=\"color: #993366\"><em><strong>Hast du einen bestimmten Style? (zB: casual, sportlich) Beschreibe ihn in 3 Worten.<\/strong><\/em><\/span><\/p>\n<p>\u201eIch w\u00fcrde sagen, dass mein Style dem \u201eClean Girl\u201c Style, der aktuell auf Tiktok auch sehr viral ist, am meisten \u00e4hnelt und ich auch daher oft meine Inspiration ziehe.<span class=\"Apple-converted-space\">\u00a0<\/span><\/p>\n<p>Drei passende Worte w\u00e4ren \u2026 (denkt nach)\u2026 minimal, modern, feminin\u201c<\/p>\n<hr \/>\n<p><span style=\"color: #993366\"><em><strong>Nutzt du soziale Medien als Inspiration f\u00fcr Kleidung? Welche Apps zum Beispiel?<\/strong><\/em><\/span><\/p>\n<p>\u201eJa, wie eben bereits erw\u00e4hnt, nutze ich insbesondere Tiktok f\u00fcr Fashion Inspiration. Dort gef\u00e4llt mir vor allem der \u201eClean Girl Style\u201c. Ich finde es ist eine gute M\u00f6glichkeit, um sich inspirieren zu lassen. Neben Tiktok, nutze ich au\u00dferdem Pinterest aktiv f\u00fcr Fashion Inspiration. Auf Instagram folge ich auch ein paar Usern, dessen Style mir gef\u00e4llt.\u201c<\/p>\n<hr \/>\n<p><span style=\"color: #993366\"><em><strong>Hast du das Gef\u00fchl, dass soziale Medien deinen Kleidungsstil beeinflussen? Wenn ja, inwiefern und wertest du diesen Einfluss eher positiv oder negativ?<span class=\"Apple-converted-space\">\u00a0<\/span><\/strong><\/em><\/span><\/p>\n<p>\u201eJa, mein Kleidungsstil wird beeinflusst. Diesen Einfluss sehe ich aber f\u00fcr mich pers\u00f6nlich \u00fcberwiegend positiv, denn Fashion Posts in den Sozialen Medien inspirieren mich und zeigen mir neue Outfit M\u00f6glichkeiten, \u00fcber die ich vorher noch nicht nachgedacht habe. Aber ich glaube, dass nat\u00fcrlich nicht jedem Menschen dieser Einfluss unbedingt gut tut. Manche Menschen, vor allem Jugendliche, folgen stumpf Trends anstatt abzuwiegen, was ihnen wirklich gef\u00e4llt.\u201c<\/p>\n<hr \/>\n<p><span style=\"color: #993366\"><em><strong>Hast du Fashion Vorbilder? Wenn ja, wen und warum diese Person? (zB Bella Hadid)<\/strong><\/em><\/span><\/p>\n<p>\u201eIch habe nicht direkt eine Person als Fashion Vorbild, sondern eher einen Style beziehungsweise Vibe, den ich erreichen will. Aber eine Person dessen Style mich aktuell inspiriert, ist die deutsche Influencerin Emma Aurora.\u201c<\/p>\n<hr \/>\n<p><span style=\"color: #993366\"><em><strong>Tr\u00e4gst du (gezielt) Marken? Was f\u00fcr eine Bedeutung haben Marken f\u00fcr dich?<\/strong><\/em><\/span><\/p>\n<p>\u201eNein, ich trage nicht gezielt Marken. Marken sind f\u00fcr mich irrelevant. Ich trage einfach was mir gef\u00e4llt. Also wenn mir ein Markenst\u00fcck gef\u00e4llt, w\u00fcrde ich dieses auch tragen. Allerdings kann ich mir die meisten Luxus Marken eh nicht leisten und finde die Preise meistens auch nicht gerechtfertigt.\u201c<span class=\"Apple-converted-space\">\u00a0<\/span><\/p>\n<hr \/>\n<p><span style=\"color: #993366\"><em><strong>W\u00fcrdest du sagen, dass du dich durch deine Kleidung selbst ausdr\u00fcckst?<\/strong><\/em><\/span><\/p>\n<p>\u201eJa, nat\u00fcrlich. Im ersten Moment denkt man zwar immer, dass man um sich selbst auszudr\u00fccken, ganz ausgefallene Sachen tragen muss, aber wenn man genauer dar\u00fcber nachdenkt, f\u00e4llt einem auf, dass jeden Morgen das Outfit f\u00fcr das man sich entscheidet, egal wie es aussieht, eine Form des Selbstausdrucks ist.\u201c<span class=\"Apple-converted-space\">\u00a0<\/span><\/p>\n<hr \/>\n<p><span style=\"color: #993366\"><em><strong>Hast du das Gef\u00fchl, dass du durch Faktoren wie zB: Dresscodes, Meinungen anderer Menschen, \u2026 in deiner Selbstentfaltung eingeschr\u00e4nkt wirst?<\/strong><\/em><\/span><\/p>\n<p>\u201eAls ich noch in die Schule gegangen bin, habe ich mich eingeschr\u00e4nkt gef\u00fchlt, weil es dort einen Dresscode gab. Dieser Dresscode hat uns M\u00e4dchen verboten bauchfreie oder Oberteile mit Ausschnitt zu tragen. Dieser Dresscode galt nicht nur den j\u00fcngeren Jahrg\u00e4ngen, sondern auch der Oberstufe und hat meine Outfits stark beeinflusst. Das hat mich sehr gest\u00f6rt.<span class=\"Apple-converted-space\">\u00a0<\/span>Und als ich etwa in der Mittelstufe war, habe ich mich versucht so zu kleiden, wie die \u201ecoolen M\u00e4dchen\u201c, um Teil von ihnen zu sein. Mit der Zeit habe ich aber gelernt, dass die Meinungen anderer einem egal sein sollten und trage frei was mir gef\u00e4llt.\u201c<span class=\"Apple-converted-space\">\u00a0<\/span><\/p>\n<hr \/>\n<p><span style=\"color: #993366\"><em><strong>Beurteilst du in der \u00d6ffentlichkeit Menschen anhand ihrer Outfits?<\/strong><\/em><\/span><\/p>\n<p>\u201eJa, aber nicht b\u00f6sartig. Man stellt sich einfach immer vor, wie die Person so drauf ist anhand ihrer Outfits.\u201c<\/p>\n<hr \/>\n<p><span style=\"color: #993366\"><strong><em>W\u00fcrdest du deinen Style gerne ver\u00e4ndern? Was h\u00e4lt dich davon ab?<\/em><\/strong><\/span><\/p>\n<p>\u201eAktuell bin ich sehr zufrieden mit meinem Style und will nichts \u00e4ndern.\u201c<\/p>\n","protected":false},"excerpt":{"rendered":"<p>Interview mit: Anna, she\/her, 19 Jahre alt Was bedeutet Mode f\u00fcr dich? \u201eMode ist f\u00fcr mich etwas sehr pers\u00f6nliches. Die Bedeutung dessen hat sich f\u00fcr mich \u00fcber die Jahre au\u00dferdem stark ver\u00e4ndert. Mir ist aufgefallen, dass sich mein Kleidungsstil mit &hellip; <a href=\"https:\/\/blogs.uni-bremen.de\/fashion\/hallo-2\/interview-3\/\">Weiterlesen <span class=\"meta-nav\">&rarr;<\/span><\/a><\/p>\n","protected":false},"author":15276,"featured_media":0,"parent":34,"menu_order":0,"comment_status":"closed","ping_status":"closed","template":"","meta":{"_bbp_topic_count":0,"_bbp_reply_count":0,"_bbp_total_topic_count":0,"_bbp_total_reply_count":0,"_bbp_voice_count":0,"_bbp_anonymous_reply_count":0,"_bbp_topic_count_hidden":0,"_bbp_reply_count_hidden":0,"_bbp_forum_subforum_count":0,"footnotes":""},"class_list":["post-72","page","type-page","status-publish","hentry"],"_links":{"self":[{"href":"https:\/\/blogs.uni-bremen.de\/fashion\/wp-json\/wp\/v2\/pages\/72","targetHints":{"allow":["GET"]}}],"collection":[{"href":"https:\/\/blogs.uni-bremen.de\/fashion\/wp-json\/wp\/v2\/pages"}],"about":[{"href":"https:\/\/blogs.uni-bremen.de\/fashion\/wp-json\/wp\/v2\/types\/page"}],"author":[{"embeddable":true,"href":"https:\/\/blogs.uni-bremen.de\/fashion\/wp-json\/wp\/v2\/users\/15276"}],"replies":[{"embeddable":true,"href":"https:\/\/blogs.uni-bremen.de\/fashion\/wp-json\/wp\/v2\/comments?post=72"}],"version-history":[{"count":8,"href":"https:\/\/blogs.uni-bremen.de\/fashion\/wp-json\/wp\/v2\/pages\/72\/revisions"}],"predecessor-version":[{"id":308,"href":"https:\/\/blogs.uni-bremen.de\/fashion\/wp-json\/wp\/v2\/pages\/72\/revisions\/308"}],"up":[{"embeddable":true,"href":"https:\/\/blogs.uni-bremen.de\/fashion\/wp-json\/wp\/v2\/pages\/34"}],"wp:attachment":[{"href":"https:\/\/blogs.uni-bremen.de\/fashion\/wp-json\/wp\/v2\/media?parent=72"}],"curies":[{"name":"wp","href":"https:\/\/api.w.org\/{rel}","templated":true}]}}