{"id":55,"date":"2024-02-17T21:32:01","date_gmt":"2024-02-17T20:32:01","guid":{"rendered":"https:\/\/blogs.uni-bremen.de\/fashion\/?page_id=55"},"modified":"2024-03-15T11:51:39","modified_gmt":"2024-03-15T10:51:39","slug":"expose","status":"publish","type":"page","link":"https:\/\/blogs.uni-bremen.de\/fashion\/expose\/","title":{"rendered":"\u1d07x\u1d18\u1d0f\ua731\u1d07"},"content":{"rendered":"<p>Eine Person. Ein Outfit. Zahlreiche Interpretationen.<\/p>\n<p><strong><span style=\"color: #993366\"><em>\u201eStyle is a way to say who you are without having to speak\u201c<\/em><\/span> \u00a0<\/strong>&#8211; Rachel Zoe<\/p>\n<p><strong><span style=\"color: #993366\"><i>\u201eWhat you wear is how you present<span class=\"Apple-converted-space\">\u00a0 <\/span>yourself to the world, especially today, when human contacts are so quick. Fashion is an instant language\u201c <\/i><\/span><\/strong>&#8211; Miuccia Prada<\/p>\n<p>Bei einem Besuch in der Stadt l\u00e4uft man an unz\u00e4hlig verschiedenen unbekannten Menschen vorbei und obwohl man sie nicht kennt und sich nicht mit ihnen unterh\u00e4lt, sondern teils nur einen fl\u00fcchtigen Blick zuwirft, entsteht in unseren K\u00f6pfen von manchen dieser fremden Personen ein gewisses Bild. Dieses Bild entsteht nicht nur durch ihr Auftreten, sondern auch durch ihre Kleidung. Denn anhand eines Outfits lassen sich diverse Vermutungen \u00fcber eine Person aufstellen. Diese, teilweise sogar ungewollt entstehenden Vermutungen \u00fcber diese Person, reichen von ihren pers\u00f6nlichen Interessen und Hobbys bis hin zu politischen Sichtweisen und vielleicht sogar der finanziellen Situation der Person.<\/p>\n<p>Im Sinne dessen, w\u00fcrde ich gerne im Rahmen des Digital Storytelling Seminars untersuchen, ob und inwiefern Kleidung als M\u00f6glichkeit des Selbstausdrucks gewertet werden kann. Diese Untersuchung werde ich durch das beleuchten verschiedener thematischer Aspekte, die ich im folgenden kurz erkl\u00e4ren werde, durchf\u00fchren.<\/p>\n<p>Unter einen dieser thematischen Aspekte f\u00e4llt unter anderem, die kritische Betrachtung von Social Media Trends. Wie wird der Kleidungsstil der Menschen durch die sozialen Medien beeinflusst und kann dieser Einfluss auch positiv sein oder handelt es sich hier nur um Trends, denen blind hinterhergelaufen wird? Dabei werde ich mich mit unterschiedlichen Social Media Apps wie \u201eTiktok\u201c, \u201cInstagram\u201c und \u201cPinterest\u201c und dessen Einfluss auseinandersetzen, voraussichtlich aber auch Ph\u00e4nomene wie \u201eFashionvorbilder\u201c und die teils dadurch entstehende Problematik \u201eFast Fashion\u201c anschneiden.<\/p>\n<p>Ein weiterer Aspekt den ich gerne untersuchen w\u00fcrde, sind &#8222;Illusionen&#8220; die durch Kleidung entstehen k\u00f6nnen. Damit ist gemeint, dass Menschen h\u00e4ufig durch ihre Kleidung anders wirken k\u00f6nnen als sie es wirklich sind (zB: selbstbewusster; wohlhabender). Passend dazu, werde ich versuchen zu erforschen, welche Bedeutung Marken in unserer Gesellschaft haben (zB: Benutzen wir sie nur zum Protzen?) und ob in einem solchem Zusammenhang, auch von Selbstausdruck gesprochen werden kann.<\/p>\n<p>Dar\u00fcber hinaus werde ich nicht nur die heutige Gesellschaft thematisieren, sondern durch einen groben geschichtlichen R\u00fcckblick der Modegeschichte auch auf fr\u00fchere Generationen eingehen. Mit diesem R\u00fcckblick m\u00f6chte ich herauszufinden, ob es eine Art Beginn oder Entwicklung des Selbstausdrucks durch Kleidung gibt.<\/p>\n<p>Des Weiteren liegt es auch in meinem Interesse zu betrachten, wie der durch Kleidung entstehende Selbstausdruck durch St\u00f6rfaktoren wie \u201eDresscodes\u201c eingeschr\u00e4nkt wird.<\/p>\n<p>Nach aktuellem Stand plane ich 3 pers\u00f6nliche Interviews innerhalb der n\u00e4chsten 2 Monate (Stand: November). Mit den Interviewantworten werde ich versuchen zu verstehen, was Mode f\u00fcr die interviewten Menschen pers\u00f6nlich bedeutet und auch, ob es je nach Alter oder Geschlecht auff\u00e4llige Unterschiede gibt.<\/p>\n<p>Ich erhoffe mir mit meinen Untersuchungen abschlie\u00dfend folgende Frage zu beantworten:<\/p>\n<blockquote><p><span style=\"font-family: helvetica, arial, sans-serif;color: #993366\"><strong><i>\u201eInwiefern ist Kleidung ein einzigartiges Ausdrucksmittel f\u00fcr die Pers\u00f6nlichkeiten der Menschen, durch welche Einfl\u00fcsse wird dieser Selbstausdruck beeinflusst und was bedeutet Selbstausdruck (durch Kleidung) f\u00fcr die Menschen?\u201c<\/i><\/strong><\/span><\/p><\/blockquote>\n<p>Ich werde mich somit mit den aufgelisteten thematischen Aspekten die n\u00e4chsten Wochen und Monate intensiv auseinandersetzen und die Interviews vorbereiten, sodass ich bis Ende Januar meine Recherchen erledigt habe und den Rest der Frist f\u00fcr meinen voraussichtlichen Mini-Comic, Bildcollagen und die Gestaltung des Blogs nutzen kann.<\/p>\n<hr \/>\n<p><strong><span style=\"font-size: 14pt\">Richtiger Zeitplan:<\/span><\/strong><\/p>\n<p><span style=\"text-decoration: underline\"><em>Oktober und November<\/em><\/span>: Themenfindung, Erstellen einer Blogseite, Schreiben des Expos\u00e9s, Anfertigung der Collage f\u00fcr den Header meines Blogs, erste Auseinandersetzung mit dem technischen System<\/p>\n<p><span style=\"text-decoration: underline\"><em>Mitte November und Dezember<\/em><\/span>: Interviewfragen erstellen, m\u00f6gliche InterviewpartnerInnen kontaktieren, erste Recherche zum Thema in Stichpunkten festhalten<\/p>\n<p><span style=\"text-decoration: underline\"><em>Januar<\/em><\/span>: Interviews f\u00fchren und transkribieren, weitere Auseinandersetzung mit dem Blog System um zu kl\u00e4ren, was alles auf dem Blog m\u00f6glich ist<\/p>\n<p><em><span style=\"text-decoration: underline\">Februar und M\u00e4rz<\/span>:<\/em>\u00a0Letztendliche Themenschwerpunkte anhand der Interviewantworten festlegen, Recherche dazu in Texte umwandeln, bearbeiten meiner pers\u00f6nliche Vorstellung mittels einer Collage mit Bildern von mir, Comic zeichnen, Vervollst\u00e4ndigen des Blogs<\/p>\n","protected":false},"excerpt":{"rendered":"<p>Eine Person. Ein Outfit. Zahlreiche Interpretationen. \u201eStyle is a way to say who you are without having to speak\u201c \u00a0&#8211; Rachel Zoe \u201eWhat you wear is how you present\u00a0 yourself to the world, especially today, when human contacts are so &hellip; <a href=\"https:\/\/blogs.uni-bremen.de\/fashion\/expose\/\">Weiterlesen <span class=\"meta-nav\">&rarr;<\/span><\/a><\/p>\n","protected":false},"author":15276,"featured_media":0,"parent":0,"menu_order":0,"comment_status":"closed","ping_status":"closed","template":"","meta":{"_bbp_topic_count":0,"_bbp_reply_count":0,"_bbp_total_topic_count":0,"_bbp_total_reply_count":0,"_bbp_voice_count":0,"_bbp_anonymous_reply_count":0,"_bbp_topic_count_hidden":0,"_bbp_reply_count_hidden":0,"_bbp_forum_subforum_count":0,"footnotes":""},"class_list":["post-55","page","type-page","status-publish","hentry"],"_links":{"self":[{"href":"https:\/\/blogs.uni-bremen.de\/fashion\/wp-json\/wp\/v2\/pages\/55","targetHints":{"allow":["GET"]}}],"collection":[{"href":"https:\/\/blogs.uni-bremen.de\/fashion\/wp-json\/wp\/v2\/pages"}],"about":[{"href":"https:\/\/blogs.uni-bremen.de\/fashion\/wp-json\/wp\/v2\/types\/page"}],"author":[{"embeddable":true,"href":"https:\/\/blogs.uni-bremen.de\/fashion\/wp-json\/wp\/v2\/users\/15276"}],"replies":[{"embeddable":true,"href":"https:\/\/blogs.uni-bremen.de\/fashion\/wp-json\/wp\/v2\/comments?post=55"}],"version-history":[{"count":10,"href":"https:\/\/blogs.uni-bremen.de\/fashion\/wp-json\/wp\/v2\/pages\/55\/revisions"}],"predecessor-version":[{"id":305,"href":"https:\/\/blogs.uni-bremen.de\/fashion\/wp-json\/wp\/v2\/pages\/55\/revisions\/305"}],"wp:attachment":[{"href":"https:\/\/blogs.uni-bremen.de\/fashion\/wp-json\/wp\/v2\/media?parent=55"}],"curies":[{"name":"wp","href":"https:\/\/api.w.org\/{rel}","templated":true}]}}