{"id":78,"date":"2011-01-21T09:30:05","date_gmt":"2011-01-21T09:30:05","guid":{"rendered":"http:\/\/blogs.uni-bremen.de\/eule\/"},"modified":"2025-04-11T20:30:30","modified_gmt":"2025-04-11T18:30:30","slug":"ueber-uns","status":"publish","type":"page","link":"https:\/\/blogs.uni-bremen.de\/eule\/ueber-uns\/","title":{"rendered":"\u00dcber uns"},"content":{"rendered":"<div  class='flex_column av-b0d9u-7698a37cb38a48b7f2cedeba5467a7cd av_one_half  avia-builder-el-0  el_before_av_one_half  avia-builder-el-first  first flex_column_div  '     ><p>\n<style type=\"text\/css\" data-created_by=\"avia_inline_auto\" id=\"style-css-av-acmya-0b3ccade0240c109797eda38dc1964f3\">\n#top .av_textblock_section.av-acmya-0b3ccade0240c109797eda38dc1964f3 .avia_textblock{\nfont-size:20px;\n}\n<\/style>\n<section  class='av_textblock_section av-acmya-0b3ccade0240c109797eda38dc1964f3 '   itemscope=\"itemscope\" itemtype=\"https:\/\/schema.org\/CreativeWork\" ><div class='avia_textblock'  itemprop=\"text\" ><p><strong>Wer oder was ist die CAMPUS EULE?<\/strong><\/p>\n<\/div><\/section><br \/>\n<section  class='av_textblock_section av-rx8a-643ed6e5959d9ceb0392b0ba4308dce4 '   itemscope=\"itemscope\" itemtype=\"https:\/\/schema.org\/CreativeWork\" ><div class='avia_textblock'  itemprop=\"text\" ><p><img loading=\"lazy\" decoding=\"async\" class=\"alignnone size-medium wp-image-18248\" src=\"https:\/\/blogs.uni-bremen.de\/eule\/files\/mural-Chile-1-300x205.jpg\" alt=\"\" width=\"300\" height=\"205\" srcset=\"https:\/\/blogs.uni-bremen.de\/eule\/files\/mural-Chile-1-300x205.jpg 300w, https:\/\/blogs.uni-bremen.de\/eule\/files\/mural-Chile-1-1030x703.jpg 1030w, https:\/\/blogs.uni-bremen.de\/eule\/files\/mural-Chile-1-768x524.jpg 768w, https:\/\/blogs.uni-bremen.de\/eule\/files\/mural-Chile-1-705x481.jpg 705w, https:\/\/blogs.uni-bremen.de\/eule\/files\/mural-Chile-1.jpg 1167w\" sizes=\"auto, (max-width: 300px) 100vw, 300px\" \/><\/p>\n<\/div><\/section><\/p><\/div>\n\n<style type=\"text\/css\" data-created_by=\"avia_inline_auto\" id=\"style-css-av-9491a-f6195f8c4875c940521e000f7e6cbf37\">\n.flex_column.av-9491a-f6195f8c4875c940521e000f7e6cbf37{\nborder-radius:0px 0px 0px 0px;\npadding:0px 0px 0px 0px;\n}\n<\/style>\n<div  class='flex_column av-9491a-f6195f8c4875c940521e000f7e6cbf37 av_one_half  avia-builder-el-3  el_after_av_one_half  el_before_av_one_full  flex_column_div av-zero-column-padding  '     ><p>\n<style type=\"text\/css\" data-created_by=\"avia_inline_auto\" id=\"style-css-av-8ucee-5a7b905147f4c3ed434475c035d1b27f\">\n#top .hr.av-8ucee-5a7b905147f4c3ed434475c035d1b27f{\nmargin-top:20px;\nmargin-bottom:20px;\n}\n.hr.av-8ucee-5a7b905147f4c3ed434475c035d1b27f .hr-inner{\nwidth:50px;\n}\n<\/style>\n<div  class='hr av-8ucee-5a7b905147f4c3ed434475c035d1b27f hr-custom  avia-builder-el-4  el_before_av_textblock  avia-builder-el-first  hr-center hr-icon-no'><span class='hr-inner inner-border-av-border-none'><span class=\"hr-inner-style\"><\/span><\/span><\/div><br \/>\n<section  class='av_textblock_section av-852lm-0d3a91ad948a6b914c959f4b1e2477b2 '   itemscope=\"itemscope\" itemtype=\"https:\/\/schema.org\/CreativeWork\" ><div class='avia_textblock'  itemprop=\"text\" ><p style=\"text-align: justify\"><strong style=\"text-align: justify;line-height: 1.5\">&#8222;Euer Uni Leben.\u201c<\/strong><span style=\"text-align: justify;line-height: 1.5\"> Was bedeutet das? Uns ist aufgefallen, dass es uns nicht ausreicht, von Veranstaltung A zu B zu laufen, essen zu gehen und dann nach Hause zu fahren. Wir wollen mehr!\u00a0<\/span><span style=\"text-align: justify;line-height: 1.5\">Um das zu erreichen, r\u00fccken wir uns Studierende in den Mittelpunkt. Das hei\u00dft: Was besch\u00e4ftigt uns gerade, was denken wir, was wollen wir? Aber auch: Was ist m\u00f6glich, wie k\u00f6nnen wir etwas gestalten bzw. wie geht denn dieses und jenes?\u00a0<\/span><span style=\"text-align: justify;line-height: 1.5\">Wichtig ist uns dabei, dass dieser Blog kein Ratgeber sein soll und deswegen h\u00fcten wir uns vor Patentrezepten. Wir glauben nicht daran, dass es einen Weg gibt, zu studieren, sondern viele. Dem wollen wir gerecht werden, indem wir hier viele Geschichten rund ums Uni-Leben sammeln und euch bereit stellen.\u00a0<\/span><span style=\"text-align: justify;line-height: 1.5\">Daf\u00fcr werden wir zu euch kommen, euch alles m\u00f6gliche vorstellen und euch nat\u00fcrlich die M\u00f6glichkeit geben zu kommentieren und anzuregen.\u00a0<\/span><\/p>\n<\/div><\/section><\/p><\/div>\n<div  class='flex_column av-60lla-6806aa98d6bedf5ba665cc2694588f7c av_one_full  avia-builder-el-6  el_after_av_one_half  el_before_av_one_full  first flex_column_div  column-top-margin'     ><section  class='av_textblock_section av-yswy-ca47689e702a98198b8458ca92063cb2 '   itemscope=\"itemscope\" itemtype=\"https:\/\/schema.org\/CreativeWork\" ><div class='avia_textblock'  itemprop=\"text\" ><p><img loading=\"lazy\" decoding=\"async\" class=\"alignleft wp-image-18069 size-square\" src=\"https:\/\/blogs.uni-bremen.de\/eule\/files\/765EC0AC-071D-4FDC-A365-775F760EE314-180x180.jpeg\" alt=\"\" width=\"180\" height=\"180\" srcset=\"https:\/\/blogs.uni-bremen.de\/eule\/files\/765EC0AC-071D-4FDC-A365-775F760EE314-180x180.jpeg 180w, https:\/\/blogs.uni-bremen.de\/eule\/files\/765EC0AC-071D-4FDC-A365-775F760EE314-80x80.jpeg 80w, https:\/\/blogs.uni-bremen.de\/eule\/files\/765EC0AC-071D-4FDC-A365-775F760EE314-36x36.jpeg 36w\" sizes=\"auto, (max-width: 180px) 100vw, 180px\" \/><\/p>\n<p style=\"text-align: justify\"><strong>Paulina<\/strong><\/p>\n<p class=\"p1\"><span class=\"s1\">Moin! Ich bin Paulina und studiere Germanistik und Kommunikations- und Medienwissenschaft. Ich interessiere mich besonders f\u00fcr Literatur, Film und politischen Aktivismus. Au\u00dferdem hege ich eine gro\u00dfe Liebe zu Tieren, historischen Funfacts und meiner Heimatstadt Bremen.<\/span><\/p>\n<\/div><\/section><\/div>\n<div  class='flex_column av-1na0e-a13eb3a49f97bb29bde2caf84e55d5c2 av_one_full  avia-builder-el-8  el_after_av_one_full  el_before_av_one_full  first flex_column_div  column-top-margin'     ><section  class='av_textblock_section av-llq7y3un-ea1ea3f441d2a4353bafc6d7b67da041 '   itemscope=\"itemscope\" itemtype=\"https:\/\/schema.org\/CreativeWork\" ><div class='avia_textblock'  itemprop=\"text\" ><p><img loading=\"lazy\" decoding=\"async\" class=\"wp-image-19313 alignleft\" src=\"https:\/\/blogs.uni-bremen.de\/eule\/files\/HUT02472_2-300x225.jpg\" alt=\"\" width=\"187\" height=\"140\" srcset=\"https:\/\/blogs.uni-bremen.de\/eule\/files\/HUT02472_2-300x225.jpg 300w, https:\/\/blogs.uni-bremen.de\/eule\/files\/HUT02472_2-1030x774.jpg 1030w, https:\/\/blogs.uni-bremen.de\/eule\/files\/HUT02472_2-768x577.jpg 768w, https:\/\/blogs.uni-bremen.de\/eule\/files\/HUT02472_2-705x530.jpg 705w, https:\/\/blogs.uni-bremen.de\/eule\/files\/HUT02472_2.jpg 1489w\" sizes=\"auto, (max-width: 187px) 100vw, 187px\" \/><\/p>\n<p style=\"text-align: left\"><strong>Finja<\/strong><\/p>\n<p>Hi ihr! Ich hei\u00dfe Finja und studiere Kommunikations- und Medienwissenschaft zusammen mit Kunst-Medien-\u00c4sthetische Bildung. Zu meinen gr\u00f6\u00dften Begeisterungen geh\u00f6ren Film, Sport, Musik und Konzerte, k\u00fcnstlerisches Schaffen und soooo vieles mehr&#8230; eigentlich alles was mich eben gerade so besch\u00e4ftigt :)<\/p>\n<\/div><\/section><\/div>\n<style type=\"text\/css\" data-created_by=\"avia_inline_auto\" id=\"style-css-av-4u91y-8f3b8eed07375702c23417487c25b06d\">\n.flex_column.av-4u91y-8f3b8eed07375702c23417487c25b06d{\nborder-radius:0px 0px 0px 0px;\npadding:0px 0px 0px 0px;\n}\n<\/style>\n<div  class='flex_column av-4u91y-8f3b8eed07375702c23417487c25b06d av_one_full  avia-builder-el-10  el_after_av_one_full  el_before_av_one_full  first flex_column_div av-zero-column-padding  column-top-margin'     ><section  class='av_textblock_section av-4p4hi-1df89d84d9fb3d0ec6539d2c1692de1e '   itemscope=\"itemscope\" itemtype=\"https:\/\/schema.org\/CreativeWork\" ><div class='avia_textblock av_inherit_color'  itemprop=\"text\" ><p style=\"text-align: justify\"><strong><img loading=\"lazy\" decoding=\"async\" class=\" wp-image-19178 alignleft\" src=\"https:\/\/blogs.uni-bremen.de\/eule\/files\/3fa631f5-8304-4d4a-9010-aa14cbf3a1a5-225x300.jpeg\" alt=\"\" width=\"168\" height=\"224\" srcset=\"https:\/\/blogs.uni-bremen.de\/eule\/files\/3fa631f5-8304-4d4a-9010-aa14cbf3a1a5-225x300.jpeg 225w, https:\/\/blogs.uni-bremen.de\/eule\/files\/3fa631f5-8304-4d4a-9010-aa14cbf3a1a5-773x1030.jpeg 773w, https:\/\/blogs.uni-bremen.de\/eule\/files\/3fa631f5-8304-4d4a-9010-aa14cbf3a1a5-768x1024.jpeg 768w, https:\/\/blogs.uni-bremen.de\/eule\/files\/3fa631f5-8304-4d4a-9010-aa14cbf3a1a5-1152x1536.jpeg 1152w, https:\/\/blogs.uni-bremen.de\/eule\/files\/3fa631f5-8304-4d4a-9010-aa14cbf3a1a5-1125x1500.jpeg 1125w, https:\/\/blogs.uni-bremen.de\/eule\/files\/3fa631f5-8304-4d4a-9010-aa14cbf3a1a5-529x705.jpeg 529w, https:\/\/blogs.uni-bremen.de\/eule\/files\/3fa631f5-8304-4d4a-9010-aa14cbf3a1a5.jpeg 1536w\" sizes=\"auto, (max-width: 168px) 100vw, 168px\" \/>Antonia<\/strong><\/p>\n<p>Hey zusammen! Ich bin Antonia und studiere Medien- und Kommunikationswissenschaft sowie Kulturwissenschaft. Ich bin besonders an Themen wie Literatur, Musik und Reisen interessiert. Ich liebe es, mich mit neuen Kulturen zu besch\u00e4ftigen, zu tanzen oder in meiner Unistadt Bremen Neues zu entdecken.<\/p>\n<\/div><\/section><\/div><\/p>\n<div  class='flex_column av-1pzji-8a6efa2ae24608125644d2a2a8e9c6e6 av_one_full  avia-builder-el-12  el_after_av_one_full  el_before_av_one_full  first flex_column_div  column-top-margin'     ><section  class='av_textblock_section av-ulwu-93ba66dcd651ed49272bf2897738ded1 '   itemscope=\"itemscope\" itemtype=\"https:\/\/schema.org\/CreativeWork\" ><div class='avia_textblock'  itemprop=\"text\" ><p><strong>Ehemalige EULen<\/strong><\/p>\n<p>Britt, Kulturwissenschaft und Kommunikations- und Medienwissenschaft<\/p>\n<p>Sarah, Biologie<\/p>\n<p>Tania, Romanistik International<\/p>\n<p>Monique, Kunst- und Medienwissenschaften<\/p>\n<p>Steffi, Kommunikations- und Medienwissenschaft<\/p>\n<p>Leah, Kulturwissenschaften<\/p>\n<p>Niklas, Politikwissenschaften<\/p>\n<p>Lara, Kulturwissenschaft<\/p>\n<p>Katja, Digitale Medien<\/p>\n<p>Leonie, Kommunikations- und Medienwissenschaft<\/p>\n<p>Joel, Politikwissenschaft<\/p>\n<p>Maria, Kommunikations- und Medienwissenschaft<\/p>\n<p>Stefan, Digitale Medien<\/p>\n<p>Jan-Niklas, Politikwissenschaft<\/p>\n<p>Caro, Kommunikations- und Medienwissenschaft<\/p>\n<p>Hannes, Kommunikations- und Medienwissenschaft<\/p>\n<p>Eleana, Soziologie<\/p>\n<p>Jan, Politikwissenschaften<\/p>\n<p>Alex,\u00a0Transkulturelle Studien<\/p>\n<p>Brenda,\u00a0Politikwissenschaften<\/p>\n<p>Christina,\u00a0Kultur-und Politikwissenschaft<\/p>\n<p>Jan-Hagen,\u00a0Kommunikations- und Medienwissenschaft<\/p>\n<p>Kathi,\u00a0Kommunikations- und Medienwissenschaft<\/p>\n<p>Maraike,\u00a0Gesundheitswissenschaften\/Public Health.<\/p>\n<p>Mascha, Soziologie<\/p>\n<p>Sabrina, Germanistik und Kunstp\u00e4dagogik<\/p>\n<p>Thomi, Kulturwissenschaft<\/p>\n<p>Vincent, Psychologie<\/p>\n<\/div><\/section><\/div>\n<div  class='flex_column av-pkia-e7faacf903ad10862a4611a75f3cde60 av_one_full  avia-builder-el-14  el_after_av_one_full  avia-builder-el-last  first flex_column_div  column-top-margin'     ><\/div>\n","protected":false},"excerpt":{"rendered":"","protected":false},"author":13620,"featured_media":0,"parent":0,"menu_order":0,"comment_status":"closed","ping_status":"open","template":"","meta":{"_bbp_topic_count":0,"_bbp_reply_count":0,"_bbp_total_topic_count":0,"_bbp_total_reply_count":0,"_bbp_voice_count":0,"_bbp_anonymous_reply_count":0,"_bbp_topic_count_hidden":0,"_bbp_reply_count_hidden":0,"_bbp_forum_subforum_count":0,"footnotes":""},"class_list":["post-78","page","type-page","status-publish","hentry"],"_links":{"self":[{"href":"https:\/\/blogs.uni-bremen.de\/eule\/wp-json\/wp\/v2\/pages\/78","targetHints":{"allow":["GET"]}}],"collection":[{"href":"https:\/\/blogs.uni-bremen.de\/eule\/wp-json\/wp\/v2\/pages"}],"about":[{"href":"https:\/\/blogs.uni-bremen.de\/eule\/wp-json\/wp\/v2\/types\/page"}],"author":[{"embeddable":true,"href":"https:\/\/blogs.uni-bremen.de\/eule\/wp-json\/wp\/v2\/users\/13620"}],"replies":[{"embeddable":true,"href":"https:\/\/blogs.uni-bremen.de\/eule\/wp-json\/wp\/v2\/comments?post=78"}],"version-history":[{"count":10,"href":"https:\/\/blogs.uni-bremen.de\/eule\/wp-json\/wp\/v2\/pages\/78\/revisions"}],"predecessor-version":[{"id":19319,"href":"https:\/\/blogs.uni-bremen.de\/eule\/wp-json\/wp\/v2\/pages\/78\/revisions\/19319"}],"wp:attachment":[{"href":"https:\/\/blogs.uni-bremen.de\/eule\/wp-json\/wp\/v2\/media?parent=78"}],"curies":[{"name":"wp","href":"https:\/\/api.w.org\/{rel}","templated":true}]}}

Über uns

<div  class='flex_column av-b0d9u-7698a37cb38a48b7f2cedeba5467a7cd av_one_half  avia-builder-el-0  el_before_av_one_half  avia-builder-el-first  first flex_column_div  '     ><p>
<style type="text/css" data-created_by="avia_inline_auto" id="style-css-av-acmya-0b3ccade0240c109797eda38dc1964f3">
#top .av_textblock_section.av-acmya-0b3ccade0240c109797eda38dc1964f3 .avia_textblock{
font-size:20px;
}
</style>
<section  class='av_textblock_section av-acmya-0b3ccade0240c109797eda38dc1964f3 '   itemscope="itemscope" itemtype="https://schema.org/CreativeWork" ><div class='avia_textblock'  itemprop="text" ><p><strong>Wer oder was ist die CAMPUS EULE?</strong></p>
</div></section><br />
<section  class='av_textblock_section av-rx8a-643ed6e5959d9ceb0392b0ba4308dce4 '   itemscope="itemscope" itemtype="https://schema.org/CreativeWork" ><div class='avia_textblock'  itemprop="text" ><p><img loading="lazy" decoding="async" class="alignnone size-medium wp-image-18248" src="https://blogs.uni-bremen.de/eule/files/mural-Chile-1-300x205.jpg" alt="" width="300" height="205" srcset="https://blogs.uni-bremen.de/eule/files/mural-Chile-1-300x205.jpg 300w, https://blogs.uni-bremen.de/eule/files/mural-Chile-1-1030x703.jpg 1030w, https://blogs.uni-bremen.de/eule/files/mural-Chile-1-768x524.jpg 768w, https://blogs.uni-bremen.de/eule/files/mural-Chile-1-705x481.jpg 705w, https://blogs.uni-bremen.de/eule/files/mural-Chile-1.jpg 1167w" sizes="auto, (max-width: 300px) 100vw, 300px" /></p>
</div></section></p></div>

<style type="text/css" data-created_by="avia_inline_auto" id="style-css-av-9491a-f6195f8c4875c940521e000f7e6cbf37">
.flex_column.av-9491a-f6195f8c4875c940521e000f7e6cbf37{
border-radius:0px 0px 0px 0px;
padding:0px 0px 0px 0px;
}
</style>
<div  class='flex_column av-9491a-f6195f8c4875c940521e000f7e6cbf37 av_one_half  avia-builder-el-3  el_after_av_one_half  el_before_av_one_full  flex_column_div av-zero-column-padding  '     ><p>
<style type="text/css" data-created_by="avia_inline_auto" id="style-css-av-8ucee-5a7b905147f4c3ed434475c035d1b27f">
#top .hr.av-8ucee-5a7b905147f4c3ed434475c035d1b27f{
margin-top:20px;
margin-bottom:20px;
}
.hr.av-8ucee-5a7b905147f4c3ed434475c035d1b27f .hr-inner{
width:50px;
}
</style>
<div  class='hr av-8ucee-5a7b905147f4c3ed434475c035d1b27f hr-custom  avia-builder-el-4  el_before_av_textblock  avia-builder-el-first  hr-center hr-icon-no'><span class='hr-inner inner-border-av-border-none'><span class="hr-inner-style"></span></span></div><br />
<section  class='av_textblock_section av-852lm-0d3a91ad948a6b914c959f4b1e2477b2 '   itemscope="itemscope" itemtype="https://schema.org/CreativeWork" ><div class='avia_textblock'  itemprop="text" ><p style="text-align: justify"><strong style="text-align: justify;line-height: 1.5">&#8222;Euer Uni Leben.“</strong><span style="text-align: justify;line-height: 1.5"> Was bedeutet das? Uns ist aufgefallen, dass es uns nicht ausreicht, von Veranstaltung A zu B zu laufen, essen zu gehen und dann nach Hause zu fahren. Wir wollen mehr! </span><span style="text-align: justify;line-height: 1.5">Um das zu erreichen, rücken wir uns Studierende in den Mittelpunkt. Das heißt: Was beschäftigt uns gerade, was denken wir, was wollen wir? Aber auch: Was ist möglich, wie können wir etwas gestalten bzw. wie geht denn dieses und jenes? </span><span style="text-align: justify;line-height: 1.5">Wichtig ist uns dabei, dass dieser Blog kein Ratgeber sein soll und deswegen hüten wir uns vor Patentrezepten. Wir glauben nicht daran, dass es einen Weg gibt, zu studieren, sondern viele. Dem wollen wir gerecht werden, indem wir hier viele Geschichten rund ums Uni-Leben sammeln und euch bereit stellen. </span><span style="text-align: justify;line-height: 1.5">Dafür werden wir zu euch kommen, euch alles mögliche vorstellen und euch natürlich die Möglichkeit geben zu kommentieren und anzuregen. </span></p>
</div></section></p></div>
<div  class='flex_column av-60lla-6806aa98d6bedf5ba665cc2694588f7c av_one_full  avia-builder-el-6  el_after_av_one_half  el_before_av_one_full  first flex_column_div  column-top-margin'     ><section  class='av_textblock_section av-yswy-ca47689e702a98198b8458ca92063cb2 '   itemscope="itemscope" itemtype="https://schema.org/CreativeWork" ><div class='avia_textblock'  itemprop="text" ><p><img loading="lazy" decoding="async" class="alignleft wp-image-18069 size-square" src="https://blogs.uni-bremen.de/eule/files/765EC0AC-071D-4FDC-A365-775F760EE314-180x180.jpeg" alt="" width="180" height="180" srcset="https://blogs.uni-bremen.de/eule/files/765EC0AC-071D-4FDC-A365-775F760EE314-180x180.jpeg 180w, https://blogs.uni-bremen.de/eule/files/765EC0AC-071D-4FDC-A365-775F760EE314-80x80.jpeg 80w, https://blogs.uni-bremen.de/eule/files/765EC0AC-071D-4FDC-A365-775F760EE314-36x36.jpeg 36w" sizes="auto, (max-width: 180px) 100vw, 180px" /></p>
<p style="text-align: justify"><strong>Paulina</strong></p>
<p class="p1"><span class="s1">Moin! Ich bin Paulina und studiere Germanistik und Kommunikations- und Medienwissenschaft. Ich interessiere mich besonders für Literatur, Film und politischen Aktivismus. Außerdem hege ich eine große Liebe zu Tieren, historischen Funfacts und meiner Heimatstadt Bremen.</span></p>
</div></section></div>
<div  class='flex_column av-1na0e-a13eb3a49f97bb29bde2caf84e55d5c2 av_one_full  avia-builder-el-8  el_after_av_one_full  el_before_av_one_full  first flex_column_div  column-top-margin'     ><section  class='av_textblock_section av-llq7y3un-ea1ea3f441d2a4353bafc6d7b67da041 '   itemscope="itemscope" itemtype="https://schema.org/CreativeWork" ><div class='avia_textblock'  itemprop="text" ><p><img loading="lazy" decoding="async" class="wp-image-19313 alignleft" src="https://blogs.uni-bremen.de/eule/files/HUT02472_2-300x225.jpg" alt="" width="187" height="140" srcset="https://blogs.uni-bremen.de/eule/files/HUT02472_2-300x225.jpg 300w, https://blogs.uni-bremen.de/eule/files/HUT02472_2-1030x774.jpg 1030w, https://blogs.uni-bremen.de/eule/files/HUT02472_2-768x577.jpg 768w, https://blogs.uni-bremen.de/eule/files/HUT02472_2-705x530.jpg 705w, https://blogs.uni-bremen.de/eule/files/HUT02472_2.jpg 1489w" sizes="auto, (max-width: 187px) 100vw, 187px" /></p>
<p style="text-align: left"><strong>Finja</strong></p>
<p>Hi ihr! Ich heiße Finja und studiere Kommunikations- und Medienwissenschaft zusammen mit Kunst-Medien-Ästhetische Bildung. Zu meinen größten Begeisterungen gehören Film, Sport, Musik und Konzerte, künstlerisches Schaffen und soooo vieles mehr&#8230; eigentlich alles was mich eben gerade so beschäftigt :)</p>
</div></section></div>
<style type="text/css" data-created_by="avia_inline_auto" id="style-css-av-4u91y-8f3b8eed07375702c23417487c25b06d">
.flex_column.av-4u91y-8f3b8eed07375702c23417487c25b06d{
border-radius:0px 0px 0px 0px;
padding:0px 0px 0px 0px;
}
</style>
<div  class='flex_column av-4u91y-8f3b8eed07375702c23417487c25b06d av_one_full  avia-builder-el-10  el_after_av_one_full  el_before_av_one_full  first flex_column_div av-zero-column-padding  column-top-margin'     ><section  class='av_textblock_section av-4p4hi-1df89d84d9fb3d0ec6539d2c1692de1e '   itemscope="itemscope" itemtype="https://schema.org/CreativeWork" ><div class='avia_textblock av_inherit_color'  itemprop="text" ><p style="text-align: justify"><strong><img loading="lazy" decoding="async" class=" wp-image-19178 alignleft" src="https://blogs.uni-bremen.de/eule/files/3fa631f5-8304-4d4a-9010-aa14cbf3a1a5-225x300.jpeg" alt="" width="168" height="224" srcset="https://blogs.uni-bremen.de/eule/files/3fa631f5-8304-4d4a-9010-aa14cbf3a1a5-225x300.jpeg 225w, https://blogs.uni-bremen.de/eule/files/3fa631f5-8304-4d4a-9010-aa14cbf3a1a5-773x1030.jpeg 773w, https://blogs.uni-bremen.de/eule/files/3fa631f5-8304-4d4a-9010-aa14cbf3a1a5-768x1024.jpeg 768w, https://blogs.uni-bremen.de/eule/files/3fa631f5-8304-4d4a-9010-aa14cbf3a1a5-1152x1536.jpeg 1152w, https://blogs.uni-bremen.de/eule/files/3fa631f5-8304-4d4a-9010-aa14cbf3a1a5-1125x1500.jpeg 1125w, https://blogs.uni-bremen.de/eule/files/3fa631f5-8304-4d4a-9010-aa14cbf3a1a5-529x705.jpeg 529w, https://blogs.uni-bremen.de/eule/files/3fa631f5-8304-4d4a-9010-aa14cbf3a1a5.jpeg 1536w" sizes="auto, (max-width: 168px) 100vw, 168px" />Antonia</strong></p>
<p>Hey zusammen! Ich bin Antonia und studiere Medien- und Kommunikationswissenschaft sowie Kulturwissenschaft. Ich bin besonders an Themen wie Literatur, Musik und Reisen interessiert. Ich liebe es, mich mit neuen Kulturen zu beschäftigen, zu tanzen oder in meiner Unistadt Bremen Neues zu entdecken.</p>
</div></section></div></p>
<div  class='flex_column av-1pzji-8a6efa2ae24608125644d2a2a8e9c6e6 av_one_full  avia-builder-el-12  el_after_av_one_full  el_before_av_one_full  first flex_column_div  column-top-margin'     ><section  class='av_textblock_section av-ulwu-93ba66dcd651ed49272bf2897738ded1 '   itemscope="itemscope" itemtype="https://schema.org/CreativeWork" ><div class='avia_textblock'  itemprop="text" ><p><strong>Ehemalige EULen</strong></p>
<p>Britt, Kulturwissenschaft und Kommunikations- und Medienwissenschaft</p>
<p>Sarah, Biologie</p>
<p>Tania, Romanistik International</p>
<p>Monique, Kunst- und Medienwissenschaften</p>
<p>Steffi, Kommunikations- und Medienwissenschaft</p>
<p>Leah, Kulturwissenschaften</p>
<p>Niklas, Politikwissenschaften</p>
<p>Lara, Kulturwissenschaft</p>
<p>Katja, Digitale Medien</p>
<p>Leonie, Kommunikations- und Medienwissenschaft</p>
<p>Joel, Politikwissenschaft</p>
<p>Maria, Kommunikations- und Medienwissenschaft</p>
<p>Stefan, Digitale Medien</p>
<p>Jan-Niklas, Politikwissenschaft</p>
<p>Caro, Kommunikations- und Medienwissenschaft</p>
<p>Hannes, Kommunikations- und Medienwissenschaft</p>
<p>Eleana, Soziologie</p>
<p>Jan, Politikwissenschaften</p>
<p>Alex, Transkulturelle Studien</p>
<p>Brenda, Politikwissenschaften</p>
<p>Christina, Kultur-und Politikwissenschaft</p>
<p>Jan-Hagen, Kommunikations- und Medienwissenschaft</p>
<p>Kathi, Kommunikations- und Medienwissenschaft</p>
<p>Maraike, Gesundheitswissenschaften/Public Health.</p>
<p>Mascha, Soziologie</p>
<p>Sabrina, Germanistik und Kunstpädagogik</p>
<p>Thomi, Kulturwissenschaft</p>
<p>Vincent, Psychologie</p>
</div></section></div>
<div  class='flex_column av-pkia-e7faacf903ad10862a4611a75f3cde60 av_one_full  avia-builder-el-14  el_after_av_one_full  avia-builder-el-last  first flex_column_div  column-top-margin'     ></div>
