{"id":495,"date":"2017-02-09T12:53:56","date_gmt":"2017-02-09T11:53:56","guid":{"rendered":"https:\/\/blogs.uni-bremen.de\/entzaubertestaedte\/?page_id=495"},"modified":"2018-04-23T09:24:07","modified_gmt":"2018-04-23T07:24:07","slug":"promotionsprojekt-1","status":"publish","type":"page","link":"https:\/\/blogs.uni-bremen.de\/entzaubertestaedte\/promotionsprojekt-1\/","title":{"rendered":"Promotionsprojekt &#8222;Stadtnomad*innen&#8220;"},"content":{"rendered":"<p>Das Promotionsprojekt zu den Literaturen der Wohnungslosen, der Sans Domicile Fixe, ist in Vorbereitung und wird durch ein Br\u00fcckenstipendium in die Promotion durch die Zentrale Forschungsf\u00f6rderung der Universit\u00e4t Bremen finanziert.<br \/>\nDieses Promotionsprojekt wird bearbeitet von <strong>Elena T\u00fcting<\/strong>, M.A.<\/p>\n","protected":false},"excerpt":{"rendered":"<p>Das Promotionsprojekt zu den Literaturen der Wohnungslosen, der Sans Domicile Fixe, ist in Vorbereitung und wird durch ein Br\u00fcckenstipendium in die Promotion durch die Zentrale Forschungsf\u00f6rderung der Universit\u00e4t Bremen finanziert. Dieses Promotionsprojekt wird bearbeitet von Elena T\u00fcting, M.A.<\/p>\n","protected":false},"author":7893,"featured_media":0,"parent":0,"menu_order":3,"comment_status":"closed","ping_status":"closed","template":"","meta":{"_bbp_topic_count":0,"_bbp_reply_count":0,"_bbp_total_topic_count":0,"_bbp_total_reply_count":0,"_bbp_voice_count":0,"_bbp_anonymous_reply_count":0,"_bbp_topic_count_hidden":0,"_bbp_reply_count_hidden":0,"_bbp_forum_subforum_count":0,"footnotes":""},"class_list":["post-495","page","type-page","status-publish","hentry"],"_links":{"self":[{"href":"https:\/\/blogs.uni-bremen.de\/entzaubertestaedte\/wp-json\/wp\/v2\/pages\/495","targetHints":{"allow":["GET"]}}],"collection":[{"href":"https:\/\/blogs.uni-bremen.de\/entzaubertestaedte\/wp-json\/wp\/v2\/pages"}],"about":[{"href":"https:\/\/blogs.uni-bremen.de\/entzaubertestaedte\/wp-json\/wp\/v2\/types\/page"}],"author":[{"embeddable":true,"href":"https:\/\/blogs.uni-bremen.de\/entzaubertestaedte\/wp-json\/wp\/v2\/users\/7893"}],"replies":[{"embeddable":true,"href":"https:\/\/blogs.uni-bremen.de\/entzaubertestaedte\/wp-json\/wp\/v2\/comments?post=495"}],"version-history":[{"count":0,"href":"https:\/\/blogs.uni-bremen.de\/entzaubertestaedte\/wp-json\/wp\/v2\/pages\/495\/revisions"}],"wp:attachment":[{"href":"https:\/\/blogs.uni-bremen.de\/entzaubertestaedte\/wp-json\/wp\/v2\/media?parent=495"}],"curies":[{"name":"wp","href":"https:\/\/api.w.org\/{rel}","templated":true}]}}