{"id":960,"date":"2022-03-08T23:04:35","date_gmt":"2022-03-08T22:04:35","guid":{"rendered":"https:\/\/blogs.uni-bremen.de\/dgfe2022\/?page_id=960"},"modified":"2022-03-10T01:13:13","modified_gmt":"2022-03-10T00:13:13","slug":"empowerment-raume","status":"publish","type":"page","link":"https:\/\/blogs.uni-bremen.de\/dgfe2022\/empowerment-raume\/","title":{"rendered":"Unterst\u00fctzungsangebote &#8211; Empowerment-R\u00e4ume"},"content":{"rendered":"<h1><span style=\"font-size: 12pt\"><strong>Was tun bei Diskriminierungserfahrungen? <\/strong><\/span><\/h1>\n<p>Sollten Sie im Rahmen des Kongresses selbst Diskriminierungserfahrungen machen oder diskriminierende Situationen mitbekommen, gibt es unterschiedliche M\u00f6glichkeiten und Strategien, wie Sie damit umgehen k\u00f6nnen:<\/p>\n<p>Manchmal passt es die diskriminierende Praxis direkt anzusprechen, z.B. indem Sie darum bitten, dass ein diskriminierendes Wort nicht verwendet wird. Falls dies nicht \u00f6ffentlich im Zoomraum m\u00f6glich ist, kann es im allgemeinen Chat bei Zoom geschehen.<br \/>\nOft braucht es erst einmal den Raum sich \u00fcber das Erlebte und die eigenen Gef\u00fchle klarzuwerden. Der Austausch \u00fcber die Situation kann guttun und entlasten. In diesem Rahmen k\u00f6nnen auch m\u00f6gliche Handlungsstrategien entwickelt werden.<\/p>\n<p>Es gibt folgende Unterst\u00fctzungsangebote:<\/p>\n<h2><span style=\"font-size: 12pt\"><strong>Empowerment-R\u00e4ume<\/strong><\/span><\/h2>\n<p>Am Ende jedes Kongresstages stehen f\u00fcr 1,5 Stunden mehrere gesch\u00fctzte Zoom-R\u00e4ume zur Verf\u00fcgung:<\/p>\n<p>Sonntag, 13.03., 17.30 &#8211; 19.00<br \/>\nMontag, 14.03., 17.30 &#8211; 19.00<br \/>\nDienstag, 15.03., 18.30 &#8211; 20.00<br \/>\nMittwoch, 16.03., 17.00 &#8211; 18.30<\/p>\n<p>Diese R\u00e4ume sind nur nach Anmeldung zug\u00e4nglich und werden moderiert. Die Moderator:innen sind Menschen mit \u00e4hnlichen Diskriminierungserfahrungen und \/ oder professionell geschulte Menschen, die Erfahrung mit Empowerment haben. Wir sind uns dessen bewusst, dass Diskriminierungserfahrungen nicht immer eindeutig einer der folgend angef\u00fchrten Diskriminierungsformen zuzuordnen sind, dennoch macht es die Zuordnung einfacher, Sie bei Ihrem Anliegen zu beraten und zu unterst\u00fctzen.<\/p>\n<p>Folgende R\u00e4ume wird es geben, f\u00fcr diskriminierende Erfahrungen die w\u00e4hrend des Kongresses eventuell gemacht werden:<\/p>\n<ul>\n<li>Raum f\u00fcr Menschen, die rassistische Diskriminierung erfahren (Moderation: Dr.in Cassandra Ellerbe; Website: <a href=\"https:\/\/www.cassandraellerbe.com\/\" target=\"_blank\" rel=\"noopener\">https:\/\/www.cassandraellerbe.com\/<\/a>)<\/li>\n<li>Raum f\u00fcr Menschen, die ableistische \/ behindertenfeindliche Diskriminierung erfahren (Moderation: Rebecca Maskos; Website: <a href=\"https:\/\/rebecca-maskos.net\/\" target=\"_blank\" rel=\"noopener\">https:\/\/rebecca-maskos.net\/<\/a>)<\/li>\n<li>Raum f\u00fcr Menschen, die klassistische Diskriminierung erfahren (Moderation: Yasmin Zakouri; Website: <a href=\"https:\/\/www.ewdv-diversity.de\/ueber-uns\/trainer-innen\/\" target=\"_blank\" rel=\"noopener\">https:\/\/www.ewdv-diversity.de\/ueber-uns\/trainer-innen\/<\/a>)<\/li>\n<li>Raum f\u00fcr Menschen, die sexistische Diskriminierung erfahren (Moderation: Theresia Turinsky &amp; Sabine Rotte; Website: <a href=\"http:\/\/koerberrotte.com\/\/willkommen.html\" target=\"_blank\" rel=\"noopener\">http:\/\/koerberrotte.com\/\/willkommen.html<\/a>)<\/li>\n<\/ul>\n<p>Das Ziel dieser R\u00e4ume ist Empowerment, konkret bedeutet dies u.a.:<\/p>\n<ul>\n<li>die M\u00f6glichkeit, sich zu Diskriminierungserfahrungen und Verletzungen auszutauschen und die Anerkennung der damit verbundenen Gef\u00fchle<\/li>\n<li>die Erfahrung von Solidarit\u00e4t<\/li>\n<li>St\u00e4rkung<\/li>\n<li>Entwicklung von Strategien im Umgang mit den durch die Diskriminierung entstandenen Verletzungen.<\/li>\n<\/ul>\n<p>Sie erhalten Zugang zu den R\u00e4umen \u00fcber ein einen Zoom-Link.\u00a0Die Anfrage erfolgt \u00fcber die Mailadresse: <a href=\"m&#97;&#105;&#x6c;&#x74;&#x6f;&#x3a;a&#119;&#97;&#114;&#x65;&#x6e;&#x65;ss&#45;&#100;&#x67;&#x66;&#x65;&#64;u&#110;&#105;&#x2d;&#x62;&#x72;em&#101;&#110;&#x2e;&#x64;&#x65;\">&#x61;&#119;a&#x72;&#x65;&#110;e&#x73;&#115;-&#x64;&#x67;&#102;e&#x40;&#117;n&#x69;&#x2d;&#98;r&#x65;&#x6d;&#101;&#x6e;&#x2e;&#100;e<\/a><\/p>\n<h2><span style=\"font-size: 12pt\"><strong>Begleitung in akuten Situationen<\/strong><\/span><\/h2>\n<p>F\u00fcr dringende F\u00e4lle ist jenseits der entsprechenden R\u00e4ume zu festgelegten Zeitpunkten auch ein kurzfristiger Austausch mit einem Mitglied des Awareness-Teams m\u00f6glich.<br \/>\nUnter dieser Mailadresse k\u00f6nnen Sie Kontakt aufnehmen:<br \/>\n<a href=\"&#x6d;&#x61;&#x69;&#108;&#116;&#111;:a&#x77;&#x61;&#x72;&#x65;&#110;&#101;ss&#x2d;&#x64;&#x67;&#x66;&#101;&#64;un&#x69;&#x2d;&#x62;&#x72;&#101;&#109;&#101;n&#46;&#x64;&#x65;\">&#x61;&#119;&#97;&#x72;&#x65;&#110;&#101;&#x73;&#x73;&#45;&#100;&#x67;&#x66;&#101;&#64;&#x75;&#x6e;&#105;&#45;&#x62;&#x72;&#101;&#109;&#x65;&#x6e;&#46;&#100;&#x65;<\/a><\/p>\n<p>Bitte schildern Sie kurz Ihr Anliegen:<\/p>\n<ul>\n<li>Was ist passiert?<\/li>\n<li>Falls m\u00f6glich dokumentieren Sie bitte die Grenzverletzung<\/li>\n<li>Zum Beispiel f\u00fcr den Fall, dass Sie im Chat bei Zoom bel\u00e4stigt werden: Machen Sie Screenshots oder fotografieren Sie den Bildschirm ab und senden Sie uns diese Bilder in Ihrer Mail mit<\/li>\n<\/ul>\n<p>Ein Mitglied des Awareness-Teams wird sich innerhalb von einer halben Stunde (w\u00e4hrend der Kongresszeit) bei Ihnen melden und Sie f\u00fcr einen pers\u00f6nlichen Austausch in einen der extra daf\u00fcr eingerichteten Zoom-R\u00e4ume bitten.<\/p>\n<p>Erm\u00f6glicht werden die Empowerment-R\u00e4ume durch die finanzielle Unterst\u00fctzung der Max-Tr\u00e4ger-Stiftung.<\/p>\n<p><a href=\"https:\/\/www.gew.de\/stiftungen-vereine\/max-traeger-stiftung\" target=\"_blank\" rel=\"noopener\"><img loading=\"lazy\" decoding=\"async\" class=\"wp-image-934 alignnone\" src=\"https:\/\/blogs.uni-bremen.de\/dgfe2022\/files\/Max-Traeger-Logo-150x150.jpg\" alt=\"Logo der Max Tr\u00e4ger Stiftung\" width=\"84\" height=\"84\" \/><\/a><\/p>\n<p>&nbsp;<\/p>\n","protected":false},"excerpt":{"rendered":"<p>Was tun bei Diskriminierungserfahrungen? Sollten Sie im Rahmen des Kongresses selbst Diskriminierungserfahrungen machen oder diskriminierende Situationen mitbekommen, gibt es unterschiedliche M\u00f6glichkeiten und Strategien, wie Sie damit umgehen k\u00f6nnen: Manchmal passt es die diskriminierende Praxis direkt anzusprechen, z.B. indem Sie darum bitten, dass ein diskriminierendes Wort nicht verwendet wird. Falls dies nicht \u00f6ffentlich im Zoomraum m\u00f6glich [&hellip;]<\/p>\n","protected":false},"author":12879,"featured_media":0,"parent":0,"menu_order":0,"comment_status":"closed","ping_status":"closed","template":"","meta":{"_bbp_topic_count":0,"_bbp_reply_count":0,"_bbp_total_topic_count":0,"_bbp_total_reply_count":0,"_bbp_voice_count":0,"_bbp_anonymous_reply_count":0,"_bbp_topic_count_hidden":0,"_bbp_reply_count_hidden":0,"_bbp_forum_subforum_count":0,"footnotes":""},"class_list":["post-960","page","type-page","status-publish","hentry"],"_links":{"self":[{"href":"https:\/\/blogs.uni-bremen.de\/dgfe2022\/wp-json\/wp\/v2\/pages\/960","targetHints":{"allow":["GET"]}}],"collection":[{"href":"https:\/\/blogs.uni-bremen.de\/dgfe2022\/wp-json\/wp\/v2\/pages"}],"about":[{"href":"https:\/\/blogs.uni-bremen.de\/dgfe2022\/wp-json\/wp\/v2\/types\/page"}],"author":[{"embeddable":true,"href":"https:\/\/blogs.uni-bremen.de\/dgfe2022\/wp-json\/wp\/v2\/users\/12879"}],"replies":[{"embeddable":true,"href":"https:\/\/blogs.uni-bremen.de\/dgfe2022\/wp-json\/wp\/v2\/comments?post=960"}],"version-history":[{"count":7,"href":"https:\/\/blogs.uni-bremen.de\/dgfe2022\/wp-json\/wp\/v2\/pages\/960\/revisions"}],"predecessor-version":[{"id":976,"href":"https:\/\/blogs.uni-bremen.de\/dgfe2022\/wp-json\/wp\/v2\/pages\/960\/revisions\/976"}],"wp:attachment":[{"href":"https:\/\/blogs.uni-bremen.de\/dgfe2022\/wp-json\/wp\/v2\/media?parent=960"}],"curies":[{"name":"wp","href":"https:\/\/api.w.org\/{rel}","templated":true}]}}