{"id":707,"date":"2021-10-06T11:00:27","date_gmt":"2021-10-06T09:00:27","guid":{"rendered":"https:\/\/blogs.uni-bremen.de\/dgfe2022\/?page_id=707"},"modified":"2021-10-08T11:29:20","modified_gmt":"2021-10-08T09:29:20","slug":"gebuhrenordnung-fur-screenreader","status":"publish","type":"page","link":"https:\/\/blogs.uni-bremen.de\/dgfe2022\/gebuhrenordnung-fur-screenreader\/","title":{"rendered":"Teilnahmegeb\u00fchren f\u00fcr Screenreader"},"content":{"rendered":"<h1><span style=\"font-size: 12pt\"><strong>Phase Fr\u00fchbuchung (8.10.2021 bis 30.11.2021)<\/strong><\/span><\/h1>\n<p><span style=\"font-size: 12pt\">Nicht-Mitglieder: 250,00 Euro<br \/>\nOrdentliche Mitglieder der DGfE, \u00d6FEB, SGBF: 17<\/span><span style=\"font-size: 12pt\">0,00 Euro<br \/>\n<\/span><span style=\"font-size: 12pt\">Ordentliche Mitglieder der DGfE mit erm\u00e4\u00dfigtem Beitragssatz: 1<\/span><span style=\"font-size: 12pt\">50,00 Euro<br \/>\n<\/span><span style=\"font-size: 12pt\">Assoziierte Mitglieder der DGfE: 1<\/span><span style=\"font-size: 12pt\">20,00 Euro<br \/>\n<\/span><span style=\"font-size: 12pt\">Mit Nachweis: Studierende BA\/MA; Stipendiat*innen; Erwerbslose: 8<\/span><span style=\"font-size: 12pt\">0,00 Euro<\/span><\/p>\n<h1><span style=\"font-size: 12pt\"><strong>Phase Normalpreis (1.12.2021 bis 31.01.2022)<\/strong><\/span><\/h1>\n<p><span style=\"font-size: 12pt\">Nicht-Mitglieder: 270,00 Euro<br \/>\nOrdentliche Mitglieder der DGfE, \u00d6FEB, SGBF:\u00a0<\/span><span style=\"font-size: 12pt\">200,00 Euro<br \/>\n<\/span><span style=\"font-size: 12pt\">Ordentliche Mitglieder der DGfE mit erm\u00e4\u00dfigtem Beitragssatz: 17<\/span><span style=\"font-size: 12pt\">0,00 Euro<br \/>\n<\/span><span style=\"font-size: 12pt\">Assoziierte Mitglieder der DGfE: 14<\/span><span style=\"font-size: 12pt\">0,00 Euro<br \/>\n<\/span><span style=\"font-size: 12pt\">Mit Nachweis: Studierende BA\/MA; Stipendiat*innen; Erwerbslose: 9<\/span><span style=\"font-size: 12pt\">0,00 Euro<\/span><\/p>\n<h1><span style=\"font-size: 12pt\"><strong>Phase Sp\u00e4tbuchung (ab 1.2.2022)<\/strong><\/span><\/h1>\n<p><span style=\"font-size: 12pt\">Nicht-Mitglieder: 300,00 Euro<br \/>\nOrdentliche Mitglieder der DGfE, \u00d6FEB, SGBF:\u00a0<\/span><span style=\"font-size: 12pt\">230,00 Euro<br \/>\n<\/span><span style=\"font-size: 12pt\">Ordentliche Mitglieder der DGfE mit erm\u00e4\u00dfigtem Beitragssatz:\u00a0<\/span><span style=\"font-size: 12pt\">200,00 Euro<br \/>\n<\/span><span style=\"font-size: 12pt\">Assoziierte Mitglieder der DGfE: 17<\/span><span style=\"font-size: 12pt\">0,00 Euro<br \/>\n<\/span><span style=\"font-size: 12pt\">Mit Nachweis: Studierende BA\/MA; Stipendiat*innen; Erwerbslose: 10<\/span><span style=\"font-size: 12pt\">0,00 Euro<\/span><\/p>\n<h1><strong><span style=\"font-size: 12pt\">Informationen zur Preisgestaltung<\/span><\/strong><\/h1>\n<p><span style=\"font-size: 12pt\">Der erste digitale Kongress in der Geschichte der DGfE er\u00f6ffnet \u2013 gerade weil er digital ist \u2013 f\u00fcr uns alle viele neue M\u00f6glichkeiten. So k\u00f6nnen z.B. mehr internationale Kolleg*innen teilnehmen und die Vereinbarkeit mit anderen beruflichen und famili\u00e4ren Verpflichtungen ist leichter m\u00f6glich. Zugleich ist er mit Kosten verbunden, die durch das digitale Format nicht geringer ausfallen, als wenn er vor Ort stattfinden w\u00fcrde. Die gesamte Vorbereitung und Durchf\u00fchrung dieses von Drittmitteln unabh\u00e4ngigen Kongresses (wie z.B. Finanzierung von Geh\u00e4ltern der Gesch\u00e4ftsf\u00fchrung, digitaler Plattformen, studentischer Hilfskr\u00e4fte, Kulturprogramm etc.) wird \u00fcberwiegend \u00fcber die Teilnahmebeitr\u00e4ge zum Kongress finanziert. Daraus erkl\u00e4rt sich der als solidarisch zu verstehende Teilnahmebetrag, der unsere Kosten decken muss. Im Gegenzug erwartet Sie ein Kongress der besonderen Art mit der Breite eines gewohnt anregenden Angebots an Veranstaltungen und manchen \u00b4digitalen\u00b4 \u00dcberraschungen. Seien Sie versichert: Auch der informelle Austausch wird nicht zu kurz kommen, den viele gerade mit dem DGfE-Kongress verbinden.<\/span><\/p>\n<h1><span style=\"font-size: 12pt\">\u00a0<\/span><\/h1>\n","protected":false},"excerpt":{"rendered":"<p>Phase Fr\u00fchbuchung (8.10.2021 bis 30.11.2021) Nicht-Mitglieder: 250,00 Euro Ordentliche Mitglieder der DGfE, \u00d6FEB, SGBF: 170,00 Euro Ordentliche Mitglieder der DGfE mit erm\u00e4\u00dfigtem Beitragssatz: 150,00 Euro Assoziierte Mitglieder der DGfE: 120,00 Euro Mit Nachweis: Studierende BA\/MA; Stipendiat*innen; Erwerbslose: 80,00 Euro Phase Normalpreis (1.12.2021 bis 31.01.2022) Nicht-Mitglieder: 270,00 Euro Ordentliche Mitglieder der DGfE, \u00d6FEB, SGBF:\u00a0200,00 Euro Ordentliche [&hellip;]<\/p>\n","protected":false},"author":12879,"featured_media":0,"parent":0,"menu_order":0,"comment_status":"closed","ping_status":"closed","template":"","meta":{"_bbp_topic_count":0,"_bbp_reply_count":0,"_bbp_total_topic_count":0,"_bbp_total_reply_count":0,"_bbp_voice_count":0,"_bbp_anonymous_reply_count":0,"_bbp_topic_count_hidden":0,"_bbp_reply_count_hidden":0,"_bbp_forum_subforum_count":0,"footnotes":""},"class_list":["post-707","page","type-page","status-publish","hentry"],"_links":{"self":[{"href":"https:\/\/blogs.uni-bremen.de\/dgfe2022\/wp-json\/wp\/v2\/pages\/707","targetHints":{"allow":["GET"]}}],"collection":[{"href":"https:\/\/blogs.uni-bremen.de\/dgfe2022\/wp-json\/wp\/v2\/pages"}],"about":[{"href":"https:\/\/blogs.uni-bremen.de\/dgfe2022\/wp-json\/wp\/v2\/types\/page"}],"author":[{"embeddable":true,"href":"https:\/\/blogs.uni-bremen.de\/dgfe2022\/wp-json\/wp\/v2\/users\/12879"}],"replies":[{"embeddable":true,"href":"https:\/\/blogs.uni-bremen.de\/dgfe2022\/wp-json\/wp\/v2\/comments?post=707"}],"version-history":[{"count":10,"href":"https:\/\/blogs.uni-bremen.de\/dgfe2022\/wp-json\/wp\/v2\/pages\/707\/revisions"}],"predecessor-version":[{"id":781,"href":"https:\/\/blogs.uni-bremen.de\/dgfe2022\/wp-json\/wp\/v2\/pages\/707\/revisions\/781"}],"wp:attachment":[{"href":"https:\/\/blogs.uni-bremen.de\/dgfe2022\/wp-json\/wp\/v2\/media?parent=707"}],"curies":[{"name":"wp","href":"https:\/\/api.w.org\/{rel}","templated":true}]}}