{"id":440,"date":"2022-06-28T18:31:42","date_gmt":"2022-06-28T16:31:42","guid":{"rendered":"https:\/\/blogs.uni-bremen.de\/caroclis\/?page_id=440"},"modified":"2024-09-11T15:52:58","modified_gmt":"2024-09-11T13:52:58","slug":"caroplusonko-materialien","status":"publish","type":"page","link":"https:\/\/blogs.uni-bremen.de\/caroclis\/caroplusonko-materialien\/","title":{"rendered":"CAROplusONKO Materialien"},"content":{"rendered":"<p><div class=\"et_d4_element et_pb_section et_pb_section_0  et_pb_css_mix_blend_mode et_section_regular et_block_section\" >\n\t\t\t\t\n\t\t\t\t\n\t\t\t\t\n\t\t\t\t\n\t\t\t\t\n\t\t\t\t\n\t\t\t\t<div class=\"et_d4_element et_pb_row et_pb_row_0  et_pb_css_mix_blend_mode et_block_row\">\n\t\t\t\t<div class=\"et_d4_element et_pb_column_4_4 et_pb_column et_pb_column_0  et_pb_css_mix_blend_mode et-last-child et_block_column\">\n\t\t\t\t\n\t\t\t\t\n\t\t\t\t\n\t\t\t\t\n\t\t\t\t<div class=\"et_pb_module et_d4_element et_pb_text et_pb_text_0  et_pb_text_align_left et_pb_bg_layout_light\">\n\t\t\t\t\n\t\t\t\t\n\t\t\t\t\n\t\t\t\t\n\t\t\t\t<div class=\"et_pb_text_inner\"><h2>Das CAROplusONKO Lehr-Lernmaterial<\/h2>\n<p>In der Pflege und Begleitung von Menschen mit onkologischen Erkrankungen sind Pflegekr\u00e4fte immer wieder mit herausfordernden Kommunikationssituationen konfrontiert. Die Beratungsbed\u00fcrfnisse der Betroffenen und ihren Bezugspersonen variieren dabei in den unterschiedlichen Phasen der Krebserkrankung. Um den Betroffenen zu helfen, ihre eigene Erkrankung zu verarbeiten, bedarf es einer professionell gelingenden Kommunikation.<\/p>\n<p>Unter anderem aus diesen Gr\u00fcnden wurden im Projekt CAROplusONKO Lehr-Lernmaterialien entwickelt, die mit der CARO Anwendung im Pr\u00e4senzunterricht, in reinen online Settings, lernort\u00fcbergreifend oder auch in flipped classroom Konzepten umgesetzt werden k\u00f6nnen.<\/p>\n<p>Grundlage f\u00fcr die Entwicklung der Lehr-Lernmaterialien ist das Mustercurriculum \u201eKommunikative Kompetenz in der onkologischen Fachweiterbildung\u201c. Ganze Unterrichte oder auch einzelne Aufgaben k\u00f6nnen komplett oder individuell angepasst in die Fachweiterbildung integriert werden.\u00a0Die Lehr-Lernmaterialien adressieren unterschiedliche Kompetenzen und Bildungsdimensionen, so dass neben einf\u00fchrenden auch komplexere Lernprozesse unterst\u00fctzt werden k\u00f6nnen.<\/p><\/div>\n\t\t\t<\/div>\n\t\t\t<\/div>\n\t\t\t\t\n\t\t\t\t\n\t\t\t\t\n\t\t\t\t\n\t\t\t<\/div><div class=\"et_d4_element et_pb_row et_pb_row_1  et_pb_css_mix_blend_mode et_block_row\">\n\t\t\t\t<div class=\"et_d4_element et_pb_column_1_2 et_pb_column et_pb_column_1  et_pb_css_mix_blend_mode et_block_column\">\n\t\t\t\t\n\t\t\t\t\n\t\t\t\t\n\t\t\t\t\n\t\t\t\t<div class=\"et_pb_button_module_wrapper et_pb_button_0_wrapper  et_pb_module \">\n\t\t\t\t<a class=\"et_pb_button et_d4_element et_pb_button_0 et_pb_bg_layout_light et_block_module\" href=\"https:\/\/nc.uni-bremen.de\/index.php\/s\/wEAEsS6KNKLnykG\" target=\"_blank\">Zum Aufgabenmaterial<\/a>\n\t\t\t<\/div>\n\t\t\t<\/div><div class=\"et_d4_element et_pb_column_1_2 et_pb_column et_pb_column_2  et_pb_css_mix_blend_mode et-last-child et_block_column\">\n\t\t\t\t\n\t\t\t\t\n\t\t\t\t\n\t\t\t\t\n\t\t\t\t<div class=\"et_pb_button_module_wrapper et_pb_button_1_wrapper et_pb_button_alignment_right et_pb_module \">\n\t\t\t\t<a class=\"et_pb_button et_d4_element et_pb_button_1 et_pb_bg_layout_light et_block_module\" href=\"https:\/\/nc.uni-bremen.de\/index.php\/s\/QdZNYAzC9HpAGTT\" target=\"_blank\">Zum Mustercurriculum<\/a>\n\t\t\t<\/div>\n\t\t\t<\/div>\n\t\t\t\t\n\t\t\t\t\n\t\t\t\t\n\t\t\t\t\n\t\t\t<\/div><div class=\"et_d4_element et_pb_row et_pb_row_2  et_pb_css_mix_blend_mode et_block_row\">\n\t\t\t\t<div class=\"et_d4_element et_pb_column_4_4 et_pb_column et_pb_column_3  et_pb_css_mix_blend_mode et-last-child et_block_column\">\n\t\t\t\t\n\t\t\t\t\n\t\t\t\t\n\t\t\t\t\n\t\t\t\t<div class=\"et_pb_module et_d4_element et_pb_text et_pb_text_1  et_pb_text_align_left et_pb_bg_layout_light\">\n\t\t\t\t\n\t\t\t\t\n\t\t\t\t\n\t\t\t\t\n\t\t\t\t<div class=\"et_pb_text_inner\"><h2><strong><\/strong><\/h2>\n<h2><strong><\/strong><\/h2>\n<h2><strong>Die CAROplusONKO Lernsituationen<\/strong><strong><\/strong><\/h2>\n<p>Aufbauend auf dem Mustercurrculum\u00a0\u201eKommunikative Kompetenz in der Fachweiterbildung \u201ePflege in der Onkologie\u201c wurden drei Lernsituationen f\u00fcr den Unterricht mit CARO entwickelt.\u00a0<\/p><\/div>\n\t\t\t<\/div>\n\t\t\t<\/div>\n\t\t\t\t\n\t\t\t\t\n\t\t\t\t\n\t\t\t\t\n\t\t\t<\/div><div class=\"et_d4_element et_pb_row et_pb_row_3  et_pb_css_mix_blend_mode et_block_row\">\n\t\t\t\t<div class=\"et_d4_element et_pb_column_4_4 et_pb_column et_pb_column_4  et_pb_css_mix_blend_mode et-last-child et_block_column\">\n\t\t\t\t\n\t\t\t\t\n\t\t\t\t\n\t\t\t\t\n\t\t\t\t<div class=\"et_pb_module et_d4_element et_pb_tabs et_pb_tabs_0 \" >\n\t\t\t\t\n\t\t\t\t\n\t\t\t\t\n\t\t\t\t\n\t\t\t\t<ul class=\"et_pb_tabs_controls clearfix\">\n\t\t\t\t\t<li class=\"et_pb_tab_0 et_pb_tab_active\"><a href=\"#\">Kommunikation und Beratung im Umfeld der Diagnose<\/a><\/li><li class=\"et_pb_tab_1\"><a href=\"#\">Kommunikaton und Beratung bei Therapiebeginn und -verlauf<\/a><\/li><li class=\"et_pb_tab_2\"><a href=\"#\">Kommunikation und Beratung in der Phase der Abw\u00e4rtsentwicklung und des Sterbens<\/a><\/li><li class=\"et_pb_tab_3\"><a href=\"#\">Kollegiale Beratung<\/a><\/li>\n\t\t\t\t<\/ul>\n\t\t\t\t<div class=\"et_pb_all_tabs\">\n\t\t\t\t\t<div class=\"et_d4_element et_pb_tab et_pb_tab_0 clearfix et_pb_active_content\">\n\t\t\t\t\n\t\t\t\t\n\t\t\t\t\n\t\t\t\t\n\t\t\t\t<div class=\"et_pb_tab_content\"><ul>\n<li class=\"p1\">F\u00fcnf Sequenzen<\/li>\n<li class=\"p1\">Gesamtdauer von 990 Minuten und dementsprechend 22 Unterrichtsstunden<\/li>\n<li class=\"p1\">Audio: \u201eFrau Behrens kommt zur Aufnahme\u201c<\/li>\n<li class=\"p1\">Link zum gesamten Unterrichtsmaterial: <a href=\"https:\/\/nc.uni-bremen.de\/index.php\/s\/g5W8jdWJqJePXHb\" target=\"_blank\" rel=\"noopener\">https:\/\/nc.uni-bremen.de\/index.php\/s\/g5W8jdWJqJePXHb<\/a><\/li>\n<\/ul>\n<p>Die Lernsituation \u201eKommunikation und Beratung im Umfeld der Diagnose\u201c wird durch die Fallsituation \u201eFrau Behrens kommt zur Aufnahme\u201c eingeleitet. Dieser Audiofall schildert, wie eine Pflegefachkraft mit einer emotional hoch belastenden Situation konfrontiert wird. Die von Krebs betroffene Person hat gerade erst ihre Diagnose erhalten. Ad-hoc richtet sie unz\u00e4hlige Fragen an die Pflegefachkraft, die sich mit dem Widerspruch konfrontiert sieht, Frau Behrens einerseits ad\u00e4quate, im Rahmen Ihres professionellen Handlungsspektrums zul\u00e4ssige Informationen zu erteilen, und andererseits die Emotionen von Frau Behrens aufzufangen und einfach nur \u201ezuzuh\u00f6ren\u201cversucht. Dabei wird dar\u00fcber hinaus deutlich, dass auch die Pflegefachkraft belastet wird. In unterschiedlichen Lernsequenzen k\u00f6nnen Kompetenzen und um den Kontext der Diagnosenstellung erlangt werden.<span class=\"Apple-converted-space\">\u00a0<\/span><\/p>\n<p><img loading=\"lazy\" decoding=\"async\" src=\"https:\/\/blogs.uni-bremen.de\/caroclis\/files\/Umfeld_Diagnose.png\" alt=\"\" class=\"wp-image-445 alignnone size-full\" width=\"2480\" height=\"3507\" srcset=\"https:\/\/blogs.uni-bremen.de\/caroclis\/files\/Umfeld_Diagnose.png 2480w, https:\/\/blogs.uni-bremen.de\/caroclis\/files\/Umfeld_Diagnose-1280x1810.png 1280w, https:\/\/blogs.uni-bremen.de\/caroclis\/files\/Umfeld_Diagnose-980x1386.png 980w, https:\/\/blogs.uni-bremen.de\/caroclis\/files\/Umfeld_Diagnose-480x679.png 480w\" sizes=\"(min-width: 0px) and (max-width: 480px) 480px, (min-width: 481px) and (max-width: 980px) 980px, (min-width: 981px) and (max-width: 1280px) 1280px, (min-width: 1281px) 2480px, 100vw\" \/><\/p><\/div>\n\t\t\t<\/div><div class=\"et_d4_element et_pb_tab et_pb_tab_1 clearfix\">\n\t\t\t\t\n\t\t\t\t\n\t\t\t\t\n\t\t\t\t\n\t\t\t\t<div class=\"et_pb_tab_content\"><ul>\n<li class=\"p1\">Eine Sequenz<\/li>\n<li class=\"p1\">Gesamtdauer von 705 Minuten<\/li>\n<li class=\"p1\">Link zum gesamten Unterrichtsmaterial: <a href=\"https:\/\/nc.uni-bremen.de\/index.php\/s\/8SRSTggxmxSDZ57\" target=\"_blank\" rel=\"noopener\">https:\/\/nc.uni-bremen.de\/index.php\/s\/8SRSTggxmxSDZ57<\/a><\/li>\n<\/ul>\n<p>Bei Therapiebeginn und -Verlauf beginnt f\u00fcr von Krebs betroffene Menschen ein neuer Abschnitt im Krankheitserleben. Hier geht es um konkrete Therapieans\u00e4tze und die Frage, wie die von Krebs betroffenen Menschen kommunikativ und beraterisch durch die Pflegefachkraft unterst\u00fctzt werden k\u00f6nnen.\u00a0Eine gute M\u00f6glichkeit zur Therapiebegleitung bieten sogenannte Selbstmanagement-Apps. Damit Pflegefachkr\u00e4fte solche APPS fundiert in ihre Beratung integrieren k\u00f6nnen, haben wir einen Unterricht zum Thema Selbstmanagement Apps entwickelt. Hier k\u00f6nnen Fachpflegekr\u00e4fte lernen, welche Apps zum Selbstmanagement auf dem Markt sind und wie sie professionell beurteilt werden k\u00f6nnen.<\/p>\n<p>&nbsp;<\/p>\n<p>&nbsp;<\/p><\/div>\n\t\t\t<\/div><div class=\"et_d4_element et_pb_tab et_pb_tab_2 clearfix\">\n\t\t\t\t\n\t\t\t\t\n\t\t\t\t\n\t\t\t\t\n\t\t\t\t<div class=\"et_pb_tab_content\"><ul>\n<li class=\"p1\">drei Aufgaben<\/li>\n<li class=\"p1\">f\u00fcnf Audiodateien als Materialien f\u00fcr die Aufgaben<\/li>\n<li class=\"p1\">Link zum gesamten Aufgabenmaterial: <a href=\"https:\/\/nc.uni-bremen.de\/index.php\/s\/8wc5iXNMZnzMXRj\" target=\"_blank\" rel=\"noopener\">https:\/\/nc.uni-bremen.de\/index.php\/s\/8wc5iXNMZnzMXRj<\/a><\/li>\n<\/ul>\n<p style=\"font-weight: 400\">In Anlehnung an das Modul \u201ePalliativ pflegen\u201c (Deutsche Krankenhausgesellschaft (DKG), 2022) bietet CARO verschiedene Materialien und Aufgabenstellungen an, die einen besonderen Fokus auf die Kommunikation in der letzten Lebensphase zu pflegender Menschen und ihrer Bezugspersonen legen. Lernende sollen dabei unterst\u00fctzt werden, ihre eigene Haltung bzw. Einstellung zum Thema Tod zu reflektieren und Strategien zu entwickeln, wie sie mit Sterbenden und ihren Bezugspersonen kommunizieren k\u00f6nnen sowie\u00a0sich mit dem Thema Trauer und Verlust auseinanderzusetzen.<\/p>\n<p><span style=\"font-weight: 400\">Die Materialien und Aufgabenstellungen k\u00f6nnen in bestehende Unterrichtskonzepte integriert werden und f\u00fcr spezielle Anforderungen angepasst bzw. modifiziert werden.<\/span><\/p>\n<div>\n<div>\n<h3 style=\"text-align: center\"><img loading=\"lazy\" decoding=\"async\" src=\"https:\/\/blogs.uni-bremen.de\/caroclis\/files\/drei_Aufgaben_Abwaertsentwicklung.png\" width=\"2480\" height=\"3508\" alt=\"\" class=\"wp-image-516 alignnone size-full\" srcset=\"https:\/\/blogs.uni-bremen.de\/caroclis\/files\/drei_Aufgaben_Abwaertsentwicklung.png 2480w, https:\/\/blogs.uni-bremen.de\/caroclis\/files\/drei_Aufgaben_Abwaertsentwicklung-1280x1811.png 1280w, https:\/\/blogs.uni-bremen.de\/caroclis\/files\/drei_Aufgaben_Abwaertsentwicklung-980x1386.png 980w, https:\/\/blogs.uni-bremen.de\/caroclis\/files\/drei_Aufgaben_Abwaertsentwicklung-480x679.png 480w\" sizes=\"(min-width: 0px) and (max-width: 480px) 480px, (min-width: 481px) and (max-width: 980px) 980px, (min-width: 981px) and (max-width: 1280px) 1280px, (min-width: 1281px) 2480px, 100vw\" \/><\/h3>\n<\/div>\n<\/div><\/div>\n\t\t\t<\/div><div class=\"et_d4_element et_pb_tab et_pb_tab_3 clearfix\">\n\t\t\t\t\n\t\t\t\t\n\t\t\t\t\n\t\t\t\t\n\t\t\t\t<div class=\"et_pb_tab_content\"><ul>\n<li class=\"p1\">Eine Sequenz, ein Praxisprojekt und eine Handreichung<\/li>\n<li class=\"p1\">Gesamtdauer von 240 Minuten und Praxisprojekt<\/li>\n<li class=\"p1\">Link zum gesamten Unterrichtsmaterial: <a href=\"https:\/\/nc.uni-bremen.de\/index.php\/s\/fDJT6s2DpHoDR8q\" target=\"_blank\" rel=\"noopener\">https:\/\/nc.uni-bremen.de\/index.php\/s\/fDJT6s2DpHoDR8q<\/a><\/li>\n<\/ul>\n<p>Pflegefachkr\u00e4fte sind in ihrem beruflichen Alltag hohen Belastungen ausgesetzt. Einerseits, weil sie h\u00e4ufig kommunikativ anspruchsvolle Situationen gestalten m\u00fcssen, hohe emotionale Belastungen der von Krebs betroffenen Menschen erleben, oder schwerwiegende Therapieentscheidungen mit begleiten. Dar\u00fcber hinaus schlagen sich gerade auch im Alltag der onkologischen Fachpflege die mangelnden Zeit und die hohe Arbeitsbelastung nieder. Daher ist es wichtig, dass Pflegefachkr\u00e4fte Hilfestellungen zur Selbsthilfe erhalten. Eine Methode, um Probleme aus dem Arbeitsalltag konstruktiv auf kollegialer Ebene zu l\u00f6sen und zu reflektieren, ist die Kollegiale Beratung. Diese Form der Beratung kann eigenverantwortlich mit Kolleg*innen aus einem Arbeitssetting durchgef\u00fchrt werden. Im Projekt CAROplusONKO haben wir unterschiedliche Materialien und Lehr-Lernkonzepte entwickelt, die helfen sollen, die Kollegiale Beratung im Rahmen der Fachweiterbildung zu integrieren und ebenso in der Praxis zu implementieren.<\/p>\n<p><span>\u00a0<\/span><\/p>\n<p><img loading=\"lazy\" decoding=\"async\" src=\"https:\/\/blogs.uni-bremen.de\/caroclis\/files\/Kollegiale_Beratung_Grafik.png\" alt=\"\" class=\"wp-image-446 alignnone size-full\" width=\"2480\" height=\"3507\" srcset=\"https:\/\/blogs.uni-bremen.de\/caroclis\/files\/Kollegiale_Beratung_Grafik.png 2480w, https:\/\/blogs.uni-bremen.de\/caroclis\/files\/Kollegiale_Beratung_Grafik-1280x1810.png 1280w, https:\/\/blogs.uni-bremen.de\/caroclis\/files\/Kollegiale_Beratung_Grafik-980x1386.png 980w, https:\/\/blogs.uni-bremen.de\/caroclis\/files\/Kollegiale_Beratung_Grafik-480x679.png 480w\" sizes=\"(min-width: 0px) and (max-width: 480px) 480px, (min-width: 481px) and (max-width: 980px) 980px, (min-width: 981px) and (max-width: 1280px) 1280px, (min-width: 1281px) 2480px, 100vw\" \/><\/p><\/div>\n\t\t\t<\/div>\n\t\t\t\t<\/div>\n\t\t\t<\/div>\n\t\t\t<\/div>\n\t\t\t\t\n\t\t\t\t\n\t\t\t\t\n\t\t\t\t\n\t\t\t<\/div>\n\t\t\t\t\n\t\t\t\t\n\t\t\t<\/div><div class=\"et_d4_element et_pb_section et_pb_section_1  et_pb_css_mix_blend_mode et_section_regular et_block_section\" >\n\t\t\t\t\n\t\t\t\t\n\t\t\t\t\n\t\t\t\t\n\t\t\t\t\n\t\t\t\t\n\t\t\t\t\n\t\t\t\t\n\t\t\t\t\n\t\t\t<\/div><div class=\"et_d4_element et_pb_section et_pb_section_2  et_pb_css_mix_blend_mode et_section_regular et_block_section\" >\n\t\t\t\t\n\t\t\t\t\n\t\t\t\t\n\t\t\t\t\n\t\t\t\t\n\t\t\t\t\n\t\t\t\t<div class=\"et_d4_element et_pb_row et_pb_row_4  et_pb_css_mix_blend_mode et_block_row\">\n\t\t\t\t<div class=\"et_d4_element et_pb_column_4_4 et_pb_column et_pb_column_5  et_pb_css_mix_blend_mode et-last-child et_block_column et_pb_column_empty\">\n\t\t\t\t\n\t\t\t\t\n\t\t\t\t\n\t\t\t\t\n\t\t\t\t\n\t\t\t<\/div>\n\t\t\t\t\n\t\t\t\t\n\t\t\t\t\n\t\t\t\t\n\t\t\t<\/div>\n\t\t\t\t\n\t\t\t\t\n\t\t\t<\/div><\/p>\n","protected":false},"excerpt":{"rendered":"","protected":false},"author":10261,"featured_media":0,"parent":0,"menu_order":0,"comment_status":"closed","ping_status":"closed","template":"","meta":{"_bbp_topic_count":0,"_bbp_reply_count":0,"_bbp_total_topic_count":0,"_bbp_total_reply_count":0,"_bbp_voice_count":0,"_bbp_anonymous_reply_count":0,"_bbp_topic_count_hidden":0,"_bbp_reply_count_hidden":0,"_bbp_forum_subforum_count":0,"_et_pb_use_builder":"on","_et_pb_old_content":"","_et_gb_content_width":"","footnotes":""},"class_list":["post-440","page","type-page","status-publish","hentry"],"_links":{"self":[{"href":"https:\/\/blogs.uni-bremen.de\/caroclis\/wp-json\/wp\/v2\/pages\/440","targetHints":{"allow":["GET"]}}],"collection":[{"href":"https:\/\/blogs.uni-bremen.de\/caroclis\/wp-json\/wp\/v2\/pages"}],"about":[{"href":"https:\/\/blogs.uni-bremen.de\/caroclis\/wp-json\/wp\/v2\/types\/page"}],"author":[{"embeddable":true,"href":"https:\/\/blogs.uni-bremen.de\/caroclis\/wp-json\/wp\/v2\/users\/10261"}],"replies":[{"embeddable":true,"href":"https:\/\/blogs.uni-bremen.de\/caroclis\/wp-json\/wp\/v2\/comments?post=440"}],"version-history":[{"count":10,"href":"https:\/\/blogs.uni-bremen.de\/caroclis\/wp-json\/wp\/v2\/pages\/440\/revisions"}],"predecessor-version":[{"id":569,"href":"https:\/\/blogs.uni-bremen.de\/caroclis\/wp-json\/wp\/v2\/pages\/440\/revisions\/569"}],"wp:attachment":[{"href":"https:\/\/blogs.uni-bremen.de\/caroclis\/wp-json\/wp\/v2\/media?parent=440"}],"curies":[{"name":"wp","href":"https:\/\/api.w.org\/{rel}","templated":true}]}}