{"id":11,"date":"2021-03-01T08:17:10","date_gmt":"2021-03-01T07:17:10","guid":{"rendered":"https:\/\/blogs.uni-bremen.de\/caroclis\/?page_id=11"},"modified":"2022-11-16T14:07:23","modified_gmt":"2022-11-16T13:07:23","slug":"downloads","status":"publish","type":"page","link":"https:\/\/blogs.uni-bremen.de\/caroclis\/downloads\/","title":{"rendered":"Zugang"},"content":{"rendered":"<div class=\"et_d4_element et_pb_section et_pb_section_0  et_pb_css_mix_blend_mode et_section_regular et_block_section\" >\n\t\t\t\t\n\t\t\t\t\n\t\t\t\t\n\t\t\t\t\n\t\t\t\t\n\t\t\t\t\n\t\t\t\t<div class=\"et_d4_element et_pb_row et_pb_row_0  et_pb_css_mix_blend_mode et_block_row\">\n\t\t\t\t<div class=\"et_d4_element et_pb_column_4_4 et_pb_column et_pb_column_0  et_pb_css_mix_blend_mode et-last-child et_block_column\">\n\t\t\t\t\n\t\t\t\t\n\t\t\t\t\n\t\t\t\t\n\t\t\t\t<div class=\"et_pb_module et_d4_element et_pb_text et_pb_text_0  et_pb_text_align_left et_pb_bg_layout_light\">\n\t\t\t\t\n\t\t\t\t\n\t\t\t\t\n\t\t\t\t\n\t\t\t\t<div class=\"et_pb_text_inner\"><h2 class=\"headline\">Es ist soweit: Das neue CARO ist nun vollumf\u00e4nglich f\u00fcr Lehrende verf\u00fcgbar!<\/h2>\n<p>&nbsp;<\/p>\n<p>Aus der Demo und der CARO-onko-Version wird <strong>caro.cloud<\/strong>\u00a0mit allen bekannten und vielen neuen Inhalten und Funktionen!<\/p>\n<p>Seit dem 15.11.2022 k\u00f6nnen Sie einen Account f\u00fcr die neue CARO-Instanz erhalten. Nutzen Sie daf\u00fcr einfach\u00a0das Kontaktformular. Sie erhalten werktags innerhalb von 24 Stunden Ihren caro.cloud-Account von uns.\u00a0<\/p>\n<p>Alle <strong>Interessierten<\/strong>, die sich <strong>bereits vorab f\u00fcr einen CARO-Account<\/strong> bei uns angemeldet haben, <strong>bekommen diesen automatisch zugeschickt<\/strong>.<\/p>\n<p>Wenn Sie bereits einen <strong>onko.caro.cloud-Account<\/strong> besitzen, <strong>k\u00f6nnen Sie diesen auch f\u00fcr die neue CARO-Instanz nutzen<\/strong>. Einfach unter <a href=\"https:\/\/caro.cloud\" target=\"_blank\" rel=\"noopener\">caro.cloud<\/a> anmelden und los geht\u2019s in der neuen Instanz.<\/p>\n<p><strong>Alle demo.caro.cloud-Nutzer:innen<\/strong> m\u00fcssen bitten aus technischen Gr\u00fcnden\u00a0<strong>einen neuen Account bei uns beantragen<\/strong>. Nach Erstellung des neuen caro.cloud-Accounts wird Ihnen Ihr <strong>Demo-Account leider nicht mehr zur Verf\u00fcgung stehen<\/strong>.<\/p><\/div>\n\t\t\t<\/div><div class=\"et_pb_module et_d4_element et_pb_text et_pb_text_1  et_pb_text_align_left et_pb_bg_layout_light\">\n\t\t\t\t\n\t\t\t\t\n\t\t\t\t\n\t\t\t\t\n\t\t\t\t\n\t\t\t<\/div>\n\t\t\t<\/div>\n\t\t\t\t\n\t\t\t\t\n\t\t\t\t\n\t\t\t\t\n\t\t\t<\/div><div class=\"et_d4_element et_pb_row et_pb_row_1  et_pb_css_mix_blend_mode et_block_row\">\n\t\t\t\t<div class=\"et_d4_element et_pb_column_4_4 et_pb_column et_pb_column_1  et_pb_css_mix_blend_mode et-last-child et_block_column\">\n\t\t\t\t\n\t\t\t\t\n\t\t\t\t\n\t\t\t\t\n\t\t\t\t\n\t\t\t<div id=\"et_pb_contact_form_0\" class=\"et_pb_module et_d4_element et_pb_contact_form_0 et_pb_contact_form_container clearfix et_block_module\" data-form_unique_num=\"0\" data-form_unique_id=\"f8fb0d06-1922-4a79-997c-c5f9b54d674e\">\n\t\t\t\t\n\t\t\t\t\n\t\t\t\t\n\t\t\t\t\n\t\t\t\t\n\t\t\t\t<div class=\"et-pb-contact-message\"><\/div>\n\t\t\t\t\n\t\t\t\t<div class=\"et_pb_contact\">\n\t\t\t\t\t<form class=\"et_pb_contact_form clearfix\" method=\"post\" action=\"https:\/\/blogs.uni-bremen.de\/caroclis\/wp-json\/wp\/v2\/pages\/11\">\n\t\t\t\t\t\t<p class=\"et_d4_element et_pb_contact_field et_pb_contact_field_0 et_pb_contact_field_half\" data-id=\"name\" data-type=\"input\">\n\t\t\t\t\n\t\t\t\t\n\t\t\t\t\n\t\t\t\t\n\t\t\t\t<label for=\"et_pb_contact_name_0\" class=\"et_pb_contact_form_label\">Name<\/label>\n\t\t\t\t<input type=\"text\" id=\"et_pb_contact_name_0\" class=\"input\" value=\"\" name=\"et_pb_contact_name_0\" data-required_mark=\"required\" data-field_type=\"input\" data-original_id=\"name\" placeholder=\"Name\">\n\t\t\t<\/p><p class=\"et_d4_element et_pb_contact_field et_pb_contact_field_1 et_pb_contact_field_half et_pb_contact_field_last\" data-id=\"email\" data-type=\"email\">\n\t\t\t\t\n\t\t\t\t\n\t\t\t\t\n\t\t\t\t\n\t\t\t\t<label for=\"et_pb_contact_email_0\" class=\"et_pb_contact_form_label\">E-Mail-Adresse<\/label>\n\t\t\t\t<input type=\"text\" id=\"et_pb_contact_email_0\" class=\"input\" value=\"\" name=\"et_pb_contact_email_0\" data-required_mark=\"required\" data-field_type=\"email\" data-original_id=\"email\" placeholder=\"E-Mail-Adresse\">\n\t\t\t<\/p><p class=\"et_d4_element et_pb_contact_field et_pb_contact_field_2 et_pb_contact_field_last\" data-id=\"field_4\" data-type=\"input\">\n\t\t\t\t\n\t\t\t\t\n\t\t\t\t\n\t\t\t\t\n\t\t\t\t<label for=\"et_pb_contact_field_4_0\" class=\"et_pb_contact_form_label\">Institution<\/label>\n\t\t\t\t<input type=\"text\" id=\"et_pb_contact_field_4_0\" class=\"input\" value=\"\" name=\"et_pb_contact_field_4_0\" data-required_mark=\"required\" data-field_type=\"input\" data-original_id=\"field_4\" placeholder=\"Institution\">\n\t\t\t<\/p><p class=\"et_d4_element et_pb_contact_field et_pb_contact_field_3 et_pb_contact_field_last\" data-id=\"message\" data-type=\"text\">\n\t\t\t\t\n\t\t\t\t\n\t\t\t\t\n\t\t\t\t\n\t\t\t\t<label for=\"et_pb_contact_message_0\" class=\"et_pb_contact_form_label\">Nachricht<\/label>\n\t\t\t\t<textarea name=\"et_pb_contact_message_0\" id=\"et_pb_contact_message_0\" class=\"et_pb_contact_message input\" data-required_mark=\"required\" data-field_type=\"text\" data-original_id=\"message\" placeholder=\"Nachricht\"><\/textarea>\n\t\t\t<\/p>\n\t\t\t\t\t\t<input type=\"hidden\" value=\"et_contact_proccess\" name=\"et_pb_contactform_submit_0\"\/>\n\t\t\t\t\t\t<div class=\"et_contact_bottom_container\">\n\t\t\t\t\t\t\t\n\t\t\t<div class=\"et_pb_contact_right et_pb_contact_field\">\n\t\t\t\t<p class=\"clearfix\">\n\t\t\t\t\t<span class=\"et_pb_contact_captcha_question\">11 + 2<\/span> = <input type=\"text\" size=\"2\" class=\"input et_pb_contact_captcha\" data-first_digit=\"11\" data-second_digit=\"2\" value=\"\" name=\"et_pb_contact_captcha_0\" data-required_mark=\"required\" autocomplete=\"off\">\n\t\t\t\t<\/p>\n\t\t\t<\/div>\n\t\t\t\t\t\t\t<button type=\"submit\" name=\"et_builder_submit_button\" class=\"et_pb_contact_submit et_pb_button\">Absenden<\/button>\n\t\t\t\t\t\t<\/div>\n\t\t\t\t\t\t<input type=\"hidden\" id=\"_wpnonce-et-pb-contact-form-submitted-0\" name=\"_wpnonce-et-pb-contact-form-submitted-0\" value=\"39a0cb4b2b\" \/><input type=\"hidden\" name=\"_wp_http_referer\" value=\"\/caroclis\/wp-json\/wp\/v2\/pages\/11\" \/>\n\t\t\t\t\t<\/form>\n\t\t\t\t<\/div>\n\t\t\t<\/div>\n\t\t\t\n\t\t\t<\/div>\n\t\t\t\t\n\t\t\t\t\n\t\t\t\t\n\t\t\t\t\n\t\t\t<\/div><div class=\"et_d4_element et_pb_row et_pb_row_2  et_pb_css_mix_blend_mode et_block_row\">\n\t\t\t\t<div class=\"et_d4_element et_pb_column_4_4 et_pb_column et_pb_column_2  et_pb_css_mix_blend_mode et-last-child et_block_column\">\n\t\t\t\t\n\t\t\t\t\n\t\t\t\t\n\t\t\t\t\n\t\t\t\t<div class=\"et_pb_module et_d4_element et_pb_text et_pb_text_2  et_pb_text_align_left et_pb_bg_layout_light\">\n\t\t\t\t\n\t\t\t\t\n\t\t\t\t\n\t\t\t\t\n\t\t\t\t<div class=\"et_pb_text_inner\"><h4><strong>Und was ist neu bei CARO?<\/strong><\/h4>\n<ol>\n<li>CARO beinhaltet nun nicht nur die bekannten <strong>Unterrichte f\u00fcr die Pflegeausbildung<\/strong>, sondern auch <strong>umfassendes Material f\u00fcr die onkologische Fachweiterbildung<\/strong>. In insgesamt neun verschiedenen Lernsituationen stehen Ihnen nun \u00fcber <strong>30 pflegewissenschaftlich und mediendidaktisch fundierte Musterunterrichte mit vielf\u00e4ltigem Aufgabenmaterial zur Verf\u00fcgung<\/strong>.<\/li>\n<li>Das <strong>Design wurde komplett \u00fcberarbeitet<\/strong>, ist nun <strong>\u00fcbersichtlicher<\/strong> geworden und bietet ein deutlich <strong>verbessertes Benutzererlebnis<\/strong>.<\/li>\n<li>Und auch <strong>technisch<\/strong> ist viel passiert: <strong>neue Aufgabenformate<\/strong>\u00a0wie der Videoupload und die weiter verbesserte Stabilit\u00e4t der Anwendung runden das neue CARO ab.<\/li>\n<\/ol>\n<h4>Aktuell kann es noch zu folgenden Einschr\u00e4nkungen kommen:<\/h4>\n<ul>\n<li>Nur f\u00fcr iOS-Ger\u00e4te, welche Safari nutzen, kann es in der Sch\u00fcler:innen-Anwendung zu Problemen bei der visuellen Darstellung von Single und Multiple Choice Dropdown Antworten kommen. Single und Multiple-Choice Aufgaben ohne Dropdown sowie alle anderen Ger\u00e4te oder Browser sind davon nicht betroffen.<\/li>\n<li>In seltenen F\u00e4llen kann im es Beamer-Fenster zu Problemen beim Verschieben von Metaplan-Karten kommen.<\/li>\n<li>In folgenden Unterrichten sind einzelne Teile von Aufgaben, welche sich <strong>auf Gruppeninteraktionen<\/strong> beziehen, aktuell noch nicht nutzbar (nutzbar voraussichtlich Ende Dezember):\n<ul>\n<li>5.1 Kommunikation und Beratung im Umfeld der Diagnose: Breaking Bad News \u2013 Aufkl\u00e4rung interprofessionell gestalten: Aufgabe 2: F\u00fcnf Perspektiven auf die Aufkl\u00e4rung als interprofessioneller Prozess<\/li>\n<li>5.2 Kommunikation und Beratung bei Therapiebeginn und im Therapieverlauf: Selbstmanagement-Apps in der Onkologie: Aufgabe 2 Selbstmanagement-App f\u00fcr onkologische Patient*innen kennenlernen + bewerten und Aufgabe 5 Der TABA-Bewertungsbogen f\u00fcr Selbstmanagement-Apps in der Onkologie<\/li>\n<li>4.0 Kollegiale Beratung: Kollegiale Beratung: Aufgabe 3 \u2013 Durchf\u00fchrung einer Kollegialen Beratung<\/li>\n<li>5.0 Kommunikation und Beratung im Krankheitsverlauf: Das Trajektmodell: Der Krankheitsverlauf aus (multi-)professioneller Sicht: Aufgabe 1 Analyse des Expert*innen-Interviews und Aufgabe 2 Begleitung im therapeutischen Team<\/li>\n<li>5.4 Kommunikation und Beratung in der Phase der Abw\u00e4rtsentwicklung und des Sterbens. Letzte Lieder oder die Musik des Lebens: Aufgabe 1: \u201eLetzte Lieder\u201c Und 30 Gedanken zum Tod: Aufgabe 1: Unterschiedliche Perspektiven zum Thema Tod<\/li>\n<li>Methodensammlung: World Caf\u00e9: Einladung zur Reflexion<\/li>\n<\/ul>\n<\/li>\n<\/ul>\n<p><strong>M\u00f6chten Sie diese Aufgaben dennoch vollumf\u00e4nglich nutzen, \u00e4ndern Sie bitte in Ihrem angepassten Musterunterricht, die Teile der Aufgaben, welche mit \u201eEine\/r antwortet f\u00fcr die Gruppe\u201c oder \u201eJeder antwortet f\u00fcr sich\u201c beschrieben sind, in normale Texteingabefelder. Hierzu m\u00fcssen Sie die bestehende Sch\u00fcleraktion l\u00f6schen und ein neues Texteingabefeld unter \u201eSch\u00fcleraktionen\u201c hinzuf\u00fcgen.<\/strong><\/p>\n<p>Wir w\u00fcnschen Ihnen viel Freude und Erfolg beim Unterrichten mit CARO!<\/p><\/div>\n\t\t\t<\/div>\n\t\t\t<\/div>\n\t\t\t\t\n\t\t\t\t\n\t\t\t\t\n\t\t\t\t\n\t\t\t<\/div>\n\t\t\t\t\n\t\t\t\t\n\t\t\t<\/div>\n","protected":false},"excerpt":{"rendered":"","protected":false},"author":10261,"featured_media":0,"parent":0,"menu_order":0,"comment_status":"closed","ping_status":"closed","template":"","meta":{"_bbp_topic_count":0,"_bbp_reply_count":0,"_bbp_total_topic_count":0,"_bbp_total_reply_count":0,"_bbp_voice_count":0,"_bbp_anonymous_reply_count":0,"_bbp_topic_count_hidden":0,"_bbp_reply_count_hidden":0,"_bbp_forum_subforum_count":0,"_et_pb_use_builder":"on","_et_pb_old_content":"","_et_gb_content_width":"","footnotes":""},"class_list":["post-11","page","type-page","status-publish","hentry"],"_links":{"self":[{"href":"https:\/\/blogs.uni-bremen.de\/caroclis\/wp-json\/wp\/v2\/pages\/11","targetHints":{"allow":["GET"]}}],"collection":[{"href":"https:\/\/blogs.uni-bremen.de\/caroclis\/wp-json\/wp\/v2\/pages"}],"about":[{"href":"https:\/\/blogs.uni-bremen.de\/caroclis\/wp-json\/wp\/v2\/types\/page"}],"author":[{"embeddable":true,"href":"https:\/\/blogs.uni-bremen.de\/caroclis\/wp-json\/wp\/v2\/users\/10261"}],"replies":[{"embeddable":true,"href":"https:\/\/blogs.uni-bremen.de\/caroclis\/wp-json\/wp\/v2\/comments?post=11"}],"version-history":[{"count":10,"href":"https:\/\/blogs.uni-bremen.de\/caroclis\/wp-json\/wp\/v2\/pages\/11\/revisions"}],"predecessor-version":[{"id":547,"href":"https:\/\/blogs.uni-bremen.de\/caroclis\/wp-json\/wp\/v2\/pages\/11\/revisions\/547"}],"wp:attachment":[{"href":"https:\/\/blogs.uni-bremen.de\/caroclis\/wp-json\/wp\/v2\/media?parent=11"}],"curies":[{"name":"wp","href":"https:\/\/api.w.org\/{rel}","templated":true}]}}