{"id":322,"date":"2020-05-11T10:35:49","date_gmt":"2020-05-11T08:35:49","guid":{"rendered":"https:\/\/blogs.uni-bremen.de\/camus4solidarity\/?page_id=322"},"modified":"2020-06-12T17:09:39","modified_gmt":"2020-06-12T15:09:39","slug":"kooperationspartner","status":"publish","type":"page","link":"https:\/\/blogs.uni-bremen.de\/camus4solidarity\/das-projekt\/kooperationspartner\/","title":{"rendered":"Kooperationspartner"},"content":{"rendered":"<p><strong>Kooperationspartner sind folgende Institute und Einrichtungen: <\/strong><\/p>\n<ul>\n<li>Philosophie (FB 9)<\/li>\n<li>Ethnologie und Kulturwissenschaft (FB 9)<\/li>\n<li>Romanistik (FB 10)<\/li>\n<li>Institut f\u00fcr Interkulturelle und Internationale Studien (InIIS, FB 8)<\/li>\n<li>Politikwissenschaften (FB 8)<\/li>\n<li>Angewandte Statistik und Biometrie (FB 3)<\/li>\n<li>Wirtschaftswissenschaften (FB 7)<\/li>\n<li>Informatik (FB 3)<\/li>\n<li>Rechtswissenschaften (FB 6)<\/li>\n<li>Geschichtswissenschaften (FB 8)<\/li>\n<li>Erziehungs- und Bildungswissenschaften (FB 12)<\/li>\n<li>Sprach- und Literaturwissenschaften (FB 10)<\/li>\n<li>Institut f\u00fcr postkoloniale und transkulturelle Studien (INPUTS)<\/li>\n<li>Das Philosophische Atelier (Institut f\u00fcr Philosophie, FB 9)<\/li>\n<li>Kompetenzzentrum f\u00fcr Klinische Studien Bremen<\/li>\n<li>Leibniz-Institut f\u00fcr Pr\u00e4ventionsforschung und Epidemiologie \u2013 BIPS Bremen<\/li>\n<li><span class=\"\">Interdisziplin\u00e4re Verbundforschungsplattform Worlds of Contradiction (WoC)<\/span><br \/>\n<img decoding=\"async\" src=\"https:\/\/blogs.uni-bremen.de\/camus4solidarity\/files\/WOC_Logo_Zusatz_black-160.jpg\" \/><\/li>\n<\/ul>\n<p style=\"padding-left: 40px\"><span style=\"font-size: 10pt\">Worlds of Contradiction (WoC) ist eine wissenschaftliche Einrichtung der Universit\u00e4t Bremen. WoC ist eine interdisziplin\u00e4re Verbundforschungsplattform der Geistes-, Kultur-, Sozial- und Rechts- und Bildungswissenschaften. Ihr\u00a0 Ziel ist es, Forschungsvorhaben, Nachwuchsf\u00f6rderung, Projekte des forschenden Lernens und des Transfers unter besonderer Ber\u00fccksichtigung interdisziplin\u00e4rer Verbundprojekte zu entwickeln und umzusetzen und dabei zur Internationalisierung der beteiligten Wissenschaftsfelder beizutragen. Aktuelle Informationen erhalten Sie unter <a href=\"http:\/\/www.woc.uni-bremen.de\">www.woc.uni-bremen.de<\/a>.<\/span><\/p>\n<ul>\n<li>Zentrum f\u00fcr Performance Studies der Universit\u00e4t Bremen (ZPS)<\/li>\n<li>Theater der Versammlung zwischen Bildung, Wissenschaft und Kunst (TdV)<\/li>\n<li>Theater InCognito (TiC)<\/li>\n<li>Fremdsprachenzentrum der Hochschulen im Land Bremen<\/li>\n<li>Philosophische Gesellschaft Bremen<\/li>\n<li>Institut Fran\u00e7ais de Br\u00eame<\/li>\n<li>Albert Camus Gesellschaft<\/li>\n<li>Grundschule Oderstra\u00dfe Bremen<\/li>\n<\/ul>\n","protected":false},"excerpt":{"rendered":"<p>Kooperationspartner sind folgende Institute und Einrichtungen: Philosophie (FB 9) Ethnologie und Kulturwissenschaft (FB 9) Romanistik (FB 10) Institut f\u00fcr Interkulturelle und Internationale Studien (InIIS, FB 8) Politikwissenschaften (FB 8) Angewandte Statistik und Biometrie (FB 3) Wirtschaftswissenschaften (FB 7) Informatik (FB 3) Rechtswissenschaften (FB 6) Geschichtswissenschaften (FB 8) Erziehungs- und Bildungswissenschaften (FB 12) Sprach- und Literaturwissenschaften [&hellip;]<\/p>\n","protected":false},"author":11639,"featured_media":0,"parent":76,"menu_order":3,"comment_status":"closed","ping_status":"closed","template":"","meta":{"_bbp_topic_count":0,"_bbp_reply_count":0,"_bbp_total_topic_count":0,"_bbp_total_reply_count":0,"_bbp_voice_count":0,"_bbp_anonymous_reply_count":0,"_bbp_topic_count_hidden":0,"_bbp_reply_count_hidden":0,"_bbp_forum_subforum_count":0,"footnotes":""},"class_list":["post-322","page","type-page","status-publish","hentry","post-preview"],"_links":{"self":[{"href":"https:\/\/blogs.uni-bremen.de\/camus4solidarity\/wp-json\/wp\/v2\/pages\/322","targetHints":{"allow":["GET"]}}],"collection":[{"href":"https:\/\/blogs.uni-bremen.de\/camus4solidarity\/wp-json\/wp\/v2\/pages"}],"about":[{"href":"https:\/\/blogs.uni-bremen.de\/camus4solidarity\/wp-json\/wp\/v2\/types\/page"}],"author":[{"embeddable":true,"href":"https:\/\/blogs.uni-bremen.de\/camus4solidarity\/wp-json\/wp\/v2\/users\/11639"}],"replies":[{"embeddable":true,"href":"https:\/\/blogs.uni-bremen.de\/camus4solidarity\/wp-json\/wp\/v2\/comments?post=322"}],"version-history":[{"count":9,"href":"https:\/\/blogs.uni-bremen.de\/camus4solidarity\/wp-json\/wp\/v2\/pages\/322\/revisions"}],"predecessor-version":[{"id":358,"href":"https:\/\/blogs.uni-bremen.de\/camus4solidarity\/wp-json\/wp\/v2\/pages\/322\/revisions\/358"}],"up":[{"embeddable":true,"href":"https:\/\/blogs.uni-bremen.de\/camus4solidarity\/wp-json\/wp\/v2\/pages\/76"}],"wp:attachment":[{"href":"https:\/\/blogs.uni-bremen.de\/camus4solidarity\/wp-json\/wp\/v2\/media?parent=322"}],"curies":[{"name":"wp","href":"https:\/\/api.w.org\/{rel}","templated":true}]}}