{"id":249,"date":"2025-04-03T08:33:09","date_gmt":"2025-04-03T06:33:09","guid":{"rendered":"https:\/\/blogs.uni-bremen.de\/bscel\/?page_id=249"},"modified":"2025-04-07T15:33:47","modified_gmt":"2025-04-07T13:33:47","slug":"bscel-3-2022","status":"publish","type":"page","link":"https:\/\/blogs.uni-bremen.de\/bscel\/archive\/bscel-3-2022\/","title":{"rendered":"BSCEL 3 (2022)"},"content":{"rendered":"<h2>Invited Plenary Speaker<\/h2>\n<div class=\"is-layout-flex wp-container-4 wp-block-columns are-vertically-aligned-center\">\n<div class=\"is-layout-flow wp-block-column is-vertically-aligned-center\">\n<h3>Dr. Tobias Bernaisch<\/h3>\n<p><strong>Justus Liebig University Giessen<img loading=\"lazy\" decoding=\"async\" class=\"size-full wp-image-61 alignright\" src=\"https:\/\/blogs.uni-bremen.de\/bscel\/files\/Dr_Bernaisch.png\" alt=\"\" width=\"182\" height=\"268\" \/><\/strong><\/p>\n<h4><strong>\u201cGenderlectal Variation in the Pragmatics of South Asian Englishes\u201d<\/strong><\/h4>\n<\/div>\n<\/div>\n<div class=\"is-layout-flow wp-block-group\">\n<div class=\"wp-block-group__inner-container\">\n<div class=\"is-layout-flow wp-block-group\">\n<div class=\"wp-block-group__inner-container\">\n<p>In the context of British colonisation, the English language took root in India at the beginning of the 17th century and has since become an integral linguistic force in South Asian countries. Despite political independence from the British around the 1950s, English continued to be used in South Asian countries not only because of its economic value but also because by then English had grown into a South Asian language with numerous nativised features unique to the Indian subcontinent.<\/p>\n<\/div>\n<\/div>\n<\/div>\n<\/div>\n<div class=\"is-layout-flow wp-block-group\">\n<div class=\"wp-block-group__inner-container\">\n<p>As descriptions of these localised features have so far focused on sound systems, vocabulary and syntax , this talk offers empirical perspectives on routines of pragmatic discourse organisation and pragmatic action with a view to potential genderlectal variation as evident from the spoken parts of the British, Indian and Sri Lankan components of the\u00a0<em>International Corpus of English.<\/em><\/p>\n<\/div>\n<\/div>\n<div class=\"is-layout-flow wp-block-group\">\n<div class=\"wp-block-group__inner-container\">\n<p>More specifically, pragmatic discourse organisation will be investigated with regard to speaker vs. hearer focus in statements, i.e. how often speakers employ references to themselves in comparison to references to their interlocutors, and pragmatic action will be studied with a focus on colloquial address terms such as\u00a0<em>dude<\/em>,\u00a0<em>bro\u00a0<\/em>and localised forms like\u00a0<em>men\u00a0<\/em>or\u00a0<em>machang<\/em>. Qualitative and quantitative pragmatic characteristics that emerge from the corpus data profile the individual South Asian Englishes as unique varieties of World Englishes notably different from their historical input variety British English.<\/p>\n<\/div>\n<\/div>\n<h2>Invited Workshop<\/h2>\n<div class=\"is-layout-flex wp-container-4 wp-block-columns\">\n<div class=\"is-layout-flow wp-block-column\">\n<h3>Elena Mattei<\/h3>\n<p><strong>Universit\u00e0 di Verona<img loading=\"lazy\" decoding=\"async\" class=\"size-medium wp-image-115 alignright\" src=\"https:\/\/blogs.uni-bremen.de\/bscel\/files\/WhatsApp-Image-2022-07-08-at-4.01.23-PM-1-169x300.jpeg\" alt=\"\" width=\"169\" height=\"300\" srcset=\"https:\/\/blogs.uni-bremen.de\/bscel\/files\/WhatsApp-Image-2022-07-08-at-4.01.23-PM-1-169x300.jpeg 169w, https:\/\/blogs.uni-bremen.de\/bscel\/files\/WhatsApp-Image-2022-07-08-at-4.01.23-PM-1.jpeg 576w\" sizes=\"auto, (max-width: 169px) 100vw, 169px\" \/><\/strong><\/p>\n<h4><strong>\u201cHow to perform systematic manual tagging of visual artifacts\u201d<\/strong><\/h4>\n<h5><strong>An interactive, data-driven workshop for the understanding and measurement of contemporary meaning-making practices<\/strong><\/h5>\n<\/div>\n<\/div>\n<p>The main objective of this workshop is to introduce students to the theoretical and analytical skills of categorization and annotation in visual and multimodal static artifacts. By offering a practical tagging session and research-based examples which will be visualized on a newly developed software for manual annotation and statistical analysis, the students will have the opportunity to reflect upon the scientific validity of categorizing and labeling knowledge with data-driven, reproducible methods, and to practically apply their interpretation of theories by developing their own tagging model for the detection of visual features. At the end of the workshop, students will have gained a theoretical understanding of the reasons why knowledge structuring is crucial to scientific research; they will also learn how to carry out research projects independently by resorting to original but robust theoretical adjustments based on actual observation of data.<\/p>\n<p><strong>Website for workshop<\/strong>:\u00a0<a href=\"http:\/\/xor.isti.cnr.it:8000\/login.html\" target=\"_blank\" rel=\"noreferrer noopener\">http:\/\/xor.isti.cnr.it:8000\/login.html<\/a><\/p>\n<p><strong>Contact<\/strong>: &#x65;&#108;e&#x6e;&#97;&#46;&#x6d;&#97;t&#x74;&#101;i&#x40;&#117;n&#x69;&#118;r&#x2e;&#105;t<\/p>\n<h2>Schedule of Presentations<\/h2>\n<h3>Sessions 10.30 \u2013 11.50<\/h3>\n<h4><strong>SFG 1030\u00a0<\/strong><\/h4>\n<p><b>10.30 \u2013 10.50:\u00a0<\/b><strong>Jan Hensellek<\/strong>\u00a0\u201c\u2018Real or Fake?\u2019 \u2013 A Corpus-Linguistic Investigation of Posting-Practices around Authenticity in Instagram \u2018Reels\u2019\u201d<\/p>\n<p><b>10.50 \u2013 11.10:\u00a0<\/b><strong>Sinead Middlemass-Dry<\/strong>\u00a0\u201cMultimodality in WhatsApp dialogues\u201d<\/p>\n<p><b>11.10 \u2013 11.30:\u00a0<\/b><strong>Ilona Kylm\u00e4l\u00e4<\/strong>\u00a0\u201cConceptualisation of Body Movements through Verbal Cues in Strength Sports\u201d<\/p>\n<p><b>11.30 \u2013 11.50:\u00a0<\/b><strong>Patrizia Bosello<\/strong>\u00a0\u201cA Corpus-based Critical Discourse Analysis of the representation of female business executives in the US media\u201d<\/p>\n<h4><strong>SFG 1040\u00a0<\/strong><\/h4>\n<p><b>10.30 \u2013 10.50:\u00a0<\/b><strong>Patrizia Bosello<\/strong>\u00a0\u201cLexical creativity in the new age: An analysis of the \u201cWords of the Year\u201d between 2010 to 2021\u201d<\/p>\n<p><b>10.50 \u2013 11.10:\u00a0<\/b><strong>Cornelius Blank, Vera Schenck, and Lina Rohe<\/strong>\u00a0\u201cRepresentation and Perception of Mobile Signs in an Educational Environment.\u201d<\/p>\n<p><b>11.10 \u2013 11.30:\u00a0<\/b><strong>Polina Saveleva<\/strong>\u00a0\u201cThe functions of laughter in interactional contexts\u201d<\/p>\n<p><b>11.30 \u2013 11.50:\u00a0<\/b><strong>Mohammed Gouriach<\/strong>\u00a0\u201cLanguage Imperialism\u201c<\/p>\n<h3><\/h3>\n<h3>Sessions 13.20 \u2013 14.40<\/h3>\n<h4><strong>SFG 1030\u00a0<\/strong><\/h4>\n<p><b>13.20 \u2013 13.40:\u00a0<\/b><strong>Polina Saveleva<\/strong>\u00a0\u201cThe conceptual metaphor SADNESS IS DOWN across the World English varieties\u201d<\/p>\n<p><b>13.40 \u2013 14.00:\u00a0<\/b><strong>\u00d6yk\u00fc Naz G\u00fcm\u00fcs<\/strong>\u00a0\u201cConceptualization of SHAME in Nigerian and British English\u201d<\/p>\n<p><b>14.00 \u2013 14.20:\u00a0<\/b><strong>Tugba Akt\u00fcrk<\/strong>\u00a0\u201cTIME IS MONEY metaphor in varieties of English\u201d<\/p>\n<p><b>14.20 \u2013 14.40:\u00a0<\/b><strong>Valeriia Bokhan-Cherepanova<\/strong>\u00a0\u201cConceptualizations of LION in Varieties of English: A Corpus-based study of Kenyan and Tanzanian Englishes\u201d<\/p>\n<h4><strong>SFG 1040\u00a0<\/strong><\/h4>\n<p><b>13.20 \u2013 13.40:\u00a0<\/b><strong>Anna Cheban<\/strong>\u00a0\u201cTOEFL Skills and Strategies: the analysis of the most common problems and identifying the skills that should be developed to succeed in the exam.\u201d<\/p>\n<p><b>13.40 \u2013 14.00:\u00a0<\/b><strong>Pia Blanke and Pia Hovemann<\/strong>\u00a0\u201cApplication of Language Learning Theories in the ESL Classroom\u201d<\/p>\n<p><i><b>14.00 \u2013 14.20:\u00a0<\/b><strong>Alexandra Rode<\/strong>\u00a0\u201cLearning in a fantasy world \u2013 An analysis of the Massively Multiplayer Online Role Playing Games (MMORPGs) \u201cFinal Fantasy 14\u201d as an environment for SLA\u201d (<strong>canceled<\/strong>)<\/i><\/p>\n<p><b>14.20 \u2013 14.40:\u00a0<\/b><strong>Paul Hartjens<\/strong>\u00a0\u201cNew Perspectives on the Aspect Hypothesis\u201c<\/p>\n<h3><\/h3>\n<h3>Sessions 15.00 \u2013 16.30<\/h3>\n<h4><strong>SFG 1030\u00a0<\/strong><\/h4>\n<p><b>15.00 \u2013 15.20:\u00a0<\/b><strong>Lennart Robben<\/strong>\u00a0\u201cYiddish loanwords in the United States\u201d<\/p>\n<p><b>15.20 \u2013 15.40:\u00a0<\/b><strong>Anika Lange and Benchamat Phueakdet<\/strong>\u00a0\u201cMultilingual Education in Singapore\u201d<\/p>\n<p><b>15.40 \u2013 16.00:\u00a0<\/b><strong>Selin T\u00fcmkaya, Anna Lucia Richter, and Dominik Ehlers<\/strong>\u00a0\u201cThe effects of Multilingualism in early childhood\u201d<\/p>\n<h4><strong>SFG 1040\u00a0<\/strong><\/h4>\n<p><b>15.00 \u2013 15.20:\u00a0<\/b><strong>Lars Teller<\/strong>\u00a0\u201cHow do societal changes affect the SLA experience?\u201d<\/p>\n<p><b>15.20 \u2013 15.40:\u00a0<\/b><strong>Lisa Elbieva, Hilperin Sican, and Selin Senem Yildiz<\/strong>\u00a0\u201cDoes computer mediated communication in a second language affect the learning of this language\u201d<\/p>\n<p><b>15.40 \u2013 16.00<\/b><strong>:<\/strong>\u00a0<strong>Ha Phuong Nguyen, Alexandra Schweigerdt, Jana Schwind\u00a0<\/strong>\u201cGeneration \u00a0attitudes toward code switching, phenomenon\u201d<\/p>\n","protected":false},"excerpt":{"rendered":"<p>Invited Plenary Speaker Dr. Tobias Bernaisch Justus Liebig University Giessen \u201cGenderlectal Variation in the Pragmatics of South Asian Englishes\u201d In the context of British colonisation, the English language took root in India at the beginning of the 17th century and has since become an integral linguistic force in South Asian countries. Despite political independence from [&hellip;]<\/p>\n","protected":false},"author":13463,"featured_media":0,"parent":296,"menu_order":0,"comment_status":"closed","ping_status":"closed","template":"","meta":{"_bbp_topic_count":0,"_bbp_reply_count":0,"_bbp_total_topic_count":0,"_bbp_total_reply_count":0,"_bbp_voice_count":0,"_bbp_anonymous_reply_count":0,"_bbp_topic_count_hidden":0,"_bbp_reply_count_hidden":0,"_bbp_forum_subforum_count":0,"footnotes":""},"class_list":["post-249","page","type-page","status-publish","hentry"],"_links":{"self":[{"href":"https:\/\/blogs.uni-bremen.de\/bscel\/wp-json\/wp\/v2\/pages\/249","targetHints":{"allow":["GET"]}}],"collection":[{"href":"https:\/\/blogs.uni-bremen.de\/bscel\/wp-json\/wp\/v2\/pages"}],"about":[{"href":"https:\/\/blogs.uni-bremen.de\/bscel\/wp-json\/wp\/v2\/types\/page"}],"author":[{"embeddable":true,"href":"https:\/\/blogs.uni-bremen.de\/bscel\/wp-json\/wp\/v2\/users\/13463"}],"replies":[{"embeddable":true,"href":"https:\/\/blogs.uni-bremen.de\/bscel\/wp-json\/wp\/v2\/comments?post=249"}],"version-history":[{"count":6,"href":"https:\/\/blogs.uni-bremen.de\/bscel\/wp-json\/wp\/v2\/pages\/249\/revisions"}],"predecessor-version":[{"id":326,"href":"https:\/\/blogs.uni-bremen.de\/bscel\/wp-json\/wp\/v2\/pages\/249\/revisions\/326"}],"up":[{"embeddable":true,"href":"https:\/\/blogs.uni-bremen.de\/bscel\/wp-json\/wp\/v2\/pages\/296"}],"wp:attachment":[{"href":"https:\/\/blogs.uni-bremen.de\/bscel\/wp-json\/wp\/v2\/media?parent=249"}],"curies":[{"name":"wp","href":"https:\/\/api.w.org\/{rel}","templated":true}]}}