{"id":204,"date":"2023-07-04T14:41:56","date_gmt":"2023-07-04T12:41:56","guid":{"rendered":"https:\/\/blogs.uni-bremen.de\/bscel\/?page_id=204"},"modified":"2025-07-16T14:58:16","modified_gmt":"2025-07-16T12:58:16","slug":"program","status":"publish","type":"page","link":"https:\/\/blogs.uni-bremen.de\/bscel\/program\/","title":{"rendered":"Programme"},"content":{"rendered":"<p><span style=\"font-family: arial, helvetica, sans-serif\"><\/p>\n\n\n<div class=\"wp-block-columns are-vertically-aligned-center is-layout-flex wp-container-core-columns-is-layout-9d6595d7 wp-block-columns-is-layout-flex\">\n<\/span>\r\n<div class=\"wp-block-column is-vertically-aligned-center is-layout-flow wp-block-column-is-layout-flow\"><span style=\"font-family: arial, helvetica, sans-serif\">\n\n<\/span>\r\n<h4 id=\"main-room-digital-discourse\" class=\"has-text-align-center wp-block-heading\"><span style=\"font-family: arial, helvetica, sans-serif\">Friday, July 11, 2025<\/span><\/h4>\r\n<p><span style=\"font-family: arial, helvetica, sans-serif\">Location: University of Bremen, Building GW 1\u00a0<\/span><\/p>\r\n<span style=\"font-family: arial, helvetica, sans-serif\">\n\n\r\n\r\n\n<\/span>\r\n<figure class=\"wp-block-table alignwide is-style-stripes\">\r\n<table class=\"has-fixed-layout\" style=\"width: 111.543%\">\r\n<thead>\r\n<tr>\r\n<th class=\"has-text-align-center\" style=\"width: 32.7132%;text-align: left\" data-align=\"center\"><span style=\"font-family: arial, helvetica, sans-serif\">Time<\/span><\/th>\r\n<th class=\"has-text-align-left\" style=\"width: 79.6326%\" data-align=\"left\"><span style=\"font-family: arial, helvetica, sans-serif\">Event<\/span><\/th>\r\n<\/tr>\r\n<\/thead>\r\n<tbody>\r\n<tr>\r\n<td class=\"has-text-align-center\" style=\"width: 32.7132%;text-align: left\" data-align=\"center\"><span style=\"font-family: arial, helvetica, sans-serif\">8:45 \u2013 9:20<\/span><\/td>\r\n<td class=\"has-text-align-left\" style=\"width: 79.6326%\" data-align=\"left\"><span style=\"font-family: arial, helvetica, sans-serif\">Registration and sign-in (GW1 A foyer)<\/span><\/td>\r\n<\/tr>\r\n<tr>\r\n<td class=\"has-text-align-center\" style=\"width: 32.7132%;text-align: left\" data-align=\"center\"><span style=\"font-family: arial, helvetica, sans-serif\">9:20 \u2013 10:15<\/span><\/td>\r\n<td class=\"has-text-align-left\" style=\"width: 79.6326%\" data-align=\"left\"><span style=\"font-family: arial, helvetica, sans-serif\">Conference opening &amp; Plenary 1 (A0010)<\/span><\/td>\r\n<\/tr>\r\n<tr>\r\n<td class=\"has-text-align-center\" style=\"width: 32.7132%;text-align: left\" data-align=\"center\"><span style=\"font-family: arial, helvetica, sans-serif\">10:15 \u2013 10:30<\/span><\/td>\r\n<td class=\"has-text-align-left\" style=\"width: 79.6326%\" data-align=\"left\"><span style=\"font-family: arial, helvetica, sans-serif\">Coffee break<\/span><\/td>\r\n<\/tr>\r\n<tr>\r\n<td class=\"has-text-align-center\" style=\"width: 32.7132%;text-align: left\" data-align=\"center\"><span style=\"font-family: arial, helvetica, sans-serif\">10:30 \u2013 11:30<\/span><\/td>\r\n<td class=\"has-text-align-left\" style=\"width: 79.6326%\" data-align=\"left\"><span style=\"font-family: arial, helvetica, sans-serif\">Parallel sessions (A0010 &amp; B2130)<\/span><\/td>\r\n<\/tr>\r\n<tr>\r\n<td class=\"has-text-align-center\" style=\"width: 32.7132%;text-align: left\" data-align=\"center\"><span style=\"font-family: arial, helvetica, sans-serif\">11:30 \u2013 12:30<\/span><\/td>\r\n<td class=\"has-text-align-left\" style=\"width: 79.6326%\" data-align=\"left\"><span style=\"font-family: arial, helvetica, sans-serif\">Lunch break<\/span><\/td>\r\n<\/tr>\r\n<tr>\r\n<td class=\"has-text-align-center\" style=\"width: 32.7132%;text-align: left\" data-align=\"center\"><span style=\"font-family: arial, helvetica, sans-serif\">12:30 \u2013 13:15<\/span><\/td>\r\n<td class=\"has-text-align-left\" style=\"width: 79.6326%\" data-align=\"left\"><span style=\"font-family: arial, helvetica, sans-serif\">Plenary 2 (A0010)<\/span><\/td>\r\n<\/tr>\r\n<tr>\r\n<td class=\"has-text-align-center\" style=\"width: 32.7132%;text-align: left\" data-align=\"center\"><span style=\"font-family: arial, helvetica, sans-serif\">13:15 \u2013 14:35<\/span><\/td>\r\n<td class=\"has-text-align-left\" style=\"width: 79.6326%\" data-align=\"left\"><span style=\"font-family: arial, helvetica, sans-serif\">Parallel sessions (A0010 &amp; B2130)<\/span><\/td>\r\n<\/tr>\r\n<tr>\r\n<td class=\"has-text-align-center\" style=\"width: 32.7132%;text-align: left\" data-align=\"center\"><span style=\"font-family: arial, helvetica, sans-serif\">14:35 \u2013 14:55<\/span><\/td>\r\n<td class=\"has-text-align-left\" style=\"width: 79.6326%\" data-align=\"left\"><span style=\"font-family: arial, helvetica, sans-serif\">Coffee break<\/span><\/td>\r\n<\/tr>\r\n<tr>\r\n<td style=\"width: 32.7132%;text-align: left\"><span style=\"font-family: arial, helvetica, sans-serif\">14:55 \u2013 15:55<\/span><\/td>\r\n<td style=\"width: 79.6326%\"><span style=\"font-family: arial, helvetica, sans-serif\">Parallel sessions (A0010 &amp; B2130)<\/span><\/td>\r\n<\/tr>\r\n<tr>\r\n<td style=\"width: 32.7132%;text-align: left\"><span style=\"font-family: arial, helvetica, sans-serif\">16:00<\/span><\/td>\r\n<td style=\"width: 79.6326%\"><span style=\"font-family: arial, helvetica, sans-serif\">Conference closing (A0010)<\/span><\/td>\r\n<\/tr>\r\n<\/tbody>\r\n<\/table>\r\n<\/figure>\r\n<span style=\"font-family: arial, helvetica, sans-serif\">\n\n<\/span><\/div>\r\n<span style=\"font-family: arial, helvetica, sans-serif\">\n<\/div>\n\n\n\n<p>\u00a0<\/p>\n<p><strong><span style=\"font-size: 18pt;font-family: arial, helvetica, sans-serif\">Timetable of student presentations:<\/span><\/strong><\/p>\n<p><span style=\"font-size: 18pt;font-family: arial, helvetica, sans-serif\">Parallel sessions 10:30 \u2013 11:30<\/span><\/p>\n<p><span style=\"font-family: arial, helvetica, sans-serif\"><strong>A0010 \u2013 oral presentations<\/strong> (session chair: Inke Du Bois)<\/span><\/p>\n<p><span style=\"font-family: arial, helvetica, sans-serif\">10:30 <strong>Sara Sadia, Pavas Ponnathuvalappil &amp; Ariful Islam Khan<\/strong>: <em>The Role of Language in Preserving Cultural Identity Among Immigrant Communities<\/em><\/span><br \/><span style=\"font-family: arial, helvetica, sans-serif\">10:50 <strong>Rania\u00a0Chouia <\/strong><em>Fluent but Foreign: The Role of Accent in Employment inequality in Germany (CANCELLED)<\/em><\/span><br \/><span style=\"font-family: arial, helvetica, sans-serif\">11:10 <strong>Paula Mu\u00f1oz Carpintero, Lucia del Carmen Mart\u00ednez L\u00f3pez &amp; Oumou Barry Barry<\/strong>: <em>Cross-Cultural Refusals: A Pragmatic Comparison of Spanish, English, and German Strategies<\/em><\/span><\/p>\n<p><span style=\"font-family: arial, helvetica, sans-serif\"><strong>B2130 \u2013 oral presentations<\/strong> (session chair: Marcus Callies)<\/span><\/p>\n<p><span style=\"font-family: arial, helvetica, sans-serif\">10:30 <strong>Edith Boateng Bonsu<\/strong>: <em>The Evolution of Voices: How Ghanaian Pidgin Has Transformed from Colonial Echoes to Modern Rhythms<\/em><\/span><br \/><span style=\"font-family: arial, helvetica, sans-serif\">10:50 <strong>Mohammed Zaid<\/strong>: <em>Borrowed Words into South African English (SAfE)<br \/><\/em><em><br \/><\/em><\/span><\/p>\n<p><span style=\"font-size: 18pt;font-family: arial, helvetica, sans-serif\">Parallel sessions 13:15 \u2013 14:35<\/span><\/p>\n<p><span style=\"font-family: arial, helvetica, sans-serif\"><strong>A0010 \u2013 oral presentations<\/strong> (session chair: Inke Du Bois)<\/span><\/p>\n<p><span style=\"font-family: arial, helvetica, sans-serif\">13:15 <strong>Suhael Al Owis &amp; Edith Boateng Bonsu<\/strong>: <em>Language and Identity Among International Students<\/em><\/span><br \/><span style=\"font-family: arial, helvetica, sans-serif\">13:35 <strong>Mohammed Zaid<\/strong>: <em>The Use of English and other Languages by International Students in Bremen in Different Spaces<\/em><\/span><br \/><span style=\"font-family: arial, helvetica, sans-serif\">13:55 <strong>Ilham Labrahmi<\/strong>: <em>Language as a Marker of Belonging: Identity Construction Among <\/em><em>Long-Term Migrants in Germany (CANCELLED)<\/em><\/span><br \/><span style=\"font-family: arial, helvetica, sans-serif\">14:15 <strong>Ashraful Hossain<\/strong>: <em>Generational Identity and Language Use on Facebook: A Sociolinguistic Analysis Across Age Cohorts (CANCELLED)<\/em><\/span><\/p>\n<p><span style=\"font-family: arial, helvetica, sans-serif\"><strong>B2130 \u2013 poster session 1<\/strong><\/span><\/p>\n<table style=\"border-collapse: collapse;width: 100%;height: 280px\">\n<tbody>\n<tr style=\"height: 40px\">\n<td style=\"width: 33.2759%;height: 40px\"><strong>Leyla Mammadova<\/strong><\/td>\n<td style=\"width: 66.7241%;height: 40px\"><em>Comparative Analysis of Address Terms in Nigerian English and British Standard English<\/em><\/td>\n<\/tr>\n<tr style=\"height: 40px\">\n<td style=\"width: 33.2759%;height: 40px\"><strong>Keri Lewis<\/strong><\/td>\n<td style=\"width: 66.7241%;height: 40px\"><em>The Semantic Extension of \u2018Outdooring\u2019 in Ghanaian English<\/em><\/td>\n<\/tr>\n<tr style=\"height: 40px\">\n<td style=\"width: 33.2759%;height: 40px\"><strong>Jennifer Elhart, Alena Khilkovskaya &amp; Keri Lewis<\/strong><\/td>\n<td style=\"width: 66.7241%;height: 40px\"><em>Pseudonyms on Incel Gaming Forums<\/em><\/td>\n<\/tr>\n<tr style=\"height: 40px\">\n<td style=\"width: 33.2759%;height: 40px\"><strong>Isaac Deichmann, Alena Drie\u00dfen, Kira Maier &amp; Nathalie Wiemann<\/strong><\/td>\n<td style=\"width: 66.7241%;height: 40px\"><em>How do Incels construct their identity through pseudonyms in internet forums?<\/em><\/td>\n<\/tr>\n<tr style=\"height: 40px\">\n<td style=\"width: 33.2759%;height: 40px\"><strong>Leyla Mammadova, Edith Boateng Bonsu, Irem Ekinci &amp; Sevval Hilal Yildirim<\/strong><\/td>\n<td style=\"width: 66.7241%;height: 40px\"><em>Exploring the Semantic Functions of Killer\u2019s Nicknames through Pseudonym Comparative Analysis<\/em><\/td>\n<\/tr>\n<tr style=\"height: 40px\">\n<td style=\"width: 33.2759%;height: 40px\"><strong>Ceren Cansin Alpu, Giordanna Beatriz de Oliveira Barbosa &amp; Pia W\u00fcbbelsmann<\/strong><\/td>\n<td style=\"width: 66.7241%;height: 40px\"><em>Cross-Cultural Interpretations of Threats: Investigating Hate Speech Against the Drag Queen Community in Different Countries<\/em><\/td>\n<\/tr>\n<tr style=\"height: 40px\">\n<td style=\"width: 33.2759%;height: 40px\"><strong>Vera Broszeit, Hannah Gerhardt &amp; Mohammed Zaid<\/strong><\/td>\n<td style=\"width: 66.7241%;height: 40px\"><em>Pseudonyms in the Incel Community and what they can suggest about Violent Ideologies<\/em><\/td>\n<\/tr>\n<\/tbody>\n<\/table>\n<p><span style=\"font-size: 18pt;font-family: arial, helvetica, sans-serif\">Parallel sessions 14:55 \u2013 15:55<\/span><\/p>\n<p><span style=\"font-family: arial, helvetica, sans-serif\"><strong>A0010 \u2013 oral presentations<\/strong> (session chair: Mx Gaul)<\/span><\/p>\n<p><span style=\"font-family: arial, helvetica, sans-serif\">14:55 <strong>Kimberly Pfaff: <\/strong><em>Mappings of our Own or Metaphorical Conceptualisation of Sexuality in Fanfiction<\/em><\/span><br \/><span style=\"font-family: arial, helvetica, sans-serif\">15:15 <strong>Oumou Barry Barry<\/strong>: <em>The metaphor <\/em>black is bad<em> in English everyday: \u201cblack sheep\u201d and \u201cblacklist\u201d<\/em><\/span><br \/><span style=\"font-family: arial, helvetica, sans-serif\">15:35 <strong>Pauline Schweers &amp; Felicitas Groth<\/strong>: <em>The Battlefield of the Covid-19 Pandemic: Analysing Metaphors employed by US-American News Outlets in 2020<\/em>\u00a0<\/span><\/p>\n<p><span style=\"font-family: arial, helvetica, sans-serif\"><strong>B2130 \u2013 poster session 2<\/strong><\/span><\/p>\n<table style=\"border-collapse: collapse;width: 100%\">\n<tbody>\n<tr>\n<td style=\"width: 32.7586%\"><strong>Jennifer Elhart<\/strong><\/td>\n<td style=\"width: 67.2414%\"><em>Sheng goes Online &#8211; Attitudes towards the Kenyan English Variety Sheng on Reddit<\/em><\/td>\n<\/tr>\n<tr>\n<td style=\"width: 32.7586%\"><strong>Leyla Mammadova &amp; Selin Engin<\/strong><\/td>\n<td style=\"width: 67.2414%\"><em>Cultural Integration Through Language: A Sociolinguistic Comparison of International Students in Germany with Less Than and More Than One Year of Residence<\/em><\/td>\n<\/tr>\n<tr>\n<td style=\"width: 32.7586%\"><strong>Tatia Kemashvili<\/strong><\/td>\n<td style=\"width: 67.2414%\"><em>Influence of Cross-Linguistics and Communication Styles in Multilingual People<\/em><\/td>\n<\/tr>\n<tr>\n<td style=\"width: 32.7586%\"><strong>Jelena Vojnovi\u0107<\/strong><\/td>\n<td style=\"width: 67.2414%\"><em>Navigating politeness and directness: Intercultural pragmatic strategies of English-speaking international students in German friendship contexts<\/em><\/td>\n<\/tr>\n<tr>\n<td style=\"width: 32.7586%\"><strong>Julie Waldeck<\/strong><\/td>\n<td style=\"width: 67.2414%\"><em>Variation in English Apologies: A Study of Monocultural and Multicultural Speakers in Germany<\/em><\/td>\n<\/tr>\n<tr>\n<td style=\"width: 32.7586%\"><strong>Sevval Hilal Yildirim, Alena Khilkovskaya &amp; Irem Ekinci<\/strong><\/td>\n<td style=\"width: 67.2414%\"><em>Defining &#8220;Home&#8221;: Exploring the Concept of Home in the Narratives of International Students<\/em><\/td>\n<\/tr>\n<\/tbody>\n<\/table>\n<p>\u00a0<\/p>\n\n\n","protected":false},"excerpt":{"rendered":"<p>Friday, July 11, 2025 Location: University of Bremen, Building GW 1\u00a0 Time Event 8:45 \u2013 9:20 Registration and sign-in (GW1 A foyer) 9:20 \u2013 10:15 Conference opening &amp; Plenary 1 (A0010) 10:15 \u2013 10:30 Coffee break 10:30 \u2013 11:30 Parallel sessions (A0010 &amp; B2130) 11:30 \u2013 12:30 Lunch break 12:30 \u2013 13:15 Plenary 2 (A0010) [&hellip;]<\/p>\n","protected":false},"author":13463,"featured_media":0,"parent":0,"menu_order":0,"comment_status":"closed","ping_status":"closed","template":"","meta":{"_bbp_topic_count":0,"_bbp_reply_count":0,"_bbp_total_topic_count":0,"_bbp_total_reply_count":0,"_bbp_voice_count":0,"_bbp_anonymous_reply_count":0,"_bbp_topic_count_hidden":0,"_bbp_reply_count_hidden":0,"_bbp_forum_subforum_count":0,"footnotes":""},"class_list":["post-204","page","type-page","status-publish","hentry"],"_links":{"self":[{"href":"https:\/\/blogs.uni-bremen.de\/bscel\/wp-json\/wp\/v2\/pages\/204","targetHints":{"allow":["GET"]}}],"collection":[{"href":"https:\/\/blogs.uni-bremen.de\/bscel\/wp-json\/wp\/v2\/pages"}],"about":[{"href":"https:\/\/blogs.uni-bremen.de\/bscel\/wp-json\/wp\/v2\/types\/page"}],"author":[{"embeddable":true,"href":"https:\/\/blogs.uni-bremen.de\/bscel\/wp-json\/wp\/v2\/users\/13463"}],"replies":[{"embeddable":true,"href":"https:\/\/blogs.uni-bremen.de\/bscel\/wp-json\/wp\/v2\/comments?post=204"}],"version-history":[{"count":10,"href":"https:\/\/blogs.uni-bremen.de\/bscel\/wp-json\/wp\/v2\/pages\/204\/revisions"}],"predecessor-version":[{"id":373,"href":"https:\/\/blogs.uni-bremen.de\/bscel\/wp-json\/wp\/v2\/pages\/204\/revisions\/373"}],"wp:attachment":[{"href":"https:\/\/blogs.uni-bremen.de\/bscel\/wp-json\/wp\/v2\/media?parent=204"}],"curies":[{"name":"wp","href":"https:\/\/api.w.org\/{rel}","templated":true}]}}