{"id":188,"date":"2023-07-31T13:14:50","date_gmt":"2023-07-31T11:14:50","guid":{"rendered":"https:\/\/blogs.uni-bremen.de\/biolab\/?page_id=188"},"modified":"2024-01-08T12:19:52","modified_gmt":"2024-01-08T11:19:52","slug":"unterrichtsideen","status":"publish","type":"page","link":"https:\/\/blogs.uni-bremen.de\/biolab\/unterrichtsideen\/","title":{"rendered":"Pers\u00f6nliches"},"content":{"rendered":"<h2><span style=\"font-family: arial, helvetica, sans-serif\">D\u00f6rte Ostersehlt<\/span><\/h2>\n<table style=\"width: 100.117%;height: 266px\">\n<tbody>\n<tr style=\"height: 179px\">\n<td style=\"width: 521px;height: 179px\" valign=\"top\">Institut f\u00fcr Didaktik der Naturwissenschaften<br \/>\nAbt. Biologiedidaktik<br \/>\nLeobener Str. Geb\u00e4ude NW2<br \/>\nUniversit\u00e4t Bremen<br \/>\nPostfach 330 440<br \/>\nD-28334 Bremen, Deutschland<\/td>\n<td style=\"width: 331px;height: 179px\">\n<h2><span style=\"font-family: arial, helvetica, sans-serif\"><img loading=\"lazy\" decoding=\"async\" class=\"size-medium wp-image-239 alignnone\" src=\"https:\/\/blogs.uni-bremen.de\/biolab\/files\/Businessportrait-3-200x300.jpg\" alt=\"\" width=\"200\" height=\"300\" srcset=\"https:\/\/blogs.uni-bremen.de\/biolab\/files\/Businessportrait-3-200x300.jpg 200w, https:\/\/blogs.uni-bremen.de\/biolab\/files\/Businessportrait-3-683x1024.jpg 683w, https:\/\/blogs.uni-bremen.de\/biolab\/files\/Businessportrait-3-768x1152.jpg 768w, https:\/\/blogs.uni-bremen.de\/biolab\/files\/Businessportrait-3-1024x1536.jpg 1024w, https:\/\/blogs.uni-bremen.de\/biolab\/files\/Businessportrait-3-1365x2048.jpg 1365w, https:\/\/blogs.uni-bremen.de\/biolab\/files\/Businessportrait-3-scaled.jpg 1707w\" sizes=\"auto, (max-width: 200px) 100vw, 200px\" \/><\/span><\/h2>\n<\/td>\n<\/tr>\n<tr style=\"height: 29px\">\n<td style=\"width: 521px;height: 29px\"><b>Raum:<\/b><\/td>\n<td style=\"width: 331px;height: 29px\"><a href=\"http:\/\/oracle-web.zfn.uni-bremen.de\/lageplan\/lageplan?haus=NW2&amp;raum=A1170&amp;pi_anz=1\">A1170<\/a><\/td>\n<\/tr>\n<tr style=\"height: 29px\">\n<td style=\"width: 521px;height: 29px\"><b>E &#8211; Mail:<\/b><\/td>\n<td style=\"width: 331px;height: 29px\"><a href=\"mailto:ostersehlt(at)uni-bremen.de\">ostersehlt(at)uni-bremen.de<\/a><\/td>\n<\/tr>\n<tr style=\"height: 29px\">\n<td style=\"width: 521px;height: 29px\"><b>Tel:<\/b><\/td>\n<td style=\"width: 331px;height: 29px\">0421 218-63262<\/td>\n<\/tr>\n<\/tbody>\n<\/table>\n<p>Seid \u00fcber 25 Jahren bin ich an der Universit\u00e4t Bremen t\u00e4tig. Inzwischen haben sich einige Projekte und Kooperationen ergeben, viele auch im Rahmen von <a href=\"https:\/\/www.uni-bremen.de\/biologiedidaktik\/team\/doerte-ostersehlt\">Masterarbeiten<\/a>. Hier findet sich ein \u00dcberblick bedeutender Projekte und Kooperationen sowie wichtiger Lebensabschnitte.<\/p>\n<p><strong>1980-88: <\/strong>Abschluss des<strong>1. und\u00a0<\/strong> <strong>2. Staatsexamens\u00a0<\/strong> in den F\u00e4chern Biologie und Sport f\u00fcr das Lehramt in der Sekundarstufe I und II\u00a0 in Bremen.<\/p>\n<p><strong>1989 -1992:\u00a0 Wissenschaftliche Mitarbeiterin\u00a0<\/strong> in der Abteilung Humanbiologie als auch\u00a0 Biologiedidaktik an der Universit\u00e4t Bremen mit Abschluss einer Promotion.<\/p>\n<p><strong>1992-1995: <\/strong><strong>Studienr\u00e4tin<\/strong> an der <strong>Anne-Frank- Gesamtschule G\u00fctersloh mit gymnasialer Oberstufe<\/strong><\/p>\n<p><strong>1995: Geburt meiner Tochter\u00a0 Lynn Marie<\/strong><\/p>\n<p><strong>1997:\u00a0<\/strong> <strong>R\u00e4tin im Hochschuldienst (Lehrkraft f\u00fcr besondere Aufgaben)<\/strong> in der Biologiedidaktik an der Universit\u00e4t Bremen mit\u00a0 18 Lehrveranstaltungsstunden pro Semester.<\/p>\n<p><strong>2000:<\/strong> Geburt <strong>meines Sohns Lennart<\/strong><\/p>\n<p><strong>2006<\/strong>: <strong>Universit\u00e4ts-Lektorin<\/strong> mit 16 Semesterwochenstunden\/ Semester Lehrdeputat und Betreuungsrecht von Examens- als auch Masterarbeiten.<\/p>\n<p><strong>2008\/2009 (WS\/SS):\u00a0<\/strong> <strong>Vertretungsprofessurin <\/strong>in der Biologiedidaktik Bremen<strong><br \/>\n<\/strong><\/p>\n<p><strong>2009: <\/strong>Ernennung\u00a0 zur <strong>Oberr\u00e4tin im Hochschuldienst<\/strong>.<\/p>\n<p><strong>2012:<\/strong>\u00a0 Ernennung zum &#8222;<strong>Bremen Senior Lecturer<\/strong>&#8220; mit\u00a0 12 Semesterwochenstunden\/Semester Lehrdeputat<\/p>\n<p><strong>2010 bis 2017:<\/strong> Mitherausgeberin der Zeitschrift: <a href=\"https:\/\/www.friedrich-verlag.de\/friedrich-plus\/sekundarstufe\/biologie\/unterricht-biologie\/\" target=\"_blanks\" rel=\"noopener\">Unterricht Biologie\u00a0<\/a><\/p>\n<p><strong>2011 bis 2014: <\/strong>Mitarbeit am\u00a0 Projekt <a href=\"http:\/\/www.chemiedidaktik.uni-bremen.de\/profiles\/\" target=\"_blank\" rel=\"noopener\">Profiles<\/a> von Prof. Dr. Eilks\u00a0 in Zusammenarbeit mit Dr. Moritz Krause.\u00a0 Entwicklung einer interaktiven Seite zum Thema <a href=\"http:\/\/idn.digitale-medien.uni-bremen.de\/bionik\/index.html#se\">&#8222;Bionik&#8220;<\/a>. Das Projekt folgte dem Ansatz der partizipativen Aktionsforschung. In enger Zusammenarbeit mit Lehrkr\u00e4ften der Lise-Meitner-Schule Stuhr-Moordeich wurden Unterrichtseinheiten konzipiert und evaluiert. F\u00fcr dieses Projekt\u00a0 wurden wir Gewinner\u00a0 des 1. &#8222;MINT von morgen Schulpreis 2014&#8220; der Joachim Herz Stiftung.<a href=\"http:\/\/www.joachim-herz-stiftung.de\/assets\/pm_mintschulpreis_20141203.pdf\" target=\"_blank\" rel=\"noopener\"> Mint Schulpreis .\u00a0 <\/a>Folge-Projekt <a href=\"http:\/\/www.idn.uni-bremen.de\/chemiedidaktik\/projekte.php?id=324\" target=\"_blank\" rel=\"noopener\">TEMI <\/a> &#8211; <b> Mysteries <\/b> im NW-Unterricht (Kooperation mit Prof. Ingo Eilks).<\/p>\n<p><strong>2014:<\/strong> Listenplatz 2 f\u00fcr eine Professur an der Universit\u00e4t Vechta<\/p>\n<p><strong>2015:<\/strong> Auszeichnung &#8222;Kapit\u00e4nin auf gro\u00dfer Vortragsfahrt&#8220; f\u00fcr die besonderen Verdienste um die j\u00e4hrliche Regionaltagung Bremerhaven des Vereins zur F\u00f6rderung des Mathematischen und Naturwissenschaftlichen Unterrichts (MNU), Landesverband Bremen.<\/p>\n<p><strong>2013 bis 2019<\/strong> Angebot eines <strong>Sch\u00fcler:innenlabors BioLab<\/strong> gef\u00f6rdert von <strong>Schule und Universit\u00e4t Bremen<\/strong>. Dieser Blog entstand urspr\u00fcnglich aus diesem Angebot. Da es immer schwieriger wurde, studentische Hilfskr\u00e4fte f\u00fcr das Sch\u00fcler:innen-Labor zu gewinnen, wurde\u00a0 das Sch\u00fcler:innenangebot 2019 aufgegeben. Geblieben ist die regelm\u00e4\u00dfige Beteiligung an der <a href=\"https:\/\/www.uni-bremen.de\/kinderuni\/veranstaltungen\" target=\"_blanks\" rel=\"noopener\">Bremer Kinderuni<\/a>.<\/p>\n<p><strong>2015 <\/strong>Ver\u00f6ffentlichung eines online- \u00a0<b> <\/b> <a href=\"http:\/\/blogs.uni-bremen.de\/blattlausspiel\/news\/\" target=\"_blank\" rel=\"noopener\"> Simulationsprogramms\u00a0<\/a> zu <strong>Biotischen Interaktionen<\/strong> mit Dr. Andrea Thiel\u00a0<b> <\/b>gef\u00f6rdert von der Stiftung der Universit\u00e4t Bremen<\/p>\n<p><strong>2016 bis Ende 2023:<\/strong> Projekt\u00a0 <a href=\"https:\/\/www.uni-bremen.de\/zflb\/bildungsforschung\/schnittstellen-gestalten-qualitaetsoffensive-lehrerbildung-1\/teilprojekte\/e-portfolio-pier\" target=\"_blank\" rel=\"noopener\">Schnittstellen gestalten.<\/a> In diesem Zeitraum entstand ein Forschungsprojekt zur \u00a0 <a href=\"https:\/\/www.uni-bremen.de\/zflb\/bildungsforschung\/schnittstellen-gestalten-qualitaetsoffensive-lehrerbildung-1\/teilprojekte\/e-portfolio-pier\">ePortfolioarbeit<\/a> mit reflexionsanregenden Lernaufgaben zur Professionalisierung zuk\u00fcnftiger Biologielehrkr\u00e4fte.\u00a0 Auf diesem Blog findet sich eine Seite zu diesem Teilprojekt. Mit diesem Projekt wurden zwei wissenschaftliche Mitarbeiterinnen <b> Stephanie Gr\u00fcnbauer (2016-2021 mit Abschluss Promotion) und\u00a0 <\/b><b>Lisa Jiang (2021-2024- voraussichtlicher Abschluss Promotion) <\/b>eingestellt.<\/p>\n<p><strong>2016<\/strong>: Erteilung des <strong>Rechts zur Betreuung und Begutachtung von Promotionen<\/strong> am Fachbereich 2 der Universit\u00e4t Bremen<\/p>\n<p><strong>2015-2018:<\/strong> Kooperation mit Dirk Stiefs- DLR-School-Lab:\u00a0 <strong>EDEN for Kids. <\/strong>Entwicklung von Unterrichtseinheiten zur Begleitung eines Schulprojektes des DLR-School-Lab Bremen.<\/p>\n<p>seit <strong>2018<\/strong>: Forschungsprojekt <strong>Sprachsensibler Biologieunterricht <\/strong>mit Studien-Praxis-Projekten in\u00a0 Kooperation mit einer Bremer Oberschule\u00a0 Waller Ring, regelm\u00e4\u00dfige Masterarbeiten, in deren Rahmen Unterrichtskonzepte zum sprachsensiblen Biologieunterricht entwickelt und evaluiert werden und Kooperation mit <strong>Katja Baginski <\/strong>im Rahmen des Projekts \u00a0 Lehr-Lern-Werkstatt: Fach * Sprache * Migration im Arbeitsbereich Interkulturelle Bildung der Universit\u00e4t Bremen.<\/p>\n<p>seit 2023: Projekt F\u00f6rderung eines reflektierten Umgangs mit generativer <strong>K\u00fcnstlicher Intelligenz im Biologieunterricht<\/strong> &#8211; Promotionsprojekt <strong>Doreen B\u00fcntemeyer<\/strong> in Kooperation mit <strong>Prof. Dr. Andreas Breiter<\/strong><\/p>\n<p>&nbsp;<\/p>\n<p>&nbsp;<\/p>\n<p>&nbsp;<\/p>\n","protected":false},"excerpt":{"rendered":"<p>D\u00f6rte Ostersehlt Institut f\u00fcr Didaktik der Naturwissenschaften Abt. Biologiedidaktik Leobener Str. Geb\u00e4ude NW2 Universit\u00e4t Bremen Postfach 330 440 D-28334 Bremen, Deutschland Raum: A1170 E &#8211; Mail: ostersehlt(at)uni-bremen.de Tel: 0421 218-63262 Seid \u00fcber 25 Jahren bin ich an der &hellip; <\/p>\n<div class=\"more-link-wrapper\"><a href=\"https:\/\/blogs.uni-bremen.de\/biolab\/unterrichtsideen\/\" class=\"more-link\">Continue reading<span class=\"screen-reader-text\"> &#8222;Pers\u00f6nliches&#8220;<\/span><\/a><\/div>\n","protected":false},"author":4181,"featured_media":0,"parent":0,"menu_order":0,"comment_status":"closed","ping_status":"closed","template":"","meta":{"_bbp_topic_count":0,"_bbp_reply_count":0,"_bbp_total_topic_count":0,"_bbp_total_reply_count":0,"_bbp_voice_count":0,"_bbp_anonymous_reply_count":0,"_bbp_topic_count_hidden":0,"_bbp_reply_count_hidden":0,"_bbp_forum_subforum_count":0,"footnotes":""},"class_list":["post-188","page","type-page","status-publish","hentry"],"_links":{"self":[{"href":"https:\/\/blogs.uni-bremen.de\/biolab\/wp-json\/wp\/v2\/pages\/188","targetHints":{"allow":["GET"]}}],"collection":[{"href":"https:\/\/blogs.uni-bremen.de\/biolab\/wp-json\/wp\/v2\/pages"}],"about":[{"href":"https:\/\/blogs.uni-bremen.de\/biolab\/wp-json\/wp\/v2\/types\/page"}],"author":[{"embeddable":true,"href":"https:\/\/blogs.uni-bremen.de\/biolab\/wp-json\/wp\/v2\/users\/4181"}],"replies":[{"embeddable":true,"href":"https:\/\/blogs.uni-bremen.de\/biolab\/wp-json\/wp\/v2\/comments?post=188"}],"version-history":[{"count":10,"href":"https:\/\/blogs.uni-bremen.de\/biolab\/wp-json\/wp\/v2\/pages\/188\/revisions"}],"predecessor-version":[{"id":314,"href":"https:\/\/blogs.uni-bremen.de\/biolab\/wp-json\/wp\/v2\/pages\/188\/revisions\/314"}],"wp:attachment":[{"href":"https:\/\/blogs.uni-bremen.de\/biolab\/wp-json\/wp\/v2\/media?parent=188"}],"curies":[{"name":"wp","href":"https:\/\/api.w.org\/{rel}","templated":true}]}}