{"id":99,"date":"2019-05-31T16:12:18","date_gmt":"2019-05-31T14:12:18","guid":{"rendered":"https:\/\/blogs.uni-bremen.de\/bildungslab\/?page_id=99"},"modified":"2020-03-15T21:29:33","modified_gmt":"2020-03-15T19:29:33","slug":"transfer","status":"publish","type":"page","link":"https:\/\/blogs.uni-bremen.de\/bildungslab\/transfer\/","title":{"rendered":"Transfer und Corporate-Social-Responsibility Projekte"},"content":{"rendered":"<p>Neben den Projekten der Grundlagen- und Gestaltungsforschung setzen wir uns f\u00fcr den Transfer dieser Erkenntnisse \u00fcber die reine Lehr-, Publikations- und Vortragst\u00e4tigkeit hinaus ein. Neben der selbstverst\u00e4ndlichen Teilnahme bzw. Durchf\u00fchrung von\/an BarCamps und Fortbildungsveranstaltungen m\u00f6chten wir uns an einer positiven Entwicklung der Gesellschaft beteiligen.<\/p>\n<p>Die Universit\u00e4t Bremen hat dazu ein Corporate Social Responsibility Programm in&#8217;s Leben gerufen, an dem wir mit einem Projekt zum inklusiven Lernen mit digitalen Medien teilnehmen (<a href=\"https:\/\/www.uni-bremen.de\/de\/universitaet\/hochschulkommunikation-und-marketing\/aktuelle-meldungen\/detailansicht\/news\/detail\/News\/mathe-verstehen-innovationspreis-fuer-universitaet-und-oberschule-im-park\/\">Pressemitteilung<\/a>).<\/p>\n<div class=\"lyte-wrapper\" title=\"Lernen digital &ndash; neue Chancen f&uuml;r alle Bremer Sch&uuml;ler*innen?\" style=\"width:640px;max-width:100%;margin:5px;\"><div class=\"lyMe hidef\" id=\"WYL_d9RpY1M_gZY\" itemprop=\"video\" itemscope itemtype=\"https:\/\/schema.org\/VideoObject\"><div><meta itemprop=\"thumbnailUrl\" content=\"https:\/\/blogs.uni-bremen.de\/bildungslab\/wp-content\/plugins\/wp-youtube-lyte\/lyteCache.php?origThumbUrl=https%3A%2F%2Fi.ytimg.com%2Fvi%2Fd9RpY1M_gZY%2Fmaxresdefault.jpg\" \/><meta itemprop=\"embedURL\" content=\"https:\/\/www.youtube.com\/embed\/d9RpY1M_gZY\" \/><meta itemprop=\"duration\" content=\"PT10M48S\" \/><meta itemprop=\"uploadDate\" content=\"2019-10-07T16:51:28.000Z\" \/><\/div><div id=\"lyte_d9RpY1M_gZY\" data-src=\"https:\/\/blogs.uni-bremen.de\/bildungslab\/wp-content\/plugins\/wp-youtube-lyte\/lyteCache.php?origThumbUrl=https%3A%2F%2Fi.ytimg.com%2Fvi%2Fd9RpY1M_gZY%2Fmaxresdefault.jpg\" class=\"pL\"><div class=\"tC\"><div class=\"tT\" itemprop=\"name\">Lernen digital \u2013 neue Chancen f\u00fcr alle Bremer Sch\u00fcler*innen?<\/div><\/div><div class=\"play\"><\/div><div class=\"ctrl\"><div class=\"Lctrl\"><\/div><div class=\"Rctrl\"><\/div><\/div><\/div><noscript><a href=\"https:\/\/youtu.be\/d9RpY1M_gZY\" rel=\"nofollow\"><img loading=\"lazy\" decoding=\"async\" src=\"https:\/\/blogs.uni-bremen.de\/bildungslab\/wp-content\/plugins\/wp-youtube-lyte\/lyteCache.php?origThumbUrl=https%3A%2F%2Fi.ytimg.com%2Fvi%2Fd9RpY1M_gZY%2F0.jpg\" alt=\"Lernen digital &ndash; neue Chancen f&uuml;r alle Bremer Sch&uuml;ler*innen?\" width=\"640\" height=\"340\" \/><br \/>Dieses Video auf YouTube ansehen<\/a><\/noscript><meta itemprop=\"description\" content=\"Im September 2019 wurde das Projekt \u201eGemeinsam lernen durch Erkl\u00e4ren mit digitalen Medien\u201c der Universit\u00e4t und der Oberschule im Park mit dem Innovationspreis der Sieben Faulen ausgezeichnet (mehr dazu erfahren Sie in diesem Video: https:\/\/vimeo.com\/kdwolf\/review\/318037888\/6b2dfcb71f). Im Rahmen des Generationencaf\u00e9s auf dem Open Campus kamen Rektor und Kuratoriumsvorsitzender der Uni-Stiftung, Prof. Dr.-Ing. Bernd Scholz-Reiter, Projektleiter Prof. Karsten D. Wolf der Universit\u00e4t Bremen und die Mathematiklehrerin Sandra Leu von der Oberschule im Park ins Gespr\u00e4ch. Auf Initiative des Mathematikprofessors Heinz-Otto Peitgen war dieses erfolgreiche und innovative Digitalisierungsprojekt zwischen Uni und Schule entstanden. Es wurde mit 25.000 Euro durch die Karin und Heinz-Otto Peitgen- sowie die Iris und Hartmut J\u00fcrgens-Stiftung gef\u00f6rdert \u2013 zwei Treuhandstiftungen der Universit\u00e4t Bremen. In dem Projekt erarbeiten M\u00e4dchen und Jungen der 5. bis 7. Klasse unter anderem Erkl\u00e4rvideos mit Tablets, die sie im Rahmen des Uni-Projekts gestellt bekommen. Unterst\u00fctzt werden sie dabei von Studierenden der Universit\u00e4t Bremen und ihren Lehrerinnen und Lehrern. Die Erkl\u00e4rvideos seien eine gute didaktische Methode, um Wissen zu vermitteln, so der Medienp\u00e4dagoge Karsten D. Wolf. Denn \u201ewenn man etwas erkl\u00e4ren will, muss man es verstanden haben.\u201c #unibremen #opencampus #digital #lernen #campusgespr\u00e4che http:\/\/www.facebook.com\/universitaetbremen http:\/\/www.instagram.com\/uni_bremen http:\/\/www.twitter.com\/unibremen http:\/\/www.uni-bremen.de\"><\/div><\/div><div class=\"lL\" style=\"max-width:100%;width:640px;margin:5px;\"><\/div><\/p>\n","protected":false},"excerpt":{"rendered":"<p>Neben den Projekten der Grundlagen- und Gestaltungsforschung setzen wir uns f\u00fcr den Transfer dieser Erkenntnisse \u00fcber die reine Lehr-, Publikations- und Vortragst\u00e4tigkeit hinaus ein. Neben der selbstverst\u00e4ndlichen Teilnahme bzw. Durchf\u00fchrung von\/an BarCamps und Fortbildungsveranstaltungen m\u00f6chten wir uns an einer positiven Entwicklung der Gesellschaft beteiligen. Die Universit\u00e4t Bremen hat dazu ein Corporate Social Responsibility Programm in&#8217;s &hellip; <a href=\"https:\/\/blogs.uni-bremen.de\/bildungslab\/transfer\/\" class=\"more-link\"><span class=\"screen-reader-text\">Transfer und Corporate-Social-Responsibility Projekte<\/span> weiterlesen <span class=\"meta-nav\">&rarr;<\/span><\/a><\/p>\n","protected":false},"author":31,"featured_media":0,"parent":0,"menu_order":0,"comment_status":"closed","ping_status":"closed","template":"","meta":{"_bbp_topic_count":0,"_bbp_reply_count":0,"_bbp_total_topic_count":0,"_bbp_total_reply_count":0,"_bbp_voice_count":0,"_bbp_anonymous_reply_count":0,"_bbp_topic_count_hidden":0,"_bbp_reply_count_hidden":0,"_bbp_forum_subforum_count":0,"footnotes":""},"class_list":["post-99","page","type-page","status-publish","hentry"],"_links":{"self":[{"href":"https:\/\/blogs.uni-bremen.de\/bildungslab\/wp-json\/wp\/v2\/pages\/99","targetHints":{"allow":["GET"]}}],"collection":[{"href":"https:\/\/blogs.uni-bremen.de\/bildungslab\/wp-json\/wp\/v2\/pages"}],"about":[{"href":"https:\/\/blogs.uni-bremen.de\/bildungslab\/wp-json\/wp\/v2\/types\/page"}],"author":[{"embeddable":true,"href":"https:\/\/blogs.uni-bremen.de\/bildungslab\/wp-json\/wp\/v2\/users\/31"}],"replies":[{"embeddable":true,"href":"https:\/\/blogs.uni-bremen.de\/bildungslab\/wp-json\/wp\/v2\/comments?post=99"}],"version-history":[{"count":3,"href":"https:\/\/blogs.uni-bremen.de\/bildungslab\/wp-json\/wp\/v2\/pages\/99\/revisions"}],"predecessor-version":[{"id":263,"href":"https:\/\/blogs.uni-bremen.de\/bildungslab\/wp-json\/wp\/v2\/pages\/99\/revisions\/263"}],"wp:attachment":[{"href":"https:\/\/blogs.uni-bremen.de\/bildungslab\/wp-json\/wp\/v2\/media?parent=99"}],"curies":[{"name":"wp","href":"https:\/\/api.w.org\/{rel}","templated":true}]}}