{"id":63,"date":"2016-01-14T23:29:06","date_gmt":"2016-01-14T22:29:06","guid":{"rendered":"https:\/\/blogs.uni-bremen.de\/barbararoviro\/?page_id=63"},"modified":"2016-02-04T14:52:55","modified_gmt":"2016-02-04T13:52:55","slug":"impressum","status":"publish","type":"page","link":"https:\/\/blogs.uni-bremen.de\/barbararoviro\/impressum\/","title":{"rendered":"Impressum"},"content":{"rendered":"<h1><strong>Angaben gem\u00e4\u00df \u00a7 5 TMG:<\/strong><\/h1>\n<p>B\u00e0rbara Rovir\u00f3<br \/>\nUniversit\u00e4t Bremen<br \/>\nFachbereich 10: Sprach- und Literaturwissenschaften<br \/>\nDidaktik der romanischen Sprachen<\/p>\n<p>Bibliothekstr. 1, 28369 Bremen<br \/>\nB\u00fcro: GW2 A3770<br \/>\nTelf.: +49 421 218-68402<br \/>\nMail: roviro(at)uni-bremen.de<\/p>\n<h1><strong>Haftungsausschluss<\/strong><\/h1>\n<p>(Quelle:\u00a0<em>Rechtsanwalt f\u00fcr Internetrecht S\u00f6ren Siebert)<\/em><strong><br \/>\n<\/strong><\/p>\n<h3><strong>Haftung f\u00fcr Inhalte<\/strong><\/h3>\n<p>Die Inhalte dieser Seiten wurden mit gr\u00f6\u00dfter Sorgfalt erstellt.\u00a0F\u00fcr die Richtigkeit, Vollst\u00e4ndigkeit und Aktualit\u00e4t der Inhalte\u00a0kann ich jedoch keine Gew\u00e4hr \u00fcbernehmen. Als Diensteanbieter bin ich gem\u00e4\u00df \u00a7 7 Abs.1 TMG f\u00fcr\u00a0eigene Inhalte auf diesen Seiten nach den allgemeinen Gesetzen verantwortlich. Nach \u00a7\u00a7 8 bis 10 TMG bin ich als Diensteanbieter jedoch nicht\u00a0verpflichtet, \u00fcbermittelte oder gespeicherte fremde Informationen zu\u00a0\u00fcberwachen oder nach Umst\u00e4nden zu forschen, die auf eine rechtswidrige\u00a0T\u00e4tigkeit hinweisen. Verpflichtungen zur Entfernung oder Sperrung der\u00a0Nutzung von Informationen nach den allgemeinen Gesetzen bleiben hiervon\u00a0unber\u00fchrt. Eine diesbez\u00fcgliche Haftung ist jedoch erst ab dem\u00a0Zeitpunkt der Kenntnis einer konkreten Rechtsverletzung m\u00f6glich. Bei Bekanntwerden von entsprechenden Rechtsverletzungen werde ich diese Inhalte\u00a0umgehend entfernen.<strong><br \/>\n<\/strong><\/p>\n<h3><strong>Haftung f\u00fcr Links<\/strong><\/h3>\n<p>Das Angebot enth\u00e4lt Links zu externen Webseiten Dritter, auf deren\u00a0Inhalte ich keinen Einfluss habe. Deshalb kann ich f\u00fcr diese fremden Inhalte auch keine Gew\u00e4hr \u00fcbernehmen. F\u00fcr die Inhalte\u00a0der verlinkten Seiten ist stets der jeweilige Anbieter oder Betreiber der\u00a0Seiten verantwortlich. Die verlinkten Seiten wurden zum Zeitpunkt der Verlinkung\u00a0auf m\u00f6gliche Rechtsverst\u00f6\u00dfe \u00fcberpr\u00fcft. Rechtswidrige\u00a0Inhalte waren zum Zeitpunkt der Verlinkung nicht erkennbar. Eine permanente\u00a0inhaltliche Kontrolle der verlinkten Seiten ist jedoch ohne konkrete Anhaltspunkte\u00a0einer Rechtsverletzung nicht zumutbar. Bei Bekanntwerden von Rechtsverletzungen werde ich derartige Links umgehend entfernen.<strong><br \/>\n<\/strong><\/p>\n<h3><strong>Urheberrecht<\/strong><\/h3>\n<p>Die \u00a0erstellten Inhalte und Werke auf diesen Seiten\u00a0unterliegen dem deutschen Urheberrecht. Die Vervielf\u00e4ltigung, Bearbeitung, Verbreitung und\u00a0jede Art der Verwertung au\u00dferhalb der Grenzen des Urheberrechtes bed\u00fcrfen\u00a0der schriftlichen Zustimmung des jeweiligen Autors bzw. Erstellers. Downloads\u00a0und Kopien dieser Seite sind nur f\u00fcr den privaten, nicht kommerziellen\u00a0Gebrauch gestattet. Soweit die Inhalte auf dieser Seite nicht vom Betreiber erstellt wurden,\u00a0werden die Urheberrechte Dritter beachtet. Insbesondere werden Inhalte Dritter als solche\u00a0gekennzeichnet. Sollten Sie trotzdem auf eine Urheberrechtsverletzung aufmerksam werden, bitten wir um einen entsprechenden Hinweis.\u00a0Bei Bekanntwerden von Rechtsverletzungen werde ich derartige Inhalte umgehend entfernen.<br \/>\nIch freue mich\u00a0\u00fcber das Zitieren meiner Dokumente und Webseiten sowie das Setzen von Links auf meine Webseite.<strong><br \/>\n<\/strong><\/p>\n<h3><strong>Datenschutz<\/strong><\/h3>\n<p>Die Nutzung dieser Webseite ist in der Regel ohne Angabe personenbezogener Daten m\u00f6glich. Soweit auf diesen Seiten personenbezogene Daten (beispielsweise Name,\u00a0Anschrift oder eMail-Adressen) erhoben werden, erfolgt dies, soweit m\u00f6glich, stets auf freiwilliger Basis. Diese Daten werden ohne Ihre ausdr\u00fcckliche Zustimmung nicht an Dritte weitergegeben.<br \/>\nIch weise darauf hin, dass die Daten\u00fcbertragung im Internet (z.B. bei der Kommunikation per eMail) Sicherheitsl\u00fccken aufweisen kann. Ein l\u00fcckenloser Schutz der Daten vor dem Zugriff durch Dritte ist nicht m\u00f6glich.<br \/>\nDer Nutzung von im Rahmen der Impressumspflicht ver\u00f6ffentlichten Kontaktdaten\u00a0durch Dritte zur \u00dcbersendung von nicht ausdr\u00fccklich angeforderter\u00a0Werbung und Informationsmaterialien wird hiermit ausdr\u00fccklich widersprochen.\u00a0Die Betreiberin der Seiten beh\u00e4lt sich ausdr\u00fccklich rechtliche Schritte\u00a0im Falle der unverlangten Zusendung von Werbeinformationen, etwa durch Spam-Mails,\u00a0vor.<\/p>\n","protected":false},"excerpt":{"rendered":"<p>Angaben gem\u00e4\u00df \u00a7 5 TMG: B\u00e0rbara Rovir\u00f3 Universit\u00e4t Bremen Fachbereich 10: Sprach- und Literaturwissenschaften Didaktik der romanischen Sprachen Bibliothekstr. 1, 28369 Bremen B\u00fcro: GW2 A3770 Telf.: +49 421 218-68402 Mail: roviro(at)uni-bremen.de Haftungsausschluss (Quelle:\u00a0Rechtsanwalt f\u00fcr Internetrecht S\u00f6ren Siebert) Haftung f\u00fcr Inhalte Die Inhalte dieser Seiten wurden mit gr\u00f6\u00dfter Sorgfalt erstellt.\u00a0F\u00fcr die Richtigkeit, Vollst\u00e4ndigkeit und Aktualit\u00e4t der [&hellip;]<\/p>\n","protected":false},"author":5363,"featured_media":0,"parent":0,"menu_order":7,"comment_status":"closed","ping_status":"closed","template":"","meta":{"_bbp_topic_count":0,"_bbp_reply_count":0,"_bbp_total_topic_count":0,"_bbp_total_reply_count":0,"_bbp_voice_count":0,"_bbp_anonymous_reply_count":0,"_bbp_topic_count_hidden":0,"_bbp_reply_count_hidden":0,"_bbp_forum_subforum_count":0,"footnotes":""},"class_list":["post-63","page","type-page","status-publish","hentry"],"_links":{"self":[{"href":"https:\/\/blogs.uni-bremen.de\/barbararoviro\/wp-json\/wp\/v2\/pages\/63","targetHints":{"allow":["GET"]}}],"collection":[{"href":"https:\/\/blogs.uni-bremen.de\/barbararoviro\/wp-json\/wp\/v2\/pages"}],"about":[{"href":"https:\/\/blogs.uni-bremen.de\/barbararoviro\/wp-json\/wp\/v2\/types\/page"}],"author":[{"embeddable":true,"href":"https:\/\/blogs.uni-bremen.de\/barbararoviro\/wp-json\/wp\/v2\/users\/5363"}],"replies":[{"embeddable":true,"href":"https:\/\/blogs.uni-bremen.de\/barbararoviro\/wp-json\/wp\/v2\/comments?post=63"}],"version-history":[{"count":4,"href":"https:\/\/blogs.uni-bremen.de\/barbararoviro\/wp-json\/wp\/v2\/pages\/63\/revisions"}],"predecessor-version":[{"id":319,"href":"https:\/\/blogs.uni-bremen.de\/barbararoviro\/wp-json\/wp\/v2\/pages\/63\/revisions\/319"}],"wp:attachment":[{"href":"https:\/\/blogs.uni-bremen.de\/barbararoviro\/wp-json\/wp\/v2\/media?parent=63"}],"curies":[{"name":"wp","href":"https:\/\/api.w.org\/{rel}","templated":true}]}}