{"id":211,"date":"2016-02-04T13:47:30","date_gmt":"2016-02-04T12:47:30","guid":{"rendered":"https:\/\/blogs.uni-bremen.de\/barbararoviro\/?page_id=211"},"modified":"2016-02-04T14:16:59","modified_gmt":"2016-02-04T13:16:59","slug":"bildergallerie-2","status":"publish","type":"page","link":"https:\/\/blogs.uni-bremen.de\/barbararoviro\/bildergallerien\/bildergallerie-2\/","title":{"rendered":"26.01.2016: El Grill de Cesar im Kino &#8222;City 46&#8220; mit Dar\u00edo Aguirre."},"content":{"rendered":"<div id=\"attachment_191\" style=\"width: 270px\" class=\"wp-caption alignleft\"><a href=\"https:\/\/blogs.uni-bremen.de\/barbararoviro\/files\/2016\/01\/IMG_1438.jpg\" data-rel=\"lightbox-image-0\" data-rl_title=\"\" data-rl_caption=\"\" title=\"\"><img loading=\"lazy\" decoding=\"async\" aria-describedby=\"caption-attachment-191\" class=\" wp-image-191\" src=\"https:\/\/blogs.uni-bremen.de\/barbararoviro\/files\/2016\/01\/IMG_1438-300x225.jpg\" alt=\"Regisseur Dar\u00edo Aguirre mit der verantwortlichen Dozentin, B\u00e0rbara Rovir\u00f3. \" width=\"260\" height=\"195\" srcset=\"https:\/\/blogs.uni-bremen.de\/barbararoviro\/files\/2016\/01\/IMG_1438-300x225.jpg 300w, https:\/\/blogs.uni-bremen.de\/barbararoviro\/files\/2016\/01\/IMG_1438-1024x768.jpg 1024w, https:\/\/blogs.uni-bremen.de\/barbararoviro\/files\/2016\/01\/IMG_1438-624x468.jpg 624w\" sizes=\"auto, (max-width: 260px) 100vw, 260px\" \/><\/a><p id=\"caption-attachment-191\" class=\"wp-caption-text\">Regisseur Dar\u00edo Aguirre mit der verantwortlichen Dozentin, B\u00e0rbara Rovir\u00f3.<\/p><\/div>\n<div id=\"attachment_187\" style=\"width: 270px\" class=\"wp-caption alignleft\"><a href=\"https:\/\/blogs.uni-bremen.de\/barbararoviro\/files\/2016\/01\/IMG_1423.jpg\" data-rel=\"lightbox-image-1\" data-rl_title=\"\" data-rl_caption=\"\" title=\"\"><img loading=\"lazy\" decoding=\"async\" aria-describedby=\"caption-attachment-187\" class=\" wp-image-187\" src=\"https:\/\/blogs.uni-bremen.de\/barbararoviro\/files\/2016\/01\/IMG_1423-300x225.jpg\" alt=\"Das City 46 verzeichnete full house. Was f\u00fcr ein erfolg! \" width=\"260\" height=\"195\" srcset=\"https:\/\/blogs.uni-bremen.de\/barbararoviro\/files\/2016\/01\/IMG_1423-300x225.jpg 300w, https:\/\/blogs.uni-bremen.de\/barbararoviro\/files\/2016\/01\/IMG_1423-1024x768.jpg 1024w, https:\/\/blogs.uni-bremen.de\/barbararoviro\/files\/2016\/01\/IMG_1423-624x468.jpg 624w\" sizes=\"auto, (max-width: 260px) 100vw, 260px\" \/><\/a><p id=\"caption-attachment-187\" class=\"wp-caption-text\">Das City 46 verzeichnete full house. Was f\u00fcr ein erfolg!<\/p><\/div>\n<div id=\"attachment_189\" style=\"width: 270px\" class=\"wp-caption alignleft\"><a href=\"https:\/\/blogs.uni-bremen.de\/barbararoviro\/files\/2016\/01\/IMG_1429.jpg\" data-rel=\"lightbox-image-2\" data-rl_title=\"\" data-rl_caption=\"\" title=\"\"><img loading=\"lazy\" decoding=\"async\" aria-describedby=\"caption-attachment-189\" class=\" wp-image-189\" src=\"https:\/\/blogs.uni-bremen.de\/barbararoviro\/files\/2016\/01\/IMG_1429-300x225.jpg\" alt=\"Dar\u00edo Aguirre beantwortet die Fragen des Publikums.\" width=\"260\" height=\"195\" srcset=\"https:\/\/blogs.uni-bremen.de\/barbararoviro\/files\/2016\/01\/IMG_1429-300x225.jpg 300w, https:\/\/blogs.uni-bremen.de\/barbararoviro\/files\/2016\/01\/IMG_1429-1024x768.jpg 1024w, https:\/\/blogs.uni-bremen.de\/barbararoviro\/files\/2016\/01\/IMG_1429-624x468.jpg 624w\" sizes=\"auto, (max-width: 260px) 100vw, 260px\" \/><\/a><p id=\"caption-attachment-189\" class=\"wp-caption-text\">Dar\u00edo Aguirre beantwortet die Fragen des Publikums.<\/p><\/div>\n<div id=\"attachment_195\" style=\"width: 270px\" class=\"wp-caption alignleft\"><a href=\"https:\/\/blogs.uni-bremen.de\/barbararoviro\/files\/2016\/01\/IMG_1436.jpg\" data-rel=\"lightbox-image-3\" data-rl_title=\"\" data-rl_caption=\"\" title=\"\"><img loading=\"lazy\" decoding=\"async\" aria-describedby=\"caption-attachment-195\" class=\" wp-image-195\" src=\"https:\/\/blogs.uni-bremen.de\/barbararoviro\/files\/2016\/01\/IMG_1436-300x225.jpg\" alt=\"Dar\u00edo Aguirre posierte auch mit einzelnen Studierenden (hier Mariel Schulz &amp; Teresa Ziegler) \" width=\"260\" height=\"195\" srcset=\"https:\/\/blogs.uni-bremen.de\/barbararoviro\/files\/2016\/01\/IMG_1436-300x225.jpg 300w, https:\/\/blogs.uni-bremen.de\/barbararoviro\/files\/2016\/01\/IMG_1436-1024x768.jpg 1024w, https:\/\/blogs.uni-bremen.de\/barbararoviro\/files\/2016\/01\/IMG_1436-624x468.jpg 624w\" sizes=\"auto, (max-width: 260px) 100vw, 260px\" \/><\/a><p id=\"caption-attachment-195\" class=\"wp-caption-text\">Dar\u00edo Aguirre posierte auch mit einzelnen Studierenden (hier Mariel Schulz &amp; Teresa Ziegler)<\/p><\/div>\n<div id=\"attachment_193\" style=\"width: 270px\" class=\"wp-caption alignleft\"><a href=\"https:\/\/blogs.uni-bremen.de\/barbararoviro\/files\/2016\/01\/IMG_1432.jpg\" data-rel=\"lightbox-image-4\" data-rl_title=\"\" data-rl_caption=\"\" title=\"\"><img loading=\"lazy\" decoding=\"async\" aria-describedby=\"caption-attachment-193\" class=\" wp-image-193\" src=\"https:\/\/blogs.uni-bremen.de\/barbararoviro\/files\/2016\/01\/IMG_1432-300x225.jpg\" alt=\"Das Publikum verlie\u00df das City 46 \u00e4u\u00dferst zufrieden.\" width=\"260\" height=\"195\" srcset=\"https:\/\/blogs.uni-bremen.de\/barbararoviro\/files\/2016\/01\/IMG_1432-300x225.jpg 300w, https:\/\/blogs.uni-bremen.de\/barbararoviro\/files\/2016\/01\/IMG_1432-1024x768.jpg 1024w, https:\/\/blogs.uni-bremen.de\/barbararoviro\/files\/2016\/01\/IMG_1432-624x468.jpg 624w\" sizes=\"auto, (max-width: 260px) 100vw, 260px\" \/><\/a><p id=\"caption-attachment-193\" class=\"wp-caption-text\">Das Publikum verlie\u00df das City 46 \u00e4u\u00dferst zufrieden.<\/p><\/div>\n","protected":false},"excerpt":{"rendered":"","protected":false},"author":5363,"featured_media":0,"parent":301,"menu_order":1,"comment_status":"closed","ping_status":"closed","template":"page-templates\/full-width.php","meta":{"_bbp_topic_count":0,"_bbp_reply_count":0,"_bbp_total_topic_count":0,"_bbp_total_reply_count":0,"_bbp_voice_count":0,"_bbp_anonymous_reply_count":0,"_bbp_topic_count_hidden":0,"_bbp_reply_count_hidden":0,"_bbp_forum_subforum_count":0,"footnotes":""},"class_list":["post-211","page","type-page","status-publish","hentry"],"_links":{"self":[{"href":"https:\/\/blogs.uni-bremen.de\/barbararoviro\/wp-json\/wp\/v2\/pages\/211","targetHints":{"allow":["GET"]}}],"collection":[{"href":"https:\/\/blogs.uni-bremen.de\/barbararoviro\/wp-json\/wp\/v2\/pages"}],"about":[{"href":"https:\/\/blogs.uni-bremen.de\/barbararoviro\/wp-json\/wp\/v2\/types\/page"}],"author":[{"embeddable":true,"href":"https:\/\/blogs.uni-bremen.de\/barbararoviro\/wp-json\/wp\/v2\/users\/5363"}],"replies":[{"embeddable":true,"href":"https:\/\/blogs.uni-bremen.de\/barbararoviro\/wp-json\/wp\/v2\/comments?post=211"}],"version-history":[{"count":10,"href":"https:\/\/blogs.uni-bremen.de\/barbararoviro\/wp-json\/wp\/v2\/pages\/211\/revisions"}],"predecessor-version":[{"id":305,"href":"https:\/\/blogs.uni-bremen.de\/barbararoviro\/wp-json\/wp\/v2\/pages\/211\/revisions\/305"}],"up":[{"embeddable":true,"href":"https:\/\/blogs.uni-bremen.de\/barbararoviro\/wp-json\/wp\/v2\/pages\/301"}],"wp:attachment":[{"href":"https:\/\/blogs.uni-bremen.de\/barbararoviro\/wp-json\/wp\/v2\/media?parent=211"}],"curies":[{"name":"wp","href":"https:\/\/api.w.org\/{rel}","templated":true}]}}