{"id":12,"date":"2024-01-01T21:03:00","date_gmt":"2024-01-01T20:03:00","guid":{"rendered":"https:\/\/blogs.uni-bremen.de\/antifemdata\/?page_id=12"},"modified":"2024-02-17T09:42:19","modified_gmt":"2024-02-17T08:42:19","slug":"uber-uns","status":"publish","type":"page","link":"https:\/\/blogs.uni-bremen.de\/antifemdata\/uber-uns\/","title":{"rendered":"\u00dcber uns"},"content":{"rendered":"<div class=\"et_d4_element et_pb_section et_pb_section_0 et_pb_with_background  et_pb_css_mix_blend_mode et_section_regular et_block_section\" >\n\t\t\t\t\n\t\t\t\t\n\t\t\t\t\n\t\t\t\t\n\t\t\t\t\n\t\t\t\t\n\t\t\t\t<div class=\"et_d4_element et_pb_row et_pb_row_0  et_pb_css_mix_blend_mode et_block_row\">\n\t\t\t\t<div class=\"et_d4_element et_pb_column_4_4 et_pb_column et_pb_column_0  et_pb_css_mix_blend_mode et-last-child et_block_column\">\n\t\t\t\t\n\t\t\t\t\n\t\t\t\t\n\t\t\t\t\n\t\t\t\t<div class=\"et_pb_module et_d4_element et_pb_heading et_pb_heading_0 et_pb_bg_layout_\">\n\t\t\t\t\n\t\t\t\t\n\t\t\t\t\n\t\t\t\t\n\t\t\t\t<div class=\"et_pb_heading_container\"><h1 class=\"et_pb_module_heading\">\u00dcber uns<\/h1><\/div>\n\t\t\t<\/div><div class=\"et_pb_module et_d4_element et_pb_text et_pb_text_0  et_pb_text_align_left et_pb_bg_layout_light\">\n\t\t\t\t\n\t\t\t\t\n\t\t\t\t\n\t\t\t\t\n\t\t\t\t<div class=\"et_pb_text_inner\"><p><span style=\"font-size: medium\">Wir sind eine Gruppe Student*innen der Universit\u00e4t Bremen. Diese Website ist das Ergebnis unseres Daten-Projekts aus dem Seminar \"Streifz\u00fcge durch die Daten-Macht: Was haben Daten mit Politik zu tun?\" bei <span style=\"text-decoration: underline;color: #ffffff\"><a href=\"https:\/\/www.uni-bremen.de\/kultur\/forschung\/bik\/nurhak-polat\" data-type=\"link\" data-id=\"https:\/\/www.uni-bremen.de\/kultur\/forschung\/bik\/nurhak-polat\" style=\"color: #ffffff;text-decoration: underline\">Nurhak Polat<\/a><\/span> im WiSe 2023\/24.<\/span><\/p><\/div>\n\t\t\t<\/div><div class=\"et_pb_module et_d4_element et_pb_accordion et_pb_accordion_0\">\n\t\t\t\t\n\t\t\t\t\n\t\t\t\t\n\t\t\t\t\n\t\t\t\t<div class=\"et_pb_toggle et_pb_module et_d4_element et_pb_accordion_item et_pb_accordion_item_0  et_pb_toggle_open\">\n\t\t\t\t\n\t\t\t\t\n\t\t\t\t\n\t\t\t\t\n\t\t\t\t<h5 class=\"et_pb_toggle_title\">Nina Moya Schreieder<\/h5>\n\t\t\t\t<div class=\"et_pb_toggle_content clearfix\"><p>Ich studiere Soziologie und Kulturwissenschaften in 5. Bachelor-Semester. Meine Studienschwerpunkte sind quantitative Methoden, Statistik und Arbeitssoziologie. Ich bin Gruppenleiter*in dieses Daten-Projekts und habe die Website erstellt und gestaltet, wie auch die meisten Texte zu Methode und Theorie geschrieben.<\/p><\/div>\n\t\t\t<\/div><div class=\"et_pb_toggle et_pb_module et_d4_element et_pb_accordion_item et_pb_accordion_item_1  et_pb_toggle_close\">\n\t\t\t\t\n\t\t\t\t\n\t\t\t\t\n\t\t\t\t\n\t\t\t\t<h5 class=\"et_pb_toggle_title\">Maya Harms<\/h5>\n\t\t\t\t<div class=\"et_pb_toggle_content clearfix\"><p><span class=\"author-a-7ahz76zdbz86z8t0z86zz83zz83zoz90zk\">Ich studiere Kunst-Medien-\u00c4sthetische Bildung im 7. und Kulturwissenschaften im 5. Bachelor-Semester. Ich unterst\u00fctze Nina dabei, ihr Datenprojekt zu realisieren und habe dabei nach Informationen sowie Literatur recherchiert, um einen Steckbrief und \u00dcberblick \u00fcber die feministische Lage im Land zusammenzutragen.<\/span><\/p><\/div>\n\t\t\t<\/div><div class=\"et_pb_toggle et_pb_module et_d4_element et_pb_accordion_item et_pb_accordion_item_2  et_pb_toggle_close\">\n\t\t\t\t\n\t\t\t\t\n\t\t\t\t\n\t\t\t\t\n\t\t\t\t<h5 class=\"et_pb_toggle_title\">Laura Spohr<\/h5>\n\t\t\t\t<div class=\"et_pb_toggle_content clearfix\"><p><span class=\"author-a-z75zz68zz80zyq8kogvcz73zuz70zvz80z\">Ich studiere Kulturwissenschaften und Erziehungs- und Bildungswissenschaften im 7. Bachelor-Semester. Zu dem Land Pakistan\/\u00c4gypten habe ich Daten herausgesucht und diese mit Literatur verkn\u00fcpft, um feministische Debatten in dem Land aufzuzeigen.<\/span><\/p><\/div>\n\t\t\t<\/div><div class=\"et_pb_toggle et_pb_module et_d4_element et_pb_accordion_item et_pb_accordion_item_3  et_pb_toggle_close\">\n\t\t\t\t\n\t\t\t\t\n\t\t\t\t\n\t\t\t\t\n\t\t\t\t<h5 class=\"et_pb_toggle_title\">Tokessa Heyer<\/h5>\n\t\t\t\t<div class=\"et_pb_toggle_content clearfix\"><p>Ich studiere Kommunikations- und Medienwissenschaft und Kulturwissenschaft ebenfalls im 5. Bachelor-Semester. Ich unterst\u00fctze Nina bei der Umsetzung ihres Daten-Projekts<\/p><\/div>\n\t\t\t<\/div><div class=\"et_pb_toggle et_pb_module et_d4_element et_pb_accordion_item et_pb_accordion_item_4  et_pb_toggle_close\">\n\t\t\t\t\n\t\t\t\t\n\t\t\t\t\n\t\t\t\t\n\t\t\t\t<h5 class=\"et_pb_toggle_title\">Janne We\u00dfbecher<\/h5>\n\t\t\t\t<div class=\"et_pb_toggle_content clearfix\"><p><span class=\"author-a-z84zl3z81zaxfz122zz75zz69zz83zz73zqz80zz77zf\"> Ich studiere Kommunikations- und Medienwissenschaften als Profilfach und Kulturwissenschaften als Komplement\u00e4rfach im 5. Semster. F\u00fcr dieses Projekt war ich mit der Gruppe vielseitig im Austausch und habe einen Steckbrief \u00fcber die USA zusammengestellt mit Fokus auf allgemeinen Informationen zum Land, sowie der feministischen Situation in den USA.\u00a0<\/span><\/p><\/div>\n\t\t\t<\/div>\n\t\t\t<\/div>\n\t\t\t<\/div>\n\t\t\t\t\n\t\t\t\t\n\t\t\t\t\n\t\t\t\t\n\t\t\t<\/div>\n\t\t\t\t\n\t\t\t\t\n\t\t\t<\/div>\n","protected":false},"excerpt":{"rendered":"","protected":false},"author":13631,"featured_media":0,"parent":0,"menu_order":0,"comment_status":"closed","ping_status":"closed","template":"","meta":{"_bbp_topic_count":0,"_bbp_reply_count":0,"_bbp_total_topic_count":0,"_bbp_total_reply_count":0,"_bbp_voice_count":0,"_bbp_anonymous_reply_count":0,"_bbp_topic_count_hidden":0,"_bbp_reply_count_hidden":0,"_bbp_forum_subforum_count":0,"_et_pb_use_builder":"on","_et_pb_old_content":"<!-- wp:paragraph -->\r\n<p>Wir sind eine Gruppe Student*innen der Universit\u00e4t Bremen. Diese Website ist das Ergebnis unseres Daten-Projekts aus dem Seminar \"Streifz\u00fcge durch die Daten-Macht\" bei <a href=\"https:\/\/www.uni-bremen.de\/kultur\/forschung\/bik\/nurhak-polat\" data-type=\"link\" data-id=\"https:\/\/www.uni-bremen.de\/kultur\/forschung\/bik\/nurhak-polat\">Nurhak Polat<\/a> im WiSe 2023\/24.<\/p>\r\n<!-- \/wp:paragraph --><!-- wp:details {\"summary\":\"Nina Moya Schreieder\"} --><details class=\"wp-block-details\">\r\n<summary>Nina Moya Schreieder<\/summary>\r\n<!-- wp:paragraph {\"placeholder\":\"Gib \/ ein, um einen verborgenen Block hinzuzuf\u00fcgen\"} -->Ich bin Gruppenleiter*in dieses Daten-Projekts und studiere Soziologie und Kulturwissenschaften in 5. Bachelor-Semester. Meine Studienschwerpunkte sind quantitative Methoden, Statistik und Arbeitssoziologie. <!-- \/wp:paragraph --><\/details><!-- \/wp:details --><!-- wp:details {\"summary\":\"Tokessa Heyer\"} --><details class=\"wp-block-details\">\r\n<summary>Tokessa Heyer<br \/>Ich studiere Kommunikations- und Medienwissenschaft und Kulturwissenschaft ebenfalls im 5. Bachelor-Semester. Ich unterst\u00fctze Nina bei der Umsetzung ihres Daten-Projekts.<\/summary>\r\n<!-- wp:paragraph {\"placeholder\":\"Gib \/ ein, um einen verborgenen Block hinzuzuf\u00fcgen\"} \/--><\/details><!-- \/wp:details --><!-- wp:details {\"summary\":\"Janne We\u00dfbecher\"} --><details class=\"wp-block-details\">\r\n<summary>Janne We\u00dfbecher<\/summary>\r\n<!-- wp:paragraph {\"placeholder\":\"Gib \/ ein, um einen verborgenen Block hinzuzuf\u00fcgen\"} -->Beispiel <!-- \/wp:paragraph --><\/details><!-- \/wp:details --><!-- wp:details {\"summary\":\"Maya Harms \"} --><details class=\"wp-block-details\">\r\n<summary>Maya Harms<\/summary>\r\n<!-- wp:paragraph {\"placeholder\":\"Gib \/ ein, um einen verborgenen Block hinzuzuf\u00fcgen\"} -->Beispiel <!-- \/wp:paragraph --><\/details><!-- \/wp:details --><!-- wp:details {\"summary\":\"Laura Yilma \"} --><details class=\"wp-block-details\">\r\n<summary>Laura Yilma<\/summary>\r\n<!-- wp:paragraph {\"placeholder\":\"Gib \/ ein, um einen verborgenen Block hinzuzuf\u00fcgen\"} -->Beispiel <!-- \/wp:paragraph --><\/details><!-- \/wp:details -->","_et_gb_content_width":"","footnotes":""},"class_list":["post-12","page","type-page","status-publish","hentry"],"_links":{"self":[{"href":"https:\/\/blogs.uni-bremen.de\/antifemdata\/wp-json\/wp\/v2\/pages\/12","targetHints":{"allow":["GET"]}}],"collection":[{"href":"https:\/\/blogs.uni-bremen.de\/antifemdata\/wp-json\/wp\/v2\/pages"}],"about":[{"href":"https:\/\/blogs.uni-bremen.de\/antifemdata\/wp-json\/wp\/v2\/types\/page"}],"author":[{"embeddable":true,"href":"https:\/\/blogs.uni-bremen.de\/antifemdata\/wp-json\/wp\/v2\/users\/13631"}],"replies":[{"embeddable":true,"href":"https:\/\/blogs.uni-bremen.de\/antifemdata\/wp-json\/wp\/v2\/comments?post=12"}],"version-history":[{"count":9,"href":"https:\/\/blogs.uni-bremen.de\/antifemdata\/wp-json\/wp\/v2\/pages\/12\/revisions"}],"predecessor-version":[{"id":268,"href":"https:\/\/blogs.uni-bremen.de\/antifemdata\/wp-json\/wp\/v2\/pages\/12\/revisions\/268"}],"wp:attachment":[{"href":"https:\/\/blogs.uni-bremen.de\/antifemdata\/wp-json\/wp\/v2\/media?parent=12"}],"curies":[{"name":"wp","href":"https:\/\/api.w.org\/{rel}","templated":true}]}}