{"id":43,"date":"2013-08-05T15:11:39","date_gmt":"2013-08-05T13:11:39","guid":{"rendered":"http:\/\/blogs.uni-bremen.de\/aktive2013\/?page_id=43"},"modified":"2013-11-10T20:05:42","modified_gmt":"2013-11-10T18:05:42","slug":"aufrufe","status":"publish","type":"page","link":"https:\/\/blogs.uni-bremen.de\/aktive2013\/aufrufe\/","title":{"rendered":"Offene Briefe"},"content":{"rendered":"<p><em><span style=\"color: #343434;font-size: small\"><span style=\"font-family: Helvetica, sans-serif\">Verschiedene Zusammenh\u00e4nge und Einzelpersonen haben offene Briefe zu den drohenden K\u00fcrzungen an der Universit\u00e4t Bremen verfasst, die Sie hier abrufen k\u00f6nnen (die unten gelistete Reihenfolge ist zuf\u00e4llig).<\/span><\/span><\/em><\/p>\n<p><span style=\"color: #ff9900\"><span style=\"font-family: Helvetica, sans-serif\"><span style=\"font-size: small\"><a href=\"https:\/\/blogs.uni-bremen.de\/aktive2013\/?page_id=48\"><span style=\"color: #ff9900\">Offener Brief des Personalrats der Universit\u00e4t Bremen an den Senat der Freien und Hansestadt Bremen und an die Abgeordneten der Bremischen B\u00fcrgerschaft.<\/span><\/a><\/span><br \/>\n<span style=\"font-size: xx-small\">&#8212;&#8212;&#8212;&#8212;&#8212;&#8212;&#8212;&#8212;&#8212;&#8212;&#8212;&#8212;&#8212;&#8212;&#8212;&#8212;&#8212;&#8212;&#8212;&#8212;&#8212;&#8212;&#8212;&#8212;&#8212;&#8212;&#8212;&#8212;&#8212;&#8212;&#8212;&#8212;&#8212;&#8212;&#8212;&#8212;&#8212;&#8212;&#8212;&#8212;&#8212;&#8212;&#8212;&#8212;&#8212;&#8212;&#8212;&#8212;&#8212;&#8212;&#8212;&#8212;&#8212;&#8212;&#8212;&#8212;&#8212;&#8212;&#8212;&#8212;&#8212;&#8212;&#8212;&#8212;&#8212;&#8212;&#8212;&#8212;&#8212;-<\/span><br \/>\n<\/span><span style=\"font-size: small\"><span style=\"font-family: Helvetica, sans-serif\"><a href=\"https:\/\/blogs.uni-bremen.de\/aktive2013\/?page_id=49\"><span style=\"color: #ff9900\">Offener Brief der Angeh\u00f6rigen der Universit\u00e4t Bremen<br \/>\n<\/span><\/a><\/span><\/span><span style=\"font-size: xx-small\">&#8212;&#8212;&#8212;&#8212;&#8212;&#8212;&#8212;&#8212;&#8212;&#8212;&#8212;&#8212;&#8212;&#8212;&#8212;&#8212;&#8212;&#8212;&#8212;&#8212;&#8212;&#8212;&#8212;&#8212;&#8212;&#8212;&#8212;&#8212;&#8212;&#8212;&#8212;&#8212;&#8212;&#8212;&#8212;&#8212;&#8212;&#8212;&#8212;&#8212;&#8212;&#8212;&#8212;&#8212;&#8212;&#8212;&#8212;&#8212;&#8212;&#8212;&#8212;&#8212;&#8212;&#8212;&#8212;&#8212;&#8212;&#8212;&#8212;&#8212;&#8212;&#8212;&#8212;&#8212;&#8212;&#8212;&#8212;&#8212;&#8212;-<br \/>\n<a href=\"http:\/\/blogs.uni-bremen.de\/aktive2013\/news-seite\/\"><span style=\"font-size: small;color: #ff9900\">Offener Brief &#8211; K\u00fcrzungen werden nicht diskutiert sondern bek\u00e4mpft!<\/span><\/a><\/span><\/span><\/p>\n","protected":false},"excerpt":{"rendered":"<p>Verschiedene Zusammenh\u00e4nge und Einzelpersonen haben offene Briefe zu den drohenden K\u00fcrzungen an der Universit\u00e4t Bremen verfasst, die Sie hier abrufen k\u00f6nnen (die unten gelistete Reihenfolge ist zuf\u00e4llig). Offener Brief des Personalrats der Universit\u00e4t Bremen an den Senat der Freien und Hansestadt Bremen und an die Abgeordneten der Bremischen B\u00fcrgerschaft. &#8212;&#8212;&#8212;&#8212;&#8212;&#8212;&#8212;&#8212;&#8212;&#8212;&#8212;&#8212;&#8212;&#8212;&#8212;&#8212;&#8212;&#8212;&#8212;&#8212;&#8212;&#8212;&#8212;&#8212;&#8212;&#8212;&#8212;&#8212;&#8212;&#8212;&#8212;&#8212;&#8212;&#8212;&#8212;&#8212;&#8212;&#8212;&#8212;&#8212;&#8212;&#8212;&#8212;&#8212;&#8212;&#8212;&#8212;&#8212;&#8212;&#8212;&#8212;&#8212;&#8212;&#8212;&#8212;&#8212;&#8212;&#8212;&#8212;&#8212;&#8212;&#8212;&#8212;&#8212;&#8212;&#8212;&#8212;&#8212;&#8212;- Offener Brief der Angeh\u00f6rigen der [&hellip;]<\/p>\n","protected":false},"author":1961,"featured_media":0,"parent":0,"menu_order":0,"comment_status":"open","ping_status":"open","template":"","meta":{"_bbp_topic_count":0,"_bbp_reply_count":0,"_bbp_total_topic_count":0,"_bbp_total_reply_count":0,"_bbp_voice_count":0,"_bbp_anonymous_reply_count":0,"_bbp_topic_count_hidden":0,"_bbp_reply_count_hidden":0,"_bbp_forum_subforum_count":0,"footnotes":""},"class_list":["post-43","page","type-page","status-publish","hentry"],"_links":{"self":[{"href":"https:\/\/blogs.uni-bremen.de\/aktive2013\/wp-json\/wp\/v2\/pages\/43","targetHints":{"allow":["GET"]}}],"collection":[{"href":"https:\/\/blogs.uni-bremen.de\/aktive2013\/wp-json\/wp\/v2\/pages"}],"about":[{"href":"https:\/\/blogs.uni-bremen.de\/aktive2013\/wp-json\/wp\/v2\/types\/page"}],"author":[{"embeddable":true,"href":"https:\/\/blogs.uni-bremen.de\/aktive2013\/wp-json\/wp\/v2\/users\/1961"}],"replies":[{"embeddable":true,"href":"https:\/\/blogs.uni-bremen.de\/aktive2013\/wp-json\/wp\/v2\/comments?post=43"}],"version-history":[{"count":1,"href":"https:\/\/blogs.uni-bremen.de\/aktive2013\/wp-json\/wp\/v2\/pages\/43\/revisions"}],"predecessor-version":[{"id":54,"href":"https:\/\/blogs.uni-bremen.de\/aktive2013\/wp-json\/wp\/v2\/pages\/43\/revisions\/54"}],"wp:attachment":[{"href":"https:\/\/blogs.uni-bremen.de\/aktive2013\/wp-json\/wp\/v2\/media?parent=43"}],"curies":[{"name":"wp","href":"https:\/\/api.w.org\/{rel}","templated":true}]}}