{"id":174,"date":"2013-10-25T13:25:18","date_gmt":"2013-10-25T11:25:18","guid":{"rendered":"http:\/\/blogs.uni-bremen.de\/aktive2013\/?page_id=174"},"modified":"2013-12-06T13:24:33","modified_gmt":"2013-12-06T11:24:33","slug":"links","status":"publish","type":"page","link":"https:\/\/blogs.uni-bremen.de\/aktive2013\/links\/","title":{"rendered":"Links"},"content":{"rendered":"<p><em>Relevante Linksammlung\u00a0<\/em><\/p>\n<p>&#8211; <span style=\"color: #ff9900\"><a href=\"http:\/\/www.asta.uni-bremen.de\"><span style=\"color: #ff9900\">Allgemeiner Studierendenausschuss<\/span><\/a><\/span>\u00a0(AStA)\u00a0der Universit\u00e4t Bremen<\/p>\n<p>&#8211; <span style=\"color: #ff9900\"><a href=\"https:\/\/www.facebook.com\/pages\/K\u00fcrzungen-an-der-Uni-Bremen-nicht-mit-uns\/214336735404302\"><span style=\"color: #ff9900\">Facebook<\/span><\/a><\/span> &#8211; &#8222;K\u00fcrzungen an der Uni Bremen &#8211; nicht mit uns&#8220;<\/p>\n<p>&#8211; <span style=\"color: #ff9900\"><a href=\"http:\/\/protestunibremen.blogspot.de\/\"><span style=\"color: #ff9900\">Protestplattform gegen die K\u00fcrzungen<\/span><\/a><\/span> (Studierende der Kulturwissenschaften)<\/p>\n<p>&#8211; <span style=\"color: #ff9900\"><a href=\"http:\/\/lisa-bremen.de\"><span style=\"color: #ff9900\">LiSA<\/span><\/a><\/span> &#8211; Hochschulpolitische Gruppe an der Universit\u00e4t Bremen<\/p>\n<p>&#8211; <a href=\"http:\/\/www.schulstreik-bremen.de\/\"><span style=\"color: #ff9900\">Schulstreik Bremen<\/span><\/a><\/p>\n<p>&#8211; Bundesweiter <a href=\"http:\/\/www.bildungsstreik.net\/\"><span style=\"color: #ff9900\">Bildungsstreik<\/span><\/a> (Aufruf, Materialien, Vernetzung etc.)<\/p>\n<p>&#8211; <a href=\"http:\/\/projektgruppe-bildungsstreik.wikispaces.com\/\"><span style=\"color: #ff9900\">Bildungsstreik Uni Konstanz 2010<\/span><\/a> (Orga, Materialien, Positionen, Grundsatzdebatte)<\/p>\n<p>&#8211;\u00a0<span style=\"color: #ff9900\"><a href=\"http:\/\/www.fu-mittelbau.de\/\"><span style=\"color: #ff9900\">FU Berlin-Mittelbau<\/span><\/a><\/span>\u00a0&#8211;\u00a0Beruf oder Berufung? Prek\u00e4r oder Platzhirsch? Sekt oder Selters?<\/p>\n<p>&#8211; <a href=\"http:\/\/www.mittelbauinitiative.uni-oldenburg.de\/dokuwiki\/doku.php\"><span style=\"color: #ff9900\">Mittelbauinitiative Uni Oldenburg<\/span><\/a> Aktionen, Forderungen, Presse und weiteres Material<\/p>\n<p>&nbsp;<\/p>\n<p>&#8211; <span style=\"color: #ff9900\"><a href=\"http:\/\/web.archive.org\/web\/20100721064427\/http:\/\/www.protesthandbuch.de.vu\/\"><span style=\"color: #ff9900\">Handbuch<\/span><\/a><\/span> zur studentischen Selbstorganisation (2005 erschienen)<\/p>\n","protected":false},"excerpt":{"rendered":"<p>Relevante Linksammlung\u00a0 &#8211; Allgemeiner Studierendenausschuss\u00a0(AStA)\u00a0der Universit\u00e4t Bremen &#8211; Facebook &#8211; &#8222;K\u00fcrzungen an der Uni Bremen &#8211; nicht mit uns&#8220; &#8211; Protestplattform gegen die K\u00fcrzungen (Studierende der Kulturwissenschaften) &#8211; LiSA &#8211; Hochschulpolitische Gruppe an der Universit\u00e4t Bremen &#8211; Schulstreik Bremen &#8211; Bundesweiter Bildungsstreik (Aufruf, Materialien, Vernetzung etc.) &#8211; Bildungsstreik Uni Konstanz 2010 (Orga, Materialien, Positionen, Grundsatzdebatte) [&hellip;]<\/p>\n","protected":false},"author":1961,"featured_media":0,"parent":0,"menu_order":0,"comment_status":"open","ping_status":"closed","template":"","meta":{"_bbp_topic_count":0,"_bbp_reply_count":0,"_bbp_total_topic_count":0,"_bbp_total_reply_count":0,"_bbp_voice_count":0,"_bbp_anonymous_reply_count":0,"_bbp_topic_count_hidden":0,"_bbp_reply_count_hidden":0,"_bbp_forum_subforum_count":0,"footnotes":""},"class_list":["post-174","page","type-page","status-publish","hentry"],"_links":{"self":[{"href":"https:\/\/blogs.uni-bremen.de\/aktive2013\/wp-json\/wp\/v2\/pages\/174","targetHints":{"allow":["GET"]}}],"collection":[{"href":"https:\/\/blogs.uni-bremen.de\/aktive2013\/wp-json\/wp\/v2\/pages"}],"about":[{"href":"https:\/\/blogs.uni-bremen.de\/aktive2013\/wp-json\/wp\/v2\/types\/page"}],"author":[{"embeddable":true,"href":"https:\/\/blogs.uni-bremen.de\/aktive2013\/wp-json\/wp\/v2\/users\/1961"}],"replies":[{"embeddable":true,"href":"https:\/\/blogs.uni-bremen.de\/aktive2013\/wp-json\/wp\/v2\/comments?post=174"}],"version-history":[{"count":2,"href":"https:\/\/blogs.uni-bremen.de\/aktive2013\/wp-json\/wp\/v2\/pages\/174\/revisions"}],"predecessor-version":[{"id":583,"href":"https:\/\/blogs.uni-bremen.de\/aktive2013\/wp-json\/wp\/v2\/pages\/174\/revisions\/583"}],"wp:attachment":[{"href":"https:\/\/blogs.uni-bremen.de\/aktive2013\/wp-json\/wp\/v2\/media?parent=174"}],"curies":[{"name":"wp","href":"https:\/\/api.w.org\/{rel}","templated":true}]}}