{"id":592,"date":"2023-02-07T15:07:03","date_gmt":"2023-02-07T14:07:03","guid":{"rendered":"https:\/\/blogs.uni-bremen.de\/NIEO2\/?page_id=592"},"modified":"2023-02-07T16:01:39","modified_gmt":"2023-02-07T15:01:39","slug":"die-brics-staaten","status":"publish","type":"page","link":"https:\/\/blogs.uni-bremen.de\/NIEO2\/das-erbe-der-nieo\/die-brics-staaten\/","title":{"rendered":"Die BRICS-Staaten"},"content":{"rendered":"<div class=\"et_d4_element et_pb_section et_pb_section_0 et_pb_with_background  et_pb_css_mix_blend_mode et_section_regular et_block_section\" >\n\t\t\t\t\n\t\t\t\t\n\t\t\t\t\n\t\t\t\t\n\t\t\t\t\n\t\t\t\t\n\t\t\t\t<div class=\"et_d4_element et_pb_row et_pb_row_0  et_pb_css_mix_blend_mode et_block_row\">\n\t\t\t\t<div class=\"et_d4_element et_pb_column_4_4 et_pb_column et_pb_column_0  et_pb_css_mix_blend_mode et-last-child et_block_column\">\n\t\t\t\t\n\t\t\t\t\n\t\t\t\t\n\t\t\t\t\n\t\t\t\t<div class=\"et_pb_module et_d4_element et_pb_image et_pb_image_0\">\n\t\t\t\t\n\t\t\t\t\n\t\t\t\t\n\t\t\t\t\n\t\t\t\t<span class=\"et_pb_image_wrap \"><img loading=\"lazy\" decoding=\"async\" width=\"2560\" height=\"854\" src=\"https:\/\/blogs.uni-bremen.de\/NIEO2\/files\/logo_nieo2_twitter_titelbild-scaled.jpg\" alt=\"\" title=\"logo_nieo2_twitter_titelbild\" srcset=\"https:\/\/blogs.uni-bremen.de\/NIEO2\/files\/logo_nieo2_twitter_titelbild-scaled.jpg 2560w, https:\/\/blogs.uni-bremen.de\/NIEO2\/files\/logo_nieo2_twitter_titelbild-1280x427.jpg 1280w, https:\/\/blogs.uni-bremen.de\/NIEO2\/files\/logo_nieo2_twitter_titelbild-980x327.jpg 980w, https:\/\/blogs.uni-bremen.de\/NIEO2\/files\/logo_nieo2_twitter_titelbild-480x160.jpg 480w\" sizes=\"(min-width: 0px) and (max-width: 480px) 480px, (min-width: 481px) and (max-width: 980px) 980px, (min-width: 981px) and (max-width: 1280px) 1280px, (min-width: 1281px) 2560px, 100vw\" class=\"wp-image-127\" \/><\/span>\n\t\t\t<\/div>\n\t\t\t<\/div>\n\t\t\t\t\n\t\t\t\t\n\t\t\t\t\n\t\t\t\t\n\t\t\t<\/div><div class=\"et_d4_element et_pb_row et_pb_row_1  et_pb_css_mix_blend_mode et_block_row\">\n\t\t\t\t<div class=\"et_d4_element et_pb_column_4_4 et_pb_column et_pb_column_1  et_pb_css_mix_blend_mode et-last-child et_block_column\">\n\t\t\t\t\n\t\t\t\t\n\t\t\t\t\n\t\t\t\t\n\t\t\t\t<div class=\"et_pb_module et_d4_element et_pb_post_title et_pb_post_title_0 et_pb_bg_layout_light  et_pb_text_align_left\"   >\n\t\t\t\t\n\t\t\t\t\n\t\t\t\t\n\t\t\t\t\n\t\t\t\t\n\t\t\t\t<div class=\"et_pb_title_container\">\n\t\t\t\t\t<h1 class=\"entry-title\"><\/h1>\n\t\t\t\t<\/div>\n\t\t\t\t\n\t\t\t<\/div>\n\t\t\t<\/div>\n\t\t\t\t\n\t\t\t\t\n\t\t\t\t\n\t\t\t\t\n\t\t\t<\/div><div class=\"et_d4_element et_pb_row et_pb_row_2  et_pb_css_mix_blend_mode et_block_row\">\n\t\t\t\t<div class=\"et_d4_element et_pb_column_2_3 et_pb_column et_pb_column_2  et_pb_css_mix_blend_mode et_block_column\">\n\t\t\t\t\n\t\t\t\t\n\t\t\t\t\n\t\t\t\t\n\t\t\t\t<div class=\"et_pb_module et_d4_element et_pb_text et_pb_text_0  et_pb_text_align_justified et_pb_bg_layout_light\">\n\t\t\t\t\n\t\t\t\t\n\t\t\t\t\n\t\t\t\t\n\t\t\t\t<div class=\"et_pb_text_inner\"><p>Ist die Zweiteilung des globalen Norden und S\u00fcden zeitgem\u00e4\u00df? Nicht ganz, finden viele. Beispielsweise die BRICS-Staaten (Brasilien, Russland, Indien, China und S\u00fcdafrika), befinden sich in einer Rolle im Weltwirtschaftssystem, die sich nicht so einfach definieren l\u00e4sst. Dieser Audiobeitrag beleuchtet die BRICS-Staaten genauer und erkl\u00e4rt, was sie eint und was sie unterscheidet.<\/p><\/div>\n\t\t\t<\/div><div class=\"et_pb_module et_d4_element et_pb_audio_0 et_pb_audio_module clearfix et_pb_bg_layout_dark et_pb_audio_no_image  et_pb_css_mix_blend_mode\">\n\t\t\t\t\n\t\t\t\t\n\t\t\t\t\n\t\t\t\t\n\t\t\t\t\n\t\t\t\t<div class=\"et_pb_audio_module_content et_audio_container\">\n\t\t\t\t\t<h2 class=\"et_pb_module_header\">Die BRICS-Staaten<\/h2>\n\t\t\t\t\t<p class=\"et_audio_module_meta\">von <strong>Sinisha Pfeiffer, Jasper Holl<\/strong><\/p>\n\t\t\t\t\t<audio class=\"wp-audio-shortcode\" id=\"audio-0-1\" preload=\"none\" style=\"width: 100%;\" controls=\"controls\"><source type=\"audio\/mpeg\" src=\"https:\/\/blogs.uni-bremen.de\/NIEO2\/files\/Podcast_BRICS_Pfeifer_Holl.mp3?_=1\" \/><a href=\"https:\/\/blogs.uni-bremen.de\/NIEO2\/files\/Podcast_BRICS_Pfeifer_Holl.mp3\">https:\/\/blogs.uni-bremen.de\/NIEO2\/files\/Podcast_BRICS_Pfeifer_Holl.mp3<\/a><\/audio>\n\t\t\t\t<\/div>\n\t\t\t<\/div>\n\t\t\t<\/div><div class=\"et_d4_element et_pb_column_1_3 et_pb_column et_pb_column_3  et_pb_css_mix_blend_mode et-last-child et_block_column et_pb_column_empty\">\n\t\t\t\t\n\t\t\t\t\n\t\t\t\t\n\t\t\t\t\n\t\t\t\t\n\t\t\t<\/div>\n\t\t\t\t\n\t\t\t\t\n\t\t\t\t\n\t\t\t\t\n\t\t\t<\/div>\n\t\t\t\t\n\t\t\t\t\n\t\t\t<\/div>\n","protected":false},"excerpt":{"rendered":"","protected":false},"author":8721,"featured_media":0,"parent":499,"menu_order":0,"comment_status":"closed","ping_status":"closed","template":"","meta":{"_bbp_topic_count":0,"_bbp_reply_count":0,"_bbp_total_topic_count":0,"_bbp_total_reply_count":0,"_bbp_voice_count":0,"_bbp_anonymous_reply_count":0,"_bbp_topic_count_hidden":0,"_bbp_reply_count_hidden":0,"_bbp_forum_subforum_count":0,"_et_pb_use_builder":"on","_et_pb_old_content":"","_et_gb_content_width":"","footnotes":""},"class_list":["post-592","page","type-page","status-publish","hentry"],"_links":{"self":[{"href":"https:\/\/blogs.uni-bremen.de\/NIEO2\/wp-json\/wp\/v2\/pages\/592","targetHints":{"allow":["GET"]}}],"collection":[{"href":"https:\/\/blogs.uni-bremen.de\/NIEO2\/wp-json\/wp\/v2\/pages"}],"about":[{"href":"https:\/\/blogs.uni-bremen.de\/NIEO2\/wp-json\/wp\/v2\/types\/page"}],"author":[{"embeddable":true,"href":"https:\/\/blogs.uni-bremen.de\/NIEO2\/wp-json\/wp\/v2\/users\/8721"}],"replies":[{"embeddable":true,"href":"https:\/\/blogs.uni-bremen.de\/NIEO2\/wp-json\/wp\/v2\/comments?post=592"}],"version-history":[{"count":4,"href":"https:\/\/blogs.uni-bremen.de\/NIEO2\/wp-json\/wp\/v2\/pages\/592\/revisions"}],"predecessor-version":[{"id":599,"href":"https:\/\/blogs.uni-bremen.de\/NIEO2\/wp-json\/wp\/v2\/pages\/592\/revisions\/599"}],"up":[{"embeddable":true,"href":"https:\/\/blogs.uni-bremen.de\/NIEO2\/wp-json\/wp\/v2\/pages\/499"}],"wp:attachment":[{"href":"https:\/\/blogs.uni-bremen.de\/NIEO2\/wp-json\/wp\/v2\/media?parent=592"}],"curies":[{"name":"wp","href":"https:\/\/api.w.org\/{rel}","templated":true}]}}