{"id":194,"date":"2022-09-27T16:26:59","date_gmt":"2022-09-27T14:26:59","guid":{"rendered":"https:\/\/blogs.uni-bremen.de\/NIEO2\/?page_id=194"},"modified":"2023-04-27T10:12:56","modified_gmt":"2023-04-27T08:12:56","slug":"ueber-dieses-projekt","status":"publish","type":"page","link":"https:\/\/blogs.uni-bremen.de\/NIEO2\/eine-gerechte-weltwirtschaftsordnung\/ueber-dieses-projekt\/","title":{"rendered":"\u00dcber dieses Projekt"},"content":{"rendered":"<div class=\"et_d4_element et_pb_section et_pb_section_0 et_pb_with_background  et_pb_css_mix_blend_mode et_section_regular et_block_section\" >\n\t\t\t\t\n\t\t\t\t\n\t\t\t\t\n\t\t\t\t\n\t\t\t\t\n\t\t\t\t\n\t\t\t\t<div class=\"et_d4_element et_pb_row et_pb_row_0  et_pb_css_mix_blend_mode et_block_row\">\n\t\t\t\t<div class=\"et_d4_element et_pb_column_4_4 et_pb_column et_pb_column_0  et_pb_css_mix_blend_mode et-last-child et_block_column\">\n\t\t\t\t\n\t\t\t\t\n\t\t\t\t\n\t\t\t\t\n\t\t\t\t<div class=\"et_pb_module et_d4_element et_pb_image et_pb_image_0\">\n\t\t\t\t\n\t\t\t\t\n\t\t\t\t\n\t\t\t\t\n\t\t\t\t<span class=\"et_pb_image_wrap \"><img loading=\"lazy\" decoding=\"async\" width=\"2560\" height=\"854\" src=\"https:\/\/blogs.uni-bremen.de\/NIEO2\/files\/logo_nieo2_twitter_titelbild-scaled.jpg\" alt=\"\" title=\"logo_nieo2_twitter_titelbild\" srcset=\"https:\/\/blogs.uni-bremen.de\/NIEO2\/files\/logo_nieo2_twitter_titelbild-scaled.jpg 2560w, https:\/\/blogs.uni-bremen.de\/NIEO2\/files\/logo_nieo2_twitter_titelbild-1280x427.jpg 1280w, https:\/\/blogs.uni-bremen.de\/NIEO2\/files\/logo_nieo2_twitter_titelbild-980x327.jpg 980w, https:\/\/blogs.uni-bremen.de\/NIEO2\/files\/logo_nieo2_twitter_titelbild-480x160.jpg 480w\" sizes=\"(min-width: 0px) and (max-width: 480px) 480px, (min-width: 481px) and (max-width: 980px) 980px, (min-width: 981px) and (max-width: 1280px) 1280px, (min-width: 1281px) 2560px, 100vw\" class=\"wp-image-127\" \/><\/span>\n\t\t\t<\/div>\n\t\t\t<\/div>\n\t\t\t\t\n\t\t\t\t\n\t\t\t\t\n\t\t\t\t\n\t\t\t<\/div><div class=\"et_d4_element et_pb_row et_pb_row_1  et_pb_css_mix_blend_mode et_block_row\">\n\t\t\t\t<div class=\"et_d4_element et_pb_column_4_4 et_pb_column et_pb_column_1  et_pb_css_mix_blend_mode et-last-child et_block_column\">\n\t\t\t\t\n\t\t\t\t\n\t\t\t\t\n\t\t\t\t\n\t\t\t\t<div class=\"et_pb_module et_d4_element et_pb_post_title et_pb_post_title_0 et_pb_bg_layout_light  et_pb_text_align_left\"   >\n\t\t\t\t\n\t\t\t\t\n\t\t\t\t\n\t\t\t\t\n\t\t\t\t\n\t\t\t\t<div class=\"et_pb_title_container\">\n\t\t\t\t\t<h1 class=\"entry-title\"><\/h1>\n\t\t\t\t<\/div>\n\t\t\t\t\n\t\t\t<\/div>\n\t\t\t<\/div>\n\t\t\t\t\n\t\t\t\t\n\t\t\t\t\n\t\t\t\t\n\t\t\t<\/div><div class=\"et_d4_element et_pb_row et_pb_row_2  et_pb_css_mix_blend_mode et_block_row\">\n\t\t\t\t<div class=\"et_d4_element et_pb_column_3_5 et_pb_column et_pb_column_2  et_pb_css_mix_blend_mode et_block_column\">\n\t\t\t\t\n\t\t\t\t\n\t\t\t\t\n\t\t\t\t\n\t\t\t\t<div class=\"et_pb_module et_d4_element et_pb_text et_pb_text_0  et_pb_text_align_justified et_pb_bg_layout_light\">\n\t\t\t\t\n\t\t\t\t\n\t\t\t\t\n\t\t\t\t\n\t\t\t\t<div class=\"et_pb_text_inner\"><p>Diese Webseite wurde durch das Forschungsseminar \u201eEntw\u00fcrfe einer gerechten Weltwirtschaftsordnung\u201c am Institut f\u00fcr Politikwissenschaft der Universit\u00e4t Bremen entwickelt. Im Sommersemester 2022 recherchierten Studierende \u00fcber Geschichte und Erbe der NIEO, und fassten ihre Erkenntnisse in Texten und H\u00f6rbeitr\u00e4gen zusammen.\u00a0Das Forschungsseminar wurde von <a href=\"https:\/\/www.uni-bremen.de\/institut-fuer-interkulturelle-und-internationale-studien\/personen\/assoziierte-mitglieder\/veit\">Alex Veit<\/a> geleitet.<\/p>\n<p>Die Webseite ist verkn\u00fcpft mit einem Buchprojekt, dass 2023 erscheinen soll. Darin untersuchen Sozialwissenschaftler:innen die NIEO-Debatte auf ihre weiterhin relevanten Aspekte und machen Vorschl\u00e4ge zu einer transformativen Reform der Weltwirtschaftsordnung, einer NIEO2. Das Buch wird von Alex Veit (Universit\u00e4t Bremen) und <a href=\"https:\/\/www.iaaw.hu-berlin.de\/de\/region\/ostasien\/mitarbeiter-innen\/personal\/daniel-fuchs\">Daniel Fuchs<\/a> (Humboldt-Universit\u00e4t Berlin) herausgegeben.<\/p>\n<p>&nbsp;<\/p>\n<p>Diese Webseite wird von Selma Hornbacher-Sch\u00f6nleber gestaltet und redaktionell betreut.<\/p><\/div>\n\t\t\t<\/div>\n\t\t\t<\/div><div class=\"et_d4_element et_pb_column_2_5 et_pb_column et_pb_column_3  et_pb_css_mix_blend_mode et-last-child et_block_column\">\n\t\t\t\t\n\t\t\t\t\n\t\t\t\t\n\t\t\t\t\n\t\t\t\t<div class=\"et_pb_module et_d4_element et_pb_blurb et_pb_blurb_0  et_pb_text_align_left  et_pb_blurb_position_top et_block_module et_pb_bg_layout_light\">\n\t\t\t\t\n\t\t\t\t\n\t\t\t\t\n\t\t\t\t\n\t\t\t\t<div class=\"et_pb_blurb_content\">\n\t\t\t\t\t<div class=\"et_pb_main_blurb_image et_pb_css_mix_blend_mode\"><span class=\"et_pb_image_wrap et_pb_only_image_mode_wrap\"><img loading=\"lazy\" decoding=\"async\" width=\"1000\" height=\"1500\" src=\"https:\/\/blogs.uni-bremen.de\/NIEO2\/files\/K1A3873_korr_sRGB_8_1000x1500px_b.jpg\" alt=\"Foto: Caroline Wimmer\" srcset=\"https:\/\/blogs.uni-bremen.de\/NIEO2\/files\/K1A3873_korr_sRGB_8_1000x1500px_b.jpg 1000w, https:\/\/blogs.uni-bremen.de\/NIEO2\/files\/K1A3873_korr_sRGB_8_1000x1500px_b-980x1470.jpg 980w, https:\/\/blogs.uni-bremen.de\/NIEO2\/files\/K1A3873_korr_sRGB_8_1000x1500px_b-480x720.jpg 480w\" sizes=\"(min-width: 0px) and (max-width: 480px) 480px, (min-width: 481px) and (max-width: 980px) 980px, (min-width: 981px) 1000px, 100vw\" class=\"et-waypoint et_pb_animation_top et_pb_animation_top_tablet et_pb_animation_top_phone wp-image-651\" \/><\/span><\/div>\n\t\t\t\t\t<div class=\"et_pb_blurb_container\">\n\t\t\t\t\t\t<h4 class=\"et_pb_module_header\"><span>Kontakt<\/span><\/h4>\n\t\t\t\t\t\t<div class=\"et_pb_blurb_description\"><p>Dr. Alex Veit<\/p>\n<p>Institut f\u00fcr Interkulturelle und Internationale Studien (InIIS)<\/p>\n<p>Email: <a>veit[a]uni-bremen.de<\/a><\/p>\n<p>(Foto: Caroline Wimmer)<\/p><\/div>\n\t\t\t\t\t<\/div>\n\t\t\t\t<\/div>\n\t\t\t<\/div>\n\t\t\t<\/div>\n\t\t\t\t\n\t\t\t\t\n\t\t\t\t\n\t\t\t\t\n\t\t\t<\/div>\n\t\t\t\t\n\t\t\t\t\n\t\t\t<\/div>\n","protected":false},"excerpt":{"rendered":"","protected":false},"author":8721,"featured_media":0,"parent":5,"menu_order":0,"comment_status":"closed","ping_status":"closed","template":"","meta":{"_bbp_topic_count":0,"_bbp_reply_count":0,"_bbp_total_topic_count":0,"_bbp_total_reply_count":0,"_bbp_voice_count":0,"_bbp_anonymous_reply_count":0,"_bbp_topic_count_hidden":0,"_bbp_reply_count_hidden":0,"_bbp_forum_subforum_count":0,"_et_pb_use_builder":"on","_et_pb_old_content":"","_et_gb_content_width":"","footnotes":""},"class_list":["post-194","page","type-page","status-publish","hentry"],"_links":{"self":[{"href":"https:\/\/blogs.uni-bremen.de\/NIEO2\/wp-json\/wp\/v2\/pages\/194","targetHints":{"allow":["GET"]}}],"collection":[{"href":"https:\/\/blogs.uni-bremen.de\/NIEO2\/wp-json\/wp\/v2\/pages"}],"about":[{"href":"https:\/\/blogs.uni-bremen.de\/NIEO2\/wp-json\/wp\/v2\/types\/page"}],"author":[{"embeddable":true,"href":"https:\/\/blogs.uni-bremen.de\/NIEO2\/wp-json\/wp\/v2\/users\/8721"}],"replies":[{"embeddable":true,"href":"https:\/\/blogs.uni-bremen.de\/NIEO2\/wp-json\/wp\/v2\/comments?post=194"}],"version-history":[{"count":9,"href":"https:\/\/blogs.uni-bremen.de\/NIEO2\/wp-json\/wp\/v2\/pages\/194\/revisions"}],"predecessor-version":[{"id":701,"href":"https:\/\/blogs.uni-bremen.de\/NIEO2\/wp-json\/wp\/v2\/pages\/194\/revisions\/701"}],"up":[{"embeddable":true,"href":"https:\/\/blogs.uni-bremen.de\/NIEO2\/wp-json\/wp\/v2\/pages\/5"}],"wp:attachment":[{"href":"https:\/\/blogs.uni-bremen.de\/NIEO2\/wp-json\/wp\/v2\/media?parent=194"}],"curies":[{"name":"wp","href":"https:\/\/api.w.org\/{rel}","templated":true}]}}