{"id":645,"date":"2018-05-19T11:38:04","date_gmt":"2018-05-19T09:38:04","guid":{"rendered":"https:\/\/blogs.uni-bremen.de\/3wot\/?page_id=645"},"modified":"2018-05-21T18:04:33","modified_gmt":"2018-05-21T16:04:33","slug":"probleme-mit-twitter","status":"publish","type":"page","link":"https:\/\/blogs.uni-bremen.de\/3wot\/probleme-mit-twitter\/","title":{"rendered":"Probleme mit Twitter"},"content":{"rendered":"<h1><b>Falls es einmal Probleme mit Twitter geben sollte\u2026<\/b><\/h1>\n<p>Die Nutzung sozialer Netzwerke wie Twitter kann sowohl zu positiven als auch manchmal zu negativen Erlebnissen f\u00fchren. Gl\u00fccklicherweise sind letztere eher selten, insbesondere wenn Twitter haupts\u00e4chlich zum (beruflichen) Lernen verwendet wird. Einige Dinge rund um das Thema \u201eFalls es Probleme geben sollte\u2026\u201c sprechen wir auch innerhalb der einzelnen Kursaufgaben von #dreiwot an. Hier findest Du dazu aber noch einmal eine kurze Zusammenfassung.<\/p>\n<p>Falls Du Erg\u00e4nzungsvorschl\u00e4ge zu dieser Seite hast, melde Dich gerne.<br \/>\n#dreiwot lebt von den (Lern-)Erfahrungen aller Teilnehmenden und Teilgebenden.<\/p>\n<p><b>Hilfe, ich verstehe die Twitter-Begriffe nicht!<\/b><\/p>\n<p>Die Begrifflichkeiten, die von Twitter mit den Nutzenden im Laufe der Zeit entwickelt wurden, k\u00f6nnen f\u00fcr Neulinge erst einmal abschreckend sein. \u00a0Twitter hat daher ein<a href=\"https:\/\/help.twitter.com\/de\/glossary\"> Glossar<\/a> entwickelt, das Dir dabei hilft, einen Sinn in Begriffe wie \u201eHashtag\u201c oder \u201eTimeline\u201c zu bekommen.<\/p>\n<p><b>Mein Account ist gehackt worden!<\/b><\/p>\n<p>Falls Du bemerkst, dass von Deinem Account aus Tweets mit dubiosem Inhalt oder mit Links, die zu unsicheren Webseiten f\u00fchren, gesendet werden, oder wenn Du von anderen Twitter-Nutzenden darauf aufmerksam gemacht wirst, dass sie von Dir seltsame Direktnachrichten bekommen haben, ist Dein Twitter-Account wahrscheinlich gehackt worden. Das k\u00f6nnte daran liegen, dass Dein Passwort gestohlen wurde, oder dass ein mit Twitter verbundener Internet-Account (beispielsweise Dein E-Mail-Konto), gehackt wurde.<\/p>\n<p><a href=\"https:\/\/help.twitter.com\/de\/safety-and-security\/twitter-account-compromised\">Twitter bietet in diesem Fall einen Leitfaden an<\/a>, der Dir dabei hilft, Deinen Twitter-Account wieder sicher zu machen. Gleichzeitig ist es sinnvoll, Deine Follower auf Twitter dar\u00fcber zu informieren, dass Dein Twitter-Account zwar gehackt wurde, dass Du aber dabei bist, das Problem zu l\u00f6sen. So wissen Deine Follower, dass sie Tweets oder Direktnachrichten mit seltsamem oder dubiosem Inhalt, die von Deinem Account kommen, ignorieren k\u00f6nnen.<\/p>\n<p>Falls Du selber w\u00e4hrend Deiner Twitter-Nutzung auf solche Nachrichten von Dir bekannten Personen sto\u00dfen solltest, w\u00e4re es nett, wenn Du sie schnell dar\u00fcber informierst. So werden diese Personen auf das Problem aufmerksam und k\u00f6nnen direkt Gegenma\u00dfnahmen einleiten.<\/p>\n<p><b>Mir folgen seltsame Leute auf Twitter\u2026<\/b><\/p>\n<p>In der Regel erh\u00e4ltst Du von Twitter per E-Mail automatische Benachrichtigungen \u00fcber neue Follower, au\u00dfer Du stellst diese Benachrichtigung ab. Generell ist es sinnvoll, von Zeit zu Zeit einmal in seinen Mitteilungen nachzuschauen. So bekommst Du einen \u00dcberblick dar\u00fcber, wer Dir folgt (Welches \u201ePublikum\u201c habe ich? M\u00f6chte ich dieser Person auch folgen?), welche eigenen Tweets retweetet wurden (Was ist f\u00fcr andere interessant?), und wo Du vielleicht selber noch auf einen Twitter-Unterhaltung reagieren m\u00f6chtest.<\/p>\n<p>Vielleicht erkennst Du am Namen des Twitter-Accounts nicht direkt, wer Dir folgt. Ein Blick auf das Twitter-Profil und die letzten Tweets in der Timeline des neuen Followers geben aber oft schon einen Hinweis darauf, welcher Kontext Euch verbindet. Allerdings passiert es manchmal auch, dass einem sogenannte SPAM-Accounts folgen, denen es haupts\u00e4chlich darum geht, Deine Aufmerksamkeit zu bekommen oder die Aufmerksamkeit der Leute, die Dir folgen. Falls das passiert,<a href=\"https:\/\/help.twitter.com\/de\/using-twitter\/blocking-and-unblocking-accounts\"> kannst Accounts, die Du nicht als Follower haben m\u00f6chtest, blocken<\/a>.<\/p>\n<p><b>Ich erhalte SPAM-Tweets!<\/b><\/p>\n<p>Zu dem Bereich SPAM geh\u00f6ren Tweets oder Direktnachrichten mit unangemessenem oder dubiosem Inhalt, oder auch Accounts, die nicht zu Deinen (Lern-) Zielen und Interessen passen, sondern nur darauf abzielen, dass Du ihnen folgst. Solche Aktivit\u00e4ten k\u00f6nnen von Accounts kommen, die gehackt worden sind, oder es k\u00f6nnte sich um Aktivit\u00e4ten von maschinell generierten SPAM-Accounts handeln.<\/p>\n<p>Automatische SPAM-Accounts zeigen h\u00e4ufig eine hohe Anzahl von Accounts, denen sie folgen, haben wenige eigene Tweets und besitzen eine geringe Anzahl von Followern. Profile oder Tweets von SPAM-Accounts k\u00f6nnen Links enthalten, die zu Werbeseiten mit unangemessenem oder sogar gef\u00e4hrlichen Inhalt (z.B. Schadsoftware) f\u00fchren. Falls Du bei Deiner Twitter-Nutzung auf SPAM-Tweets oder SPAM-Accounts triffst, kannst Du sie blocken (siehe vorheriger Punkt) oder Du kannst sie bei Twitter melden.<a href=\"https:\/\/help.twitter.com\/de\/safety-and-security\/report-abusive-behavior\"> Twitter hat dazu Richtlinien erstellt, die Dir bei einer solchen Meldung helfen..<\/a><\/p>\n","protected":false},"excerpt":{"rendered":"<p>Falls es einmal Probleme mit Twitter geben sollte\u2026 Die Nutzung sozialer Netzwerke wie Twitter kann sowohl zu positiven als auch manchmal zu negativen Erlebnissen f\u00fchren. Gl\u00fccklicherweise sind letztere eher selten, insbesondere wenn Twitter haupts\u00e4chlich zum (beruflichen) Lernen verwendet wird. Einige Dinge rund um das Thema \u201eFalls es Probleme geben sollte\u2026\u201c sprechen wir auch innerhalb der [&hellip;]<\/p>\n","protected":false},"author":8951,"featured_media":0,"parent":0,"menu_order":0,"comment_status":"closed","ping_status":"closed","template":"","meta":{"_bbp_topic_count":0,"_bbp_reply_count":0,"_bbp_total_topic_count":0,"_bbp_total_reply_count":0,"_bbp_voice_count":0,"_bbp_anonymous_reply_count":0,"_bbp_topic_count_hidden":0,"_bbp_reply_count_hidden":0,"_bbp_forum_subforum_count":0,"footnotes":""},"class_list":["post-645","page","type-page","status-publish","hentry"],"_links":{"self":[{"href":"https:\/\/blogs.uni-bremen.de\/3wot\/wp-json\/wp\/v2\/pages\/645","targetHints":{"allow":["GET"]}}],"collection":[{"href":"https:\/\/blogs.uni-bremen.de\/3wot\/wp-json\/wp\/v2\/pages"}],"about":[{"href":"https:\/\/blogs.uni-bremen.de\/3wot\/wp-json\/wp\/v2\/types\/page"}],"author":[{"embeddable":true,"href":"https:\/\/blogs.uni-bremen.de\/3wot\/wp-json\/wp\/v2\/users\/8951"}],"replies":[{"embeddable":true,"href":"https:\/\/blogs.uni-bremen.de\/3wot\/wp-json\/wp\/v2\/comments?post=645"}],"version-history":[{"count":3,"href":"https:\/\/blogs.uni-bremen.de\/3wot\/wp-json\/wp\/v2\/pages\/645\/revisions"}],"predecessor-version":[{"id":674,"href":"https:\/\/blogs.uni-bremen.de\/3wot\/wp-json\/wp\/v2\/pages\/645\/revisions\/674"}],"wp:attachment":[{"href":"https:\/\/blogs.uni-bremen.de\/3wot\/wp-json\/wp\/v2\/media?parent=645"}],"curies":[{"name":"wp","href":"https:\/\/api.w.org\/{rel}","templated":true}]}}